000
CXUS54 KSJT 011542 CCA
CLMSJT

CLIMATE REPORT...CORRECTED
NATIONAL WEATHER SERVICE SAN ANGELO TX
1042 AM CDT WED OCT 1 2014

...................................

...THE SAN ANGELO CLIMATE SUMMARY FOR THE MONTH OF SEPTEMBER 2014...

CLIMATE NORMAL PERIOD 1981 TO 2010
CLIMATE RECORD PERIOD 1907 TO 2014

WEATHER         OBSERVED          NORMAL  DEPART  LAST YEAR`S
                 VALUE   DATE(S)  VALUE   FROM    VALUE  DATE(S)
                                          NORMAL
................................................................
TEMPERATURE (F)
RECORD
 HIGH             107   09/25/2005
 LOW               35   09/23/1913
HIGHEST           102   09/10                        100  09/01
LOWEST             53   09/13                         53  09/30
                                                          09/23
AVG. MAXIMUM     88.5              87.8     0.7     89.8
AVG. MINIMUM     66.8              63.5     3.3     65.6
MEAN             77.7              75.6     2.1     77.7
DAYS MAX >= 90     12              12.2    -0.2       19
DAYS MAX <= 32      0               0.0     0.0        0
DAYS MIN <= 32      0               0.0     0.0        0
DAYS MIN <= 0       0               0.0     0.0        0

PRECIPITATION (INCHES)
RECORD
 MAXIMUM        27.65   1936
 MINIMUM         0.00   1947
TOTALS           0.89              2.46   -1.57     4.62
DAILY AVG.       0.03              0.08   -0.05     0.15
DAYS >= .01         9               4.8     4.2        7
DAYS >= .10         2               3.2    -1.2        4
DAYS >= .50         1               1.7    -0.7        3
DAYS >= 1.00        0               0.9    -0.9        2
GREATEST
 24 HR. TOTAL    0.67   09/18 TO 09/19



SNOWFALL (INCHES)
RECORDS
 TOTAL            0.0   2013
                        2012
                        2011
TOTALS            0.0               0.0     0.0      0.0
SINCE 7/1         0.0               0.0     0.0      0.0
SNOWDEPTH AVG.      0                MM      MM        0
DAYS >= 1.0         0               0.0     0.0        0
GREATEST
 SNOW DEPTH         0   MM                             0  MM

DEGREE_DAYS
HEATING TOTAL       5                 9      -4        0
 SINCE 7/1          5                 9      -4        0
COOLING TOTAL     394               329      65      388
 SINCE 1/1       2652              2365     287     2714
.................................................

WIND (MPH)
AVERAGE WIND SPEED              7.7
HIGHEST WIND SPEED/DIRECTION    30/170    DATE  09/03
HIGHEST GUST SPEED/DIRECTION    41/170    DATE  09/03

SKY COVER
AVERAGE SKY COVER           0.40

AVERAGE RH (PERCENT)     66

WEATHER CONDITIONS. NUMBER OF DAYS WITH
THUNDERSTORM              4     MIXED PRECIP               0
HEAVY RAIN                1     RAIN                       1
LIGHT RAIN               14     FREEZING RAIN              0
LT FREEZING RAIN          0     HAIL                       0
HEAVY SNOW                0     SNOW                       0
LIGHT SNOW                0     SLEET                      0
FOG                       4     FOG W/VIS <= 1/4 MILE      0
HAZE                      0

-  INDICATES NEGATIVE NUMBERS.
R  INDICATES RECORD WAS SET OR TIED.
MM INDICATES DATA IS MISSING.
T  INDICATES TRACE AMOUNT.

$$
