089
CXCA52 TJSJ 021839
CLMSJU


CLIMATE REPORT
NATIONAL WEATHER SERVICE SAN JUAN, PR
238 PM AST SAT JUL 2 2016

...................................

...THE SAN JUAN AREA/PR CLIMATE SUMMARY FOR THE MONTH OF JUNE 2016...

CLIMATE NORMAL PERIOD 1981 TO 2010
CLIMATE RECORD PERIOD 1898 TO 2016

WEATHER         OBSERVED          NORMAL  DEPART  LAST YEAR`S
                 VALUE   DATE(S)  VALUE   FROM    VALUE  DATE(S)
                                          NORMAL
................................................................
TEMPERATURE (F)
RECORD
 HIGH              97   06/05/1988
                        06/23/1983
                        06/22/1983
 LOW               66   06/19/1909
HIGHEST            93   06/14        93       0       94  06/05
                        06/13
                        06/12
LOWEST             75   06/22        73       2       76  06/22
                                                          06/12
                                                          06/11
AVG. MAXIMUM     89.6              88.9     0.7     89.8
AVG. MINIMUM     78.0              77.7     0.3     78.0
MEAN             83.8              83.3     0.5     83.9
DAYS MAX >= 90     17               8.3     8.7       17
DAYS MAX <= 32      0               0.0     0.0        0
DAYS MIN <= 32      0               0.0     0.0        0
DAYS MIN <= 0       0               0.0     0.0        0

PRECIPITATION (INCHES)
RECORD
 MAXIMUM        13.60   2011
 MINIMUM         0.16   2012
TOTALS           2.74              4.41   -1.67     2.11
DAILY AVG.       0.09              0.15   -0.06     0.07
DAYS >= .01        14              14.4    -0.4       15
DAYS >= .10         9               8.0     1.0        6
DAYS >= .50         1               2.9    -1.9        1
DAYS >= 1.00        0               1.1    -1.1        0
GREATEST
 24 HR. TOTAL    0.94   05/31 TO 06/01

SNOWFALL (INCHES)
TOTALS            0.0               0.0     0.0      0.0

DEGREE_DAYS
HEATING TOTAL       0                 0       0        0
COOLING TOTAL     572               549      23      574
.................................................................

WIND (MPH)
AVERAGE WIND SPEED              8.6
HIGHEST WIND SPEED/DIRECTION    25/070    DATE  06/30
HIGHEST GUST SPEED/DIRECTION    31/110    DATE  06/29

SKY COVER
AVERAGE SKY COVER           0.40

AVERAGE RH (PERCENT)     77

WEATHER CONDITIONS. NUMBER OF DAYS WITH
THUNDERSTORM              0     MIXED PRECIP               0
HEAVY RAIN                1     RAIN                       2
LIGHT RAIN               13     FREEZING RAIN              0
LT FREEZING RAIN          0     HAIL                       0
HEAVY SNOW                0     SNOW                       0
LIGHT SNOW                0     SLEET                      0
FOG                      10     FOG W/VIS <= 1/4 MILE      0
HAZE                      1

-  INDICATES NEGATIVE NUMBERS.
R  INDICATES RECORD WAS SET OR TIED.
MM INDICATES DATA IS MISSING.
T  INDICATES TRACE AMOUNT.

$$
