000
CXUS45 KSLC 022339
CLMSLC

SLCCLMSLC 000
TTAA00 KSLC 022334

CLIMATE REPORT
NATIONAL WEATHER SERVICE SALT LAKE CITY UT
533 PM MDT SUN APR 2 2017

...................................

...THE SALT LAKE CITY UT CLIMATE SUMMARY FOR THE MONTH OF MARCH 2017...

CLIMATE NORMAL PERIOD 1981 TO 2010
CLIMATE RECORD PERIOD 1874 TO 2017

WEATHER         OBSERVED          NORMAL  DEPART  LAST YEAR`S
                 VALUE   DATE(S)  VALUE   FROM    VALUE  DATE(S)
                                          NORMAL
................................................................
TEMPERATURE (F)
RECORD
 HIGH              80   03/31/2012
 LOW                0   03/01/1890
HIGHEST            79   03/18                         70  03/20
LOWEST             27   03/06                         31  03/19
                                                          03/18
                                                          03/16
AVG. MAXIMUM     60.6              53.7     6.9     56.9
AVG. MINIMUM     39.7              33.6     6.1     37.4
MEAN             50.1              43.6     6.5     47.1
DAYS MAX >= 90      0               0.0     0.0        0
DAYS MAX <= 32      0               0.2    -0.2        0
DAYS MIN <= 32      6              11.8    -5.8        5
DAYS MIN <= 0       0               0.0     0.0        0

PRECIPITATION (INCHES)
TOTALS           3.51              1.79    1.72     2.22
DAYS >= .01         6               9.9    -3.9        9
DAYS >= .10         6               5.6     0.4        5
DAYS >= .50         2               0.7     1.3        2
DAYS >= 1.00        1               0.0     1.0        0

SNOWFALL (INCHES)
TOTALS            3.6               6.5    -2.9      2.7
SINCE 7/1        50.3              51.9             34.3

DEGREE_DAYS
HEATING TOTAL     456               662    -206      546
 SINCE 7/1       4209              4918    -709     4391
COOLING TOTAL       2                 0       2        0
 SINCE 1/1          2                 0       2        0
.................................................................

WIND (MPH)
AVERAGE WIND SPEED              9.0
HIGHEST WIND SPEED/DIRECTION    45/180    DATE  03/05
HIGHEST GUST SPEED/DIRECTION    57/190    DATE  03/05


WEATHER CONDITIONS. NUMBER OF DAYS WITH
THUNDERSTORM              1     RAIN                       5
HAIL                      0     SNOW                       2
FOG                       8     FOG W/VIS <= 1/4 MILE      0
HAZE                      2

-  INDICATES NEGATIVE NUMBERS.
R  INDICATES RECORD WAS SET OR TIED.
MM INDICATES DATA IS MISSING.
T  INDICATES TRACE AMOUNT.

$$
