000
CXUS56 KPQR 011730
CLMSLE


CLIMATE REPORT
NATIONAL WEATHER SERVICE PORTLAND OREGON
1030 AM PDT TUE JUL 1 2014

...................................

...THE SALEM OR CLIMATE SUMMARY FOR THE MONTH OF JUNE 2014...

CLIMATE NORMAL PERIOD 1981 TO 2010
CLIMATE RECORD PERIOD 1892 TO 2014

WEATHER         OBSERVED          NORMAL  DEPART  LAST YEAR`S
                 VALUE   DATE(S)  VALUE   FROM    VALUE  DATE(S)
                                          NORMAL
................................................................
TEMPERATURE (F)
HIGHEST            87                                 96  06/30
LOWEST             43                                 42  06/14
AVG. MAXIMUM     75.0              73.9     1.1     76.3
AVG. MINIMUM     51.3              49.3     2.0     51.6
MEAN             63.2              61.6     1.6     63.9
DAYS MAX >= 90      0               1.5    -1.5        3
DAYS MAX <= 32      0               0.0     0.0        0
DAYS MIN <= 32      0               0.0     0.0        0
DAYS MIN <= 0       0               0.0     0.0        0

PRECIPITATION (INCHES)
RECORD
 MAXIMUM         4.61   1937
 MINIMUM         0.00   1918
TOTALS           0.64              1.55   -0.91     1.02
DAYS >= .01         6               8.4    -2.4        8
DAYS >= .10         2               4.1    -2.1        5
DAYS >= .50         0               0.8    -0.8        0
DAYS >= 1.00        0               0.2    -0.2        0
GREATEST
 24 HR. TOTAL    0.32   06/26 TO 06/27

DEGREE_DAYS
HEATING TOTAL      66               130     -64       79
 SINCE 7/1       4359              4653    -294     4279
COOLING TOTAL      19                28      -9       53
 SINCE 1/1         35                37      -2       63
.................................................................

WIND (MPH)
AVERAGE WIND SPEED              6.5
RESULTANT WIND SPEED/DIRECTION   2/318
HIGHEST WIND SPEED/DIRECTION    22/240    DATE  06/12
HIGHEST GUST SPEED/DIRECTION    30/240    DATE  06/12

SKY COVER
POSSIBLE SUNSHINE (PERCENT)   MM
AVERAGE SKY COVER           0.40
NUMBER OF DAYS FAIR           14
NUMBER OF DAYS PC             10
NUMBER OF DAYS CLOUDY          6

AVERAGE RH (PERCENT)     64

WEATHER CONDITIONS. NUMBER OF DAYS WITH
THUNDERSTORM              0     MIXED PRECIP               0
HEAVY RAIN                0     RAIN                       2
LIGHT RAIN                9     FREEZING RAIN              0
LT FREEZING RAIN          0     HAIL                       0
HEAVY SNOW                0     SNOW                       0
LIGHT SNOW                0     SLEET                      0
FOG                       4     FOG W/VIS <= 1/4 MILE      0
HAZE                      0

-  INDICATES NEGATIVE NUMBERS.
R  INDICATES RECORD WAS SET OR TIED.
MM INDICATES DATA IS MISSING.
T  INDICATES TRACE AMOUNT.

$$
