479
CXUS52 KTAE 011450 CCA
CLMTLH

CLIMATE REPORT
NATIONAL WEATHER SERVICE TALLAHASSEE FL
947 AM EST MON FEB 1 2016

...................................

...THE TALLAHASSEE CLIMATE SUMMARY FOR THE MONTH OF JANUARY 2016...

CLIMATE NORMAL PERIOD 1981 TO 2010
CLIMATE RECORD PERIOD 1896 TO 2016

WEATHER         OBSERVED          NORMAL  DEPART  LAST YEAR`S
                 VALUE   DATE(S)  VALUE   FROM    VALUE  DATE(S)
                                          NORMAL
................................................................
TEMPERATURE (F)
RECORD
 HIGH              83   01/30/1957
                        01/15/1957
                        01/14/1932
 LOW                6   01/21/1985
HIGHEST            77   01/27                         76  01/21
LOWEST             26   01/24                         24  01/08
                        01/20
AVG. MAXIMUM     62.9              63.5    -0.6     64.9
AVG. MINIMUM     40.2              39.0     1.2     40.7
MEAN             51.5              51.2     0.3     52.8
DAYS MAX >= 90      0               0.0     0.0        0
DAYS MAX <= 32      0               0.0     0.0        0
DAYS MIN <= 32      7               9.8    -2.8        7
DAYS MIN <= 0       0               0.0     0.0        0

PRECIPITATION (INCHES)
RECORD
 MAXIMUM        18.94   1991
 MINIMUM         0.21   1957
TOTALS           4.25              4.34   -0.09     4.76
DAILY AVG.       0.14              0.14    0.00     0.16
DAYS >= .01        10               8.9     1.1        4
DAYS >= .10         6               6.1    -0.1        3
DAYS >= .50         4               2.8     1.2        2
DAYS >= 1.00        1               1.2    -0.2        2
GREATEST
 24 HR. TOTAL    1.09   01/21 TO 01/22

SNOWFALL (INCHES)
RECORDS
 TOTAL              T   2014
                        1996
TOTALS            0.0
SINCE 7/1         0.0               0.1    -0.1      0.0
SNOWDEPTH AVG.      0
DAYS >= 1.0         0               0.0     0.0        0
GREATEST
 SNOW DEPTH         0
 24 HR TOTAL      0.0

DEGREE_DAYS
HEATING TOTAL     408               431     -23      367
 SINCE 7/1        552              1046    -494      968
COOLING TOTAL       0                 5      -5        7
 SINCE 1/1          0                 0       0        7
.................................................................

WIND (MPH)
AVERAGE WIND SPEED              6.4
HIGHEST WIND SPEED/DIRECTION    29/240    DATE  01/22
HIGHEST GUST SPEED/DIRECTION    37/290    DATE  01/23

SKY COVER
AVERAGE SKY COVER           0.50

AVERAGE RH (PERCENT)     67

WEATHER CONDITIONS. NUMBER OF DAYS WITH
THUNDERSTORM              2     MIXED PRECIP               0
HEAVY RAIN                4     RAIN                       7
LIGHT RAIN               11     FREEZING RAIN              0
LT FREEZING RAIN          0     HAIL                       0
HEAVY SNOW                0     SNOW                       0
LIGHT SNOW                0     SLEET                      0
FOG                      13     FOG W/VIS <= 1/4 MILE      2
HAZE                      2

-  INDICATES NEGATIVE NUMBERS.
R  INDICATES RECORD WAS SET OR TIED.
MM INDICATES DATA IS MISSING.
T  INDICATES TRACE AMOUNT.

$$
