000
CXUS51 KCLE 070231
CLMTOL


CLIMATE REPORT
NATIONAL WEATHER SERVICE CLEVELAND OH
912 PM EST SAT DEC 6 2014

...................................

...THE TOLEDO OH CLIMATE SUMMARY FOR THE MONTH OF NOVEMBER 2014...

CLIMATE NORMAL PERIOD 1981 TO 2010
CLIMATE RECORD PERIOD 1873 TO 2014

WEATHER         OBSERVED          NORMAL  DEPART  LAST YEAR`S
                 VALUE   DATE(S)  VALUE   FROM    VALUE
                                          NORMAL
.............................................................
TEMPERATURE (F)
RECORD
 HIGH              80   11/04/2003
                        11/01/1950
 LOW                2   11/30/1958
HIGHEST            64   11/11
LOWEST              9   11/18
AVG. MAXIMUM     42.8              49.7    -6.9     45.2
AVG. MINIMUM     27.5              33.2    -5.7     30.3
MEAN             35.1              41.4    -6.3     37.7
DAYS MAX >= 90      0               0.0     0.0        0
DAYS MAX <= 32      6               1.1     4.9        4
DAYS MIN <= 32     19              14.7     4.3       18
DAYS MIN <= 0       0               0.0     0.0        0

PRECIPITATION (INCHES)
RECORD
 MAXIMUM         7.15   2011
 MINIMUM         0.04   1904
TOTALS           1.83              2.86   -1.03     1.36
DAYS >= .01        12              11.4     0.6        8
DAYS >= .10         5               6.2    -1.2        4
DAYS >= .50         1               1.8    -0.8        0
DAYS >= 1.00        0               0.6    -0.6        0
GREATEST
 24 HR. TOTAL    0.90   11/23 TO 11/24              1.00

SNOWFALL (INCHES)
RECORDS
 TOTAL           17.9   1966


TOTALS            2.8               1.9     0.9      0.5
SINCE 7/1         2.8               2.1     0.7      0.5
DAYS >= 1.0         1               0.7     0.3        0
GREATEST
 24 HR TOTAL      1.7

DEGREE_DAYS
HEATING TOTAL     887               707     180      811
 SINCE 7/1       1438              1233     205     1348
COOLING TOTAL       0                 0       0        0
 SINCE 1/1        654               793    -139      793
..............................................................

WIND (MPH)
AVERAGE WIND SPEED              10.2
HIGHEST WIND SPEED/DIRECTION    40/240    DATE  11/24
HIGHEST GUST SPEED/DIRECTION    59/230    DATE  11/24

SKY COVER
AVERAGE SKY COVER           0.70

AVERAGE RH (PERCENT)     70

WEATHER CONDITIONS. NUMBER OF DAYS WITH
THUNDERSTORM              0     MIXED PRECIP               0
HEAVY RAIN                0     RAIN                       3
LIGHT RAIN                9     FREEZING RAIN              1
LT FREEZING RAIN          1     HAIL                       0
HEAVY SNOW                0     SNOW                       2
LIGHT SNOW               11     SLEET                      0
FOG                      15     FOG W/VIS <= 1/4 MILE      1
HAZE                     10

-  INDICATES NEGATIVE NUMBERS.
R  INDICATES RECORD WAS SET OR TIED.
MM INDICATES DATA IS MISSING.
T  INDICATES TRACE AMOUNT.
CORRECTED SNOW DATA
$$
