000
CXUS55 KCYS 012041 CCA
CLMTOR


CLIMATE REPORT...CORRECTED
NATIONAL WEATHER SERVICE CHEYENNE WY
141 PM MST THU FEB 1 2018

...................................

...THE TORRINGTON WY AIRPORT CLIMATE SUMMARY FOR THE MONTH OF JANUARY 2018...

CLIMATE NORMAL PERIOD 1981 TO 2010
CLIMATE RECORD PERIOD 1998 TO 2018

WEATHER         OBSERVED          NORMAL  DEPART  LAST YEAR`S
                 VALUE   DATE(S)  VALUE   FROM    VALUE
                                          NORMAL
.............................................................
TEMPERATURE (F)
RECORD
 HIGH              75   01/27/2015
 LOW              -25   01/05/2004
HIGHEST            60   01/18        MM      MM       58
LOWEST            -12   01/02        MM      MM      -20
AVG. MAXIMUM     39.0              41.9    -2.9     37.9
AVG. MINIMUM     14.5              14.6    -0.1     13.1
MEAN             26.7              28.3    -1.6     25.5
DAYS MAX >= 90      0               0.0                0
DAYS MAX <= 32      8               5.1               10
DAYS MIN <= 32     31              29.7               30
DAYS MIN <= 0       4               3.5                3

PRECIPITATION (INCHES)
RECORD
 MAXIMUM         0.52   2017
 MINIMUM         0.01   2010
TOTALS           0.07              0.26   -0.19     0.52
DAYS >= .01         2                MM      MM        5
DAYS >= .10         0                MM      MM        1
DAYS >= .50         0                MM      MM        0
DAYS >= 1.00        0                MM      MM        0
GREATEST
 24 HR. TOTAL    0.05   01/10 TO 01/10

DEGREE_DAYS
HEATING TOTAL    1179              1139      40     1217
 SINCE 7/1       3768              3895    -127     3646
COOLING TOTAL       0                 0       0        0
 SINCE 1/1          0                 0       0        0
..............................................................

WIND (MPH)
AVERAGE WIND SPEED              8.0
HIGHEST WIND SPEED/DIRECTION    39/330    DATE  01/10
HIGHEST GUST SPEED/DIRECTION    48/360    DATE  01/10

SKY COVER
POSSIBLE SUNSHINE (PERCENT)    0
AVERAGE SKY COVER           0.30
NUMBER OF DAYS FAIR           21
NUMBER OF DAYS PC              6
NUMBER OF DAYS CLOUDY          4

AVERAGE RH (PERCENT)     70

WEATHER CONDITIONS. NUMBER OF DAYS WITH
THUNDERSTORMS  0MIXED PRECIP0
HEAVY RAIN  0RAIN1
LIGHT RAIN  1FREEZING RAIN0
LT FREEZING RAIN  0HAIL0
HEAVY SNOW  0SNOW1
LIGHT SNOW  8SLEET0
FOG  11 FOG W/VIS <= 1/4 MILE1
HAZE      1


-  INDICATES NEGATIVE NUMBERS.
R  INDICATES RECORD WAS SET OR TIED.
MM INDICATES DATA IS MISSING.
T  INDICATES TRACE AMOUNT.

$$
