000
CXUS52 KTBW 011215
CLMTPA


CLIMATE REPORT
NATIONAL WEATHER SERVICE TAMPA BAY FL
815 AM EDT WED JUL 1 2015

...................................

...THE TAMPA CLIMATE SUMMARY FOR THE MONTH OF JUNE 2015...

CLIMATE NORMAL PERIOD 1981 TO 2010
CLIMATE RECORD PERIOD 1890 TO 2015

WEATHER         OBSERVED          NORMAL  DEPART  LAST YEAR`S
                 VALUE   DATE(S)  VALUE   FROM    VALUE  DATE(S)
                                          NORMAL
................................................................
TEMPERATURE (F)
ALL-TIME JUNE RECORD
 HIGH              99   06/05/1985
 LOW               53   06/01/1984

JUNE 2015
HIGHEST            95   06/15        MM      MM       96  06/30
                                                          06/29
LOWEST             70   06/03        MM      MM       72  06/19
                                                          06/14
                                                          06/13
AVG. MAXIMUM     90.2              89.6     0.6     89.7
AVG. MINIMUM     75.5              74.8     0.7     75.0
MEAN             82.8              82.2     0.6     82.3
DAYS MAX >= 90     19              14.4     4.6       11
DAYS MAX <= 32      0               0.0     0.0        0
DAYS MIN <= 32      0               0.0     0.0        0
DAYS MIN <= 0       0               0.0     0.0        0

PRECIPITATION (INCHES)
ALL-TIME JUNE RECORD
 MAXIMUM        18.66   2012
 MINIMUM         1.26   1918

JUNE 2015
TOTALS           6.23              6.68   -0.45     1.77
DAILY AVG.       0.21              0.22   -0.01     0.06
DAYS >= .01        18              12.7     5.3       11
DAYS >= .10        12               9.2     2.8        5
DAYS >= .50         3               4.2    -1.2        1
DAYS >= 1.00        1               2.2    -1.2        0
GREATEST
 24 HR. TOTAL    2.56   06/09 TO 06/10

DEGREE_DAYS
HEATING TOTAL       0                 0       0        0
 SINCE 7/1        467               538     -71      444
COOLING TOTAL     543               516      27      526
 SINCE 1/1       1764              1393     371     1349
.................................................................

WIND (MPH)
AVERAGE WIND SPEED              5.8
HIGHEST WIND SPEED/DIRECTION    26/310    DATE  06/29
HIGHEST GUST SPEED/DIRECTION    35/300    DATE  06/29

SKY COVER
POSSIBLE SUNSHINE (PERCENT)   MM
AVERAGE SKY COVER           0.60
NUMBER OF DAYS FAIR            5
NUMBER OF DAYS PC             20
NUMBER OF DAYS CLOUDY          5

AVERAGE RH (PERCENT)     69

WEATHER CONDITIONS. NUMBER OF DAYS WITH
THUNDERSTORM             16     MIXED PRECIP               0
HEAVY RAIN                5     RAIN                       8
LIGHT RAIN               22     FREEZING RAIN              0
LT FREEZING RAIN          0     HAIL                       0
HEAVY SNOW                0     SNOW                       0
LIGHT SNOW                0     SLEET                      0
FOG                      11     FOG W/VIS <= 1/4 MILE      0
HAZE                      7
.................................................................

REMARKS
THE JUNE 2015 MONTHLY AVERAGE TEMPERATURE OF 82.8 DEGREES RANKS
AS THE 11TH WARMEST JUNE SINCE RECORDS BEGAN IN 1890. THE WARMEST
JUNE HAD AN AVERAGE TEMPERATURE OF 85.6 DEGREES WHICH OCCURRED
IN 1998.


-  INDICATES NEGATIVE NUMBERS.
R  INDICATES RECORD WAS SET OR TIED.
MM INDICATES DATA IS MISSING.
T  INDICATES TRACE AMOUNT.

$$
