000
CXUS55 KLKN 011020
CLMTPH


CLIMATE REPORT
NATIONAL WEATHER SERVICE ELKO NV
312 AM PDT WED NOV 1  2017

...................................

...THE TONOPAH AIRPORT NV CLIMATE SUMMARY FOR THE MONTH OF OCTOBER 2017...

CLIMATE NORMAL PERIOD 1981 TO 2010
CLIMATE RECORD PERIOD 1954 TO 2017

WEATHER         OBSERVED          NORMAL  DEPART  LAST YEAR`S
                 VALUE   DATE(S)  VALUE   FROM    VALUE  DATE(S)
                                          NORMAL
................................................................
TEMPERATURE (F)
RECORD
 HIGH              89   10/08/1996
                        10/04/1980
 LOW               13   10/10/2000
                        10/18/1984
                        10/30/1971
HIGHEST            80   10/07        81      -1       78  10/01
LOWEST             26   10/21        25       1       32  10/06
                                                          10/05
AVG. MAXIMUM     70.5              68.1     2.4     69.5
AVG. MINIMUM     36.3              37.5    -1.2     40.0
MEAN             53.4              52.8     0.6     54.7
DAYS MAX >= 90      0               0.0     0.0        0
DAYS MAX <= 32      0               0.0     0.0        0
DAYS MIN <= 32      7               5.4     1.6        2
DAYS MIN <= 0       0               0.0     0.0        0

PRECIPITATION (INCHES)
RECORD
 MAXIMUM         2.96   2015
 MINIMUM         0.00   2017
                        2014
                        1999
TOTALS           0.00R             0.34   -0.34        T
DAILY AVG.       0.00              0.01   -0.01        T
DAYS >= .01         0               2.2    -2.2        0
DAYS >= .10         0               1.1    -1.1        0
DAYS >= .50         0               0.1    -0.1        0
DAYS >= 1.00        0               0.0     0.0        0
GREATEST
 24 HR. TOTAL    0.00   10/31 TO 10/31                 T

DEGREE_DAYS
HEATING TOTAL     350               381     -31      312
 SINCE 7/1        482               472      10      381
COOLING TOTAL       0                 2      -2        0
 SINCE 1/1       1222               783     439     1022
.................................................................

WIND (MPH)
AVERAGE WIND SPEED              9.7
HIGHEST WIND SPEED/DIRECTION    37/340    DATE  10/20
HIGHEST GUST SPEED/DIRECTION    49/340    DATE  10/20

AVERAGE RH (PERCENT)     33

WEATHER CONDITIONS. NUMBER OF DAYS WITH
THUNDERSTORM              0     MIXED PRECIP               0
HEAVY RAIN                0     RAIN                       0
LIGHT RAIN                0     FREEZING RAIN              0
LT FREEZING RAIN          0     HAIL                       0
HEAVY SNOW                0     SNOW                       0
LIGHT SNOW                0     SLEET                      0
FOG                       0     FOG W/VIS <= 1/4 MILE      0
HAZE                      2

-  INDICATES NEGATIVE NUMBERS.
R  INDICATES RECORD WAS SET OR TIED.
MM INDICATES DATA IS MISSING.
T  INDICATES TRACE AMOUNT.

&&

=====================================================================

...TIED DRIEST OCTOBER ON RECORD IN TONOPAH...

A RECORD DAILY MINIMUM TEMP OF 32 WAS TIED ON THE 3RD...
$$

DS
