000
CXUS56 KSGX 012015
CLMTRM


CLIMATE REPORT
NATIONAL WEATHER SERVICE SAN DIEGO, CA
1214 PM PST FRI DEC 1 2017

...................................

...THE THERMAL AIRPORT CA CLIMATE SUMMARY FOR THE MONTH OF NOVEMBER 2017...

CLIMATE NORMAL PERIOD 1981 TO 2010
CLIMATE RECORD PERIOD 1950 TO 2017

WEATHER         OBSERVED          NORMAL  DEPART  LAST YEAR`S
                 VALUE   DATE(S)  VALUE   FROM    VALUE  DATE(S)
                                          NORMAL
................................................................
TEMPERATURE (F)
RECORD
 HIGH              98   11/02/1997
                        11/01/1997
 LOW               20   11/26/2010
HIGHEST            92   11/22        78      14       95  11/08
LOWEST             37   11/19        44      -7       32  11/26
                                                          11/25
AVG. MAXIMUM     82.9              78.9     4.0     81.6
AVG. MINIMUM     50.0              42.9     7.1     46.2
MEAN             66.4              60.9     5.5     63.9
DAYS MAX >= 90      2               2.2    -0.2        7
DAYS MAX <= 32      0               0.0     0.0        0
DAYS MAX >= 100     0                                  0
DAYS MAX >= 110     0                                  0
DAYS MIN <= 32      0               2.2    -2.2        2

PRECIPITATION (INCHES)
RECORD
 MAXIMUM         1.68   1965
 MINIMUM         0.00   2015
                        2006
                        2005
TOTALS           0.00R             0.23   -0.23     0.01
DAILY AVG.       0.00              0.01   -0.01     0.00
DAYS >= .01         0               1.2    -1.2        1
DAYS >= .10         0               0.5    -0.5        0
DAYS >= .50         0               0.1    -0.1        0
DAYS >= 1.00        0               0.0     0.0        0
DAYS >= 1.50        0                                  0
DAYS >= 2.00        0                                  0
GREATEST
 24 HR. TOTAL    0.00   11/30 TO 11/30           11/21 TO 11/21
                                                          11/30 TO 11/30
                                                          11/30 TO 11/30
 STORM TOTAL       MM                                 MM
 (MM/DD(HH))            MM                    11/21(00) TO 11/21(00)
                                                 11/30(00) TO 11/30(00)0
                                                 11/30(00) TO 11/30(00)0

DEGREE_DAYS
HEATING TOTAL      17               156    -139      118
 SINCE 7/1         17               167    -150      118
COOLING TOTAL      67                33      34       94
 SINCE 1/1       4466              3686     780     4334

FREEZE DATES
RECORD
 EARLIEST     10/30/1971
 LATEST       04/10/1999
EARLIEST      11/25             12/02
LATEST                          02/06
.................................................

WIND (MPH)
AVERAGE WIND SPEED              4.0
RESULTANT WIND SPEED/DIRECTION   2/342
HIGHEST WIND SPEED/DIRECTION    26/340    DATE  11/27
HIGHEST GUST SPEED/DIRECTION    35/340    DATE  11/27

SKY COVER
POSSIBLE SUNSHINE (PERCENT)   MM
AVERAGE SKY COVER           0.00
NUMBER OF DAYS FAIR           30
NUMBER OF DAYS PC              0
NUMBER OF DAYS CLOUDY          0

AVERAGE RH (PERCENT)     47

WEATHER CONDITIONS. NUMBER OF DAYS WITH
THUNDERSTORM              0     MIXED PRECIP               0
HEAVY RAIN                0     RAIN                       0
LIGHT RAIN                0     FREEZING RAIN              0
LT FREEZING RAIN          0     HAIL                       0
HEAVY SNOW                0     SNOW                       0
LIGHT SNOW                0     SLEET                      0
FOG                       0     FOG W/VIS <= 1/4 MILE      0
HAZE                      6

-  INDICATES NEGATIVE NUMBERS.
R  INDICATES RECORD WAS SET OR TIED.
MM INDICATES DATA IS MISSING.
T  INDICATES TRACE AMOUNT.

$$
