000
CXUS54 KMEG 031510
CLMTUP


CLIMATE REPORT
NATIONAL WEATHER SERVICE MEMPHIS TN
1007 AM CDT SUN APR 3 2016

...................................

...THE TUPELO CLIMATE SUMMARY FOR THE MONTH OF MARCH 2016...

CLIMATE NORMAL PERIOD 1981 TO 2010
CLIMATE RECORD PERIOD 1930 TO 2016

WEATHER         OBSERVED          NORMAL  DEPART  LAST YEAR`S
                 VALUE   DATE(S)  VALUE   FROM    VALUE  DATE(S)
                                          NORMAL
................................................................
TEMPERATURE (F)
RECORD
 HIGH              89   03/15/2016
 LOW                7   03/03/1980
HIGHEST            89R  03/15        64      25       82  03/17
LOWEST             32   03/02        43     -11       18  03/06
AVG. MAXIMUM     69.8              65.5     4.3     64.2
AVG. MINIMUM     46.7              42.5     4.2     44.0
MEAN             58.3              54.0     4.3     54.1
DAYS MAX >= 90      0               0.0     0.0        0
DAYS MAX <= 32      0               0.0     0.0        0
DAYS MIN <= 32      1               4.0    -3.0        5
DAYS MIN <= 0       0               0.0     0.0        0

PRECIPITATION (INCHES)
RECORD
 MAXIMUM        17.20   1980
 MINIMUM         1.80   1966
TOTALS           7.89              4.82    3.07     6.42
DAILY AVG.       0.25              0.16    0.09     0.21
DAYS >= .01        12              10.1     1.9       21
DAYS >= .10        10               6.9     3.1       14
DAYS >= .50         5               3.3     1.7        4
DAYS >= 1.00        2               1.5     0.5        0
GREATEST
 24 HR. TOTAL    3.33   03/30 TO 03/31

SNOWFALL (INCHES)
RECORDS
 TOTAL            6.0   1968
TOTALS            0.0               0.3    -0.3      0.1
SINCE 7/1           T               2.1    -2.1      7.4
SNOWDEPTH AVG.      0                MM      MM        0
DAYS >= 1.0         0               0.1    -0.1        0
GREATEST
 SNOW DEPTH         0   MM                            -1  03/05
 24 HR TOTAL      0.0   03/31 TO 03/31

DEGREE_DAYS
HEATING TOTAL     230               355    -125      333
 SINCE 7/1       2167              2786    -619     3051
COOLING TOTAL      29                14      15        3
 SINCE 1/1         29                16      13        3
.................................................................

WIND (MPH)
AVERAGE WIND SPEED              8.2
HIGHEST WIND SPEED/DIRECTION    31/140    DATE  03/30
HIGHEST GUST SPEED/DIRECTION    40/150    DATE  03/30

SKY COVER
POSSIBLE SUNSHINE (PERCENT)   MM
AVERAGE SKY COVER           0.40
NUMBER OF DAYS FAIR           14
NUMBER OF DAYS PC             12
NUMBER OF DAYS CLOUDY          5

AVERAGE RH (PERCENT)     64

WEATHER CONDITIONS. NUMBER OF DAYS WITH
THUNDERSTORM              0     MIXED PRECIP               0
HEAVY RAIN                5     RAIN                       9
LIGHT RAIN               12     FREEZING RAIN              0
LT FREEZING RAIN          0     HAIL                       0
HEAVY SNOW                0     SNOW                       0
LIGHT SNOW                0     SLEET                      0
FOG                      12     FOG W/VIS <= 1/4 MILE      1
HAZE                      0

-  INDICATES NEGATIVE NUMBERS.
R  INDICATES RECORD WAS SET OR TIED.
MM INDICATES DATA IS MISSING.
T  INDICATES TRACE AMOUNT.

$$
