000
CXUS55 KTWC 030233
CLMTUS

CLIMATE REPORT
NATIONAL WEATHER SERVICE TUCSON AZ
731 PM MST SAT DEC 2 2017

...................................

...THE TUCSON AZ CLIMATE SUMMARY FOR THE MONTH OF NOVEMBER 2017...

CLIMATE NORMAL PERIOD 1981 TO 2010
CLIMATE RECORD PERIOD 1895 TO 2017

WEATHER         OBSERVED          NORMAL  DEPART  LAST YEAR`S
                 VALUE   DATE(S)  VALUE   FROM    VALUE  DATE(S)
                                          NORMAL
................................................................
TEMPERATURE (F)
RECORD
 HIGH              94   11/01/1924
 LOW               19   11/19/1921
HIGHEST            92   11/27        85       7       89  11/15
                        11/26
LOWEST             48   11/21        32      16       29  11/30
                        11/19
AVG. MAXIMUM     84.1              73.5    10.6     77.3
AVG. MINIMUM     54.2              46.1     8.1     50.7
MEAN             69.1              59.8     9.3     64.0
DAYS MAX >= 90      2               0.3     1.7        0
DAYS MAX <= 32      0               0.0     0.0        0
DAYS MIN <= 32      0               1.0    -1.0        1
DAYS MIN <= 0       0               0.0     0.0        0

PRECIPITATION (INCHES)
RECORD
 MAXIMUM         4.61   1905
 MINIMUM         0.00   2014
                        2005
                        1999
TOTALS           0.09              0.57   -0.48     0.50
DAILY AVG.       0.00              0.02   -0.02     0.02
DAYS >= .01         1               2.7    -1.7        5
DAYS >= .10         0               1.5    -1.5        1
DAYS >= .50         0               0.3    -0.3        0
DAYS >= 1.00        0               0.1    -0.1        0
GREATEST
 24 HR. TOTAL    0.09   11/07 TO 11/07           11/02 TO 11/03

DEGREE_DAYS
HEATING TOTAL       4               182    -178       94
 SINCE 7/1          4               206    -202       94
.......................................................

WIND (MPH)
AVERAGE WIND SPEED              6.1
HIGHEST WIND SPEED/DIRECTION    25/160    DATE  11/07
HIGHEST GUST SPEED/DIRECTION    32/160    DATE  11/07

AVERAGE RH (PERCENT)     MM

WEATHER CONDITIONS. NUMBER OF DAYS WITH
THUNDERSTORM              0     MIXED PRECIP               0
HEAVY RAIN                0     RAIN                       0
LIGHT RAIN                0     FREEZING RAIN              0
LT FREEZING RAIN          0     HAIL                       0
HEAVY SNOW                0     SNOW                       0
LIGHT SNOW                0     SLEET                      0
FOG                       0     FOG W/VIS <= 1/4 MILE      0
HAZE                      6

-  INDICATES NEGATIVE NUMBERS.
R  INDICATES RECORD WAS SET OR TIED.
MM INDICATES DATA IS MISSING.
T  INDICATES TRACE AMOUNT.

$$
