000
CXUS55 KTWC 011612
CLMTUS

CLIMATE REPORT
NATIONAL WEATHER SERVICE TUCSON AZ
841 AM MST SAT AUG 1 2015

...................................

...THE TUCSON AZ CLIMATE SUMMARY FOR THE MONTH OF JULY 2015...

CLIMATE NORMAL PERIOD 1981 TO 2010
CLIMATE RECORD PERIOD 1895 TO 2015

WEATHER         OBSERVED          NORMAL  DEPART  LAST YEAR`S
                 VALUE   DATE(S)  VALUE   FROM    VALUE  DATE(S)
                                          NORMAL
................................................................
TEMPERATURE (F)
RECORD
 HIGH             114   07/28/1995
                        07/04/1989
 LOW               49   07/03/1911
HIGHEST           103   07/28       108      -5      107  07/24
                        07/12
LOWEST             71   07/01        67       4       71  07/15
AVG. MAXIMUM     98.3              99.7    -1.4    100.0
AVG. MINIMUM     76.3              74.4     1.9     76.6
MEAN             87.3              87.0     0.3     88.3
DAYS MAX >= 100    15              16.0    -1.0       16
DAYS MAX <= 32      0               0.0     0.0        0
DAYS MIN <= 32      0               0.0     0.0        0
DAYS MIN <= 0       0               0.0     0.0        0

PRECIPITATION (INCHES)
RECORD
 MAXIMUM         6.24   1921
 MINIMUM         0.04   1995
TOTALS           2.08              2.25   -0.17     1.43
DAILY AVG.       0.07              0.07    0.00     0.05
DAYS >= .01         8               9.8    -1.8       10
DAYS >= .10         3               5.0    -2.0        4
DAYS >= .50         1               1.3    -0.3        1
DAYS >= 1.00        1               0.5     0.5        0
GREATEST
 24 HR. TOTAL    1.49   07/28 TO 07/28           07/15 TO 07/15
                                                          07/31 TO 07/31
                                                          07/31 TO 07/31

DEGREE_DAYS
COOLING TOTAL     701               683      18      730
 SINCE 1/1       1928              1779     149     2058
..................................................

WIND (MPH)
AVERAGE WIND SPEED              7.3
HIGHEST WIND SPEED/DIRECTION    43/350    DATE  07/28
HIGHEST GUST SPEED/DIRECTION    65/340    DATE  07/28

AVERAGE RH (PERCENT)     43

WEATHER CONDITIONS. NUMBER OF DAYS WITH
THUNDERSTORM              0     MIXED PRECIP               0
HEAVY RAIN                3     RAIN                       2
LIGHT RAIN               11     FREEZING RAIN              0
LT FREEZING RAIN          0     HAIL                       0
HEAVY SNOW                0     SNOW                       0
LIGHT SNOW                0     SLEET                      0
FOG                       0     FOG W/VIS <= 1/4 MILE      0
HAZE                      4

-  INDICATES NEGATIVE NUMBERS.
R  INDICATES RECORD WAS SET OR TIED.
MM INDICATES DATA IS MISSING.
T  INDICATES TRACE AMOUNT.

$$
