000
CXUS53 KAPX 020141
CLMTVC


CLIMATE REPORT
NATIONAL WEATHER SERVICE GAYLORD MI
941 PM EDT FRI APR 1 2016

...................................

...THE TRAVERSE CITY MI CLIMATE SUMMARY FOR THE MONTH OF MARCH 2016...

CLIMATE NORMAL PERIOD 1981 TO 2010
CLIMATE RECORD PERIOD 1896 TO 2016

WEATHER         OBSERVED          NORMAL  DEPART  LAST YEAR`S
                 VALUE   DATE(S)  VALUE   FROM    VALUE  DATE(S)
                                          NORMAL
................................................................
TEMPERATURE (F)
RECORD
 HIGH              87   03/21/2012
 LOW              -30   03/03/1943
HIGHEST            68   03/08        MM      MM       61  03/16
                                                          03/13
LOWEST              3   03/03        MM      MM      -10  03/05
AVG. MAXIMUM     45.8              39.9     5.9     40.1
AVG. MINIMUM     28.4              21.6     6.8     19.4
MEAN             37.1              30.8     6.3     29.8
DAYS MAX >= 90      0               0.0     0.0        0
DAYS MAX <= 32      4               7.2    -3.2        8
DAYS MIN <= 32     18              26.3    -8.3       26
DAYS MIN <= 0       0               1.5    -1.5        1

PRECIPITATION (INCHES)
RECORD
 MAXIMUM           MM   MM
 MINIMUM           MM   MM
TOTALS           3.82              1.86    1.96     0.52
DAILY AVG.       0.12              0.06    0.06     0.02
DAYS >= .01        14              11.5     2.5        5
DAYS >= .10         9               5.0     4.0        2
DAYS >= .50         2               0.9     1.1        0
DAYS >= 1.00        1               0.1     0.9        0
GREATEST
 24 HR. TOTAL    1.40   03/30 TO 03/31
 STORM TOTAL       MM
 (MM/DD(HH))            MM

SNOWFALL (INCHES)
RECORDS
 TOTAL             MM   MM
TOTALS             MM              10.7      MM       MM
SINCE 7/1          MM              98.7      MM       MM
SNOWDEPTH AVG.     MM                 4      MM       MM
DAYS >= TRACE       0               7.2    -7.2        0
DAYS >= 1.0         0               3.5    -3.5        0
GREATEST
 SNOW DEPTH        MM                                 MM  MM
 24 HR TOTAL       MM                                 MM

DEGREE_DAYS
HEATING TOTAL     855              1062    -207
 SINCE 7/1       5165              6402   -1237
COOLING TOTAL       0                 0       0
 SINCE 1/1          0                 0       0

FREEZE DATES
RECORD
 EARLIEST     MM
 LATEST       MM
EARLIEST                        MM
LATEST                          MM
.................................................................

WIND (MPH)
AVERAGE WIND SPEED              6.4
HIGHEST WIND SPEED/DIRECTION    35/250    DATE  03/16
HIGHEST GUST SPEED/DIRECTION    48/270    DATE  03/16

SKY COVER
POSSIBLE SUNSHINE (PERCENT)   MM
AVERAGE SKY COVER           0.70
NUMBER OF DAYS FAIR            3
NUMBER OF DAYS PC             13
NUMBER OF DAYS CLOUDY         15

AVERAGE RH (PERCENT)     69

WEATHER CONDITIONS. NUMBER OF DAYS WITH
THUNDERSTORM              0     MIXED PRECIP               1
HEAVY RAIN                1     RAIN                       3
LIGHT RAIN               10     FREEZING RAIN              1
LT FREEZING RAIN          1     HAIL                       0
HEAVY SNOW                0     SNOW                       2
LIGHT SNOW                9     SLEET                      1
FOG                      15     FOG W/VIS <= 1/4 MILE      1
HAZE                      5

-  INDICATES NEGATIVE NUMBERS.
R  INDICATES RECORD WAS SET OR TIED.
MM INDICATES DATA IS MISSING.
T  INDICATES TRACE AMOUNT.

$$
