000
CXUS55 KREV 010936 RRA
CLMTVL

CLIMATE REPORT
NATIONAL WEATHER SERVICE RENO NV
136 AM PST FRI DEC 1 2017

...................................

...THE SOUTH LAKE TAHOE CA CLIMATE SUMMARY FOR THE MONTH OF NOVEMBER
2017...

THE AVERAGE TEMPERATURE FOR NOVEMBER 2017 AT SOUTH LAKE TAHOE WAS
40.7 DEGREES WHICH IS 4.4 DEGREES ABOVE NORMAL. THE HIGHEST
TEMPERATURE FOR OCTOBER WAS 66 DEGREES WHICH OCCURRED ON THE 25TH.
THE LOWEST TEMPERATURE FOR THE MONTH WAS 14 DEGREES WHICH WAS
RECORDED ON THE 7TH.

FOR NOVEMBER 2017 6.22 INCHES OF PRECIPITATION WERE RECORDED AT
SOUTH LAKE TAHOE. THIS IS 2.98 INCHES ABOVE NORMAL.

THE AVERAGE WIND SPEED FOR THE MONTH WAS 7.9 MPH. THE PEAK WIND GUST
FOR THE MONTH WAS 51 MPH FROM THE SOUTH WHICH OCCURRED ON THE 25TH.

CLIMATE NORMAL PERIOD 1981 TO 2010
CLIMATE RECORD PERIOD 1968 TO 2017

WEATHER         OBSERVED          NORMAL  DEPART
                 VALUE   DATE(S)  VALUE   FROM
                                          NORMAL
................................................
TEMPERATURE (F)
RECORD
 HIGH              70   11/07/1999
                        11/18/1995
 LOW               -6   11/29/1975
HIGHEST            66   11/25        70      -4
LOWEST             14   11/07        -6      20
AVG. MAXIMUM     51.8              50.5     1.3
AVG. MINIMUM     29.7              22.1     7.6
MEAN             40.7              36.3     4.4
DAYS MAX >= 90      0               0.0     0.0
DAYS MAX <= 32      0               0.6    -0.6
DAYS MIN <= 32     17              26.9    -9.9
DAYS MIN <= 0       0               0.4    -0.4

PRECIPITATION (INCHES)
RECORD
 MAXIMUM           MM   MM
 MINIMUM           MM   MM
TOTALS           6.22              3.24    2.98
DAILY AVG.       0.21              0.11    0.10
DAYS >= .01        10                MM      MM
DAYS >= .10         6                MM      MM
DAYS >= .50         3                MM      MM
DAYS >= 1.00        2                MM      MM
GREATEST
 24 HR. TOTAL    3.14   11/16 TO 11/16
 STORM TOTAL       MM
 (MM/DD(HH))            MM

SNOWFALL (INCHES)
 LIQUID EQUIV    0.10                MM      MM
 LIQUID 7/1      0.10
GREATEST
 SNOW DEPTH         1   11/27

DEGREE_DAYS
HEATING TOTAL     721               861    -140
 SINCE 7/1       1787              2093    -306
COOLING TOTAL       0                 0       0
 SINCE 1/1         81                31      50

FREEZE DATES
RECORD
 EARLIEST     MM
 LATEST       MM
EARLIEST                        09/16
LATEST                          05/18
.................................................

WIND (MPH)
AVERAGE WIND SPEED              7.9
HIGHEST WIND SPEED/DIRECTION    33/190    DATE  11/08
HIGHEST GUST SPEED/DIRECTION    51/180    DATE  11/25

AVERAGE RH (PERCENT)     63

WEATHER CONDITIONS. NUMBER OF DAYS WITH
THUNDERSTORM              0     MIXED PRECIP               0
HEAVY RAIN                3     RAIN                       5
LIGHT RAIN               13     FREEZING RAIN              0
LT FREEZING RAIN          1     HAIL                       0
HEAVY SNOW                0     SNOW                       0
LIGHT SNOW                5     SLEET                      0
FOG                      13     FOG W/VIS <= 1/4 MILE      1
HAZE                      5

-  INDICATES NEGATIVE NUMBERS.
R  INDICATES RECORD WAS SET OR TIED.
MM INDICATES DATA IS MISSING.
T  INDICATES TRACE AMOUNT.

$$
