000
CXUS54 KMRX 011050
CLMTYS


CLIMATE REPORT
NATIONAL WEATHER SERVICE MORRISTOWN TN
550 AM EST FRI DEC 1 2017

...................................

...THE KNOXVILLE    ASOS CLIMATE SUMMARY FOR THE MONTH OF NOVEMBER 2017...

CLIMATE NORMAL PERIOD 1981 TO 2010
CLIMATE RECORD PERIOD 1871 TO 2017

WEATHER         OBSERVED          NORMAL  DEPART
                 VALUE   DATE(S)  VALUE   FROM
                                          NORMAL
................................................
TEMPERATURE (F)
HIGHEST            77   11/05
LOWEST             26   11/20
AVG. MAXIMUM     61.1              60.4     0.7
AVG. MINIMUM     40.2              39.0     1.2
MEAN             50.7              49.7     1.0
DAYS MAX >= 90      0
DAYS MAX <= 32      0
DAYS MIN <= 32      8
DAYS MIN <= 0       0

PRECIPITATION (INCHES)
RECORD
 MAXIMUM        10.36   1948
 MINIMUM         0.17   1890
TOTALS           3.19              4.01   -0.82
DAYS >= .01         8
DAYS >= .10         4
DAYS >= .50         1
DAYS >= 1.00        1
GREATEST
 24 HR. TOTAL    2.25   11/07 TO 11/07

SNOWFALL (INCHES)
TOTALS            0.0                 T     0.0
SINCE 7/1           T
SNOWDEPTH AVG.      0
DAYS >= TRACE       0
GREATEST
 SNOW DEPTH         0   MM

DEGREE_DAYS
HEATING TOTAL     430               462     -32
 SINCE 7/1        618               681     -63
COOLING TOTAL       6                 3       3
 SINCE 1/1       1558              1526      32
.................................................



-  INDICATES NEGATIVE NUMBERS.
R  INDICATES RECORD WAS SET OR TIED.
MM INDICATES DATA IS MISSING.
T  INDICATES TRACE AMOUNT.

$$
