992
CXUS53 KLOT 011404
CLMUGN


CLIMATE REPORT
NATIONAL WEATHER SERVICE CHICAGO IL
900 AM CDT WED NOV 1 2017

...................................

...THE WAUKEGAN   CLIMATE SUMMARY FOR THE MONTH OF OCTOBER 2017...

CLIMATE NORMAL PERIOD 1981 TO 2010
CLIMATE RECORD PERIOD 2000 TO 2017

WEATHER         OBSERVED          NORMAL  DEPART  LAST YEAR`S
                 VALUE   DATE(S)  VALUE   FROM    VALUE
                                          NORMAL
.............................................................
TEMPERATURE (F)
RECORD
 HIGH              87   10/07/2007
 LOW               23   10/25/2006
HIGHEST            82   10/02        MM      MM       81
LOWEST             32   10/31        MM      MM       32
AVG. MAXIMUM     64.1              59.9     4.2     64.5
AVG. MINIMUM     47.6              42.2     5.4     46.0
MEAN             55.9              51.0     4.9     55.3

PRECIPITATION (INCHES)
RECORD
 MAXIMUM         7.16   2009
 MINIMUM         0.77   2005
TOTALS           5.12              2.92    2.20     3.75

DEGREE_DAYS
HEATING TOTAL     298               440    -142      305
 SINCE 7/1        423               606    -183      348
COOLING TOTAL      22                 7      15       12
 SINCE 1/1        571               564       7      852
..............................................................

WIND (MPH)
AVERAGE WIND SPEED              8.7
HIGHEST WIND SPEED/DIRECTION    26/210    DATE  10/07
HIGHEST GUST SPEED/DIRECTION    40/220    DATE  10/07

AVERAGE RH (PERCENT)     73


-  INDICATES NEGATIVE NUMBERS.
R  INDICATES RECORD WAS SET OR TIED.
MM INDICATES DATA IS MISSING.
T  INDICATES TRACE AMOUNT.

$$
