000
CXUS53 KLOT 011548
CLMUGN


CLIMATE REPORT
NATIONAL WEATHER SERVICE CHICAGO IL
828 AM CST SUN MAR 1 2015

...................................

...THE WAUKEGAN   CLIMATE SUMMARY FOR THE MONTH OF FEBRUARY 2015...

CLIMATE NORMAL PERIOD 1981 TO 2010
CLIMATE RECORD PERIOD 2000 TO 2015

WEATHER         OBSERVED          NORMAL  DEPART  LAST YEAR`S
                 VALUE   DATE(S)  VALUE   FROM    VALUE
                                          NORMAL
.............................................................
TEMPERATURE (F)
RECORD
 HIGH              65   MM
 LOW              -14   02/19/2015
HIGHEST            43   02/07        MM      MM       47
LOWEST            -14R  02/19        MM      MM      -10
AVG. MAXIMUM     22.0              33.5   -11.5     23.8
AVG. MINIMUM      2.9              18.3   -15.4      6.0
MEAN             12.4              25.9   -13.5     14.9

PRECIPITATION (INCHES)
RECORD
 MAXIMUM         2.98   2011
 MINIMUM         0.05   2003
TOTALS              TR             1.66   -1.66     0.95

DEGREE_DAYS
HEATING TOTAL    1464              1095     369     1397
 SINCE 7/1       5525              4946     579     5869
COOLING TOTAL       0                 0       0        0
 SINCE 1/1          0                 0       0        0
..............................................................

WIND (MPH)
AVERAGE WIND SPEED              8.4
HIGHEST WIND SPEED/DIRECTION    29/220    DATE  02/24
HIGHEST GUST SPEED/DIRECTION    43/020    DATE  02/01

AVERAGE RH (PERCENT)     70


-  INDICATES NEGATIVE NUMBERS.
R  INDICATES RECORD WAS SET OR TIED.
MM INDICATES DATA IS MISSING.
T  INDICATES TRACE AMOUNT.

$$
