000
CXUS56 KSEW 011032
CLMUIL


CLIMATE REPORT
NATIONAL WEATHER SERVICE SEATTLE WA
331 AM PDT MON JUN 1 2015

...................................

...THE QUILLAYUTE WA AIRPORT CLIMATE SUMMARY FOR THE MONTH OF MAY 2015...

CLIMATE NORMAL PERIOD 1981 TO 2010
CLIMATE RECORD PERIOD 1966 TO 2015

WEATHER         OBSERVED          NORMAL  DEPART  LAST YEAR`S
                 VALUE   DATE(S)  VALUE   FROM    VALUE  DATE(S)
                                          NORMAL
................................................................
TEMPERATURE (F)
RECORD
 HIGH              92   05/07/1987
 LOW               29   05/01/2011
                        05/12/1977
                        05/06/2002
HIGHEST            72   05/09        MM      MM       83  05/14
                                                          05/01
LOWEST             34   05/06        MM      MM       35  05/07
AVG. MAXIMUM     60.6              59.5     1.1     63.2
AVG. MINIMUM     45.9              43.1     2.8     45.7
MEAN             53.2              51.3     1.9     54.5
DAYS MAX >= 90      0               0.0     0.0        0
DAYS MAX <= 32      0               0.0     0.0        0
DAYS MIN <= 32      0               0.2    -0.2        0
DAYS MIN <= 0       0               0.0     0.0        0

PRECIPITATION (INCHES)
RECORD
 MAXIMUM        12.45   1974
 MINIMUM         1.05   1972
TOTALS           0.67R             5.11   -4.44     3.91
DAILY AVG.       0.02              0.16   -0.14     0.13
DAYS >= .01        11              16.7    -5.7       14
DAYS >= .10         2              10.5    -8.5        8
DAYS >= .50         0               3.3    -3.3        3
DAYS >= 1.00        0               0.9    -0.9        1
GREATEST
 24 HR. TOTAL    0.41   05/04 TO 05/05

DEGREE_DAYS
HEATING TOTAL     359               426     -67      321
 SINCE 7/1       4328              5468   -1140     4603
COOLING TOTAL       0                 1      -1        2
 SINCE 1/1          0                 1      -1        4
.................................................................

WIND (MPH)
AVERAGE WIND SPEED              4.3
HIGHEST WIND SPEED/DIRECTION    17/280    DATE  05/10
HIGHEST GUST SPEED/DIRECTION    26/190    DATE  05/04

SKY COVER
POSSIBLE SUNSHINE (PERCENT)   MM
AVERAGE SKY COVER           0.70
NUMBER OF DAYS FAIR            6
NUMBER OF DAYS PC              7
NUMBER OF DAYS CLOUDY         18

AVERAGE RH (PERCENT)     85

WEATHER CONDITIONS. NUMBER OF DAYS WITH
THUNDERSTORM              0     MIXED PRECIP               0
HEAVY RAIN                1     RAIN                       1
LIGHT RAIN               16     FREEZING RAIN              0
LT FREEZING RAIN          0     HAIL                       0
HEAVY SNOW                0     SNOW                       0
LIGHT SNOW                0     SLEET                      0
FOG                      28     FOG W/VIS <= 1/4 MILE      4
HAZE                      0

-  INDICATES NEGATIVE NUMBERS.
R  INDICATES RECORD WAS SET OR TIED.
MM INDICATES DATA IS MISSING.
T  INDICATES TRACE AMOUNT.

$$
