000
CXUS54 KCRP 011609
CLMVCT

CLIMATE REPORT
NATIONAL WEATHER SERVICE CORPUS CHRISTI TX
1021 AM CDT THU JUN 1 2017

...................................

...THE VICTORIA CLIMATE SUMMARY FOR THE MONTH OF MAY 2017...

CLIMATE NORMAL PERIOD 1981 TO 2010
CLIMATE RECORD PERIOD 1893 TO 2017

WEATHER         OBSERVED          NORMAL  DEPART  LAST YEAR`S
                 VALUE   DATE(S)  VALUE   FROM    VALUE  DATE(S)
                                          NORMAL
................................................................
TEMPERATURE (F)
RECORD
 HIGH             102   05/27/1928
 LOW               45   05/01/2005
                        05/04/1954
                        05/03/1929
HIGHEST            93   05/20        86       7       90  05/13
                                                          05/05
LOWEST             49   05/05        68     -19       53  05/04
AVG. MAXIMUM     87.5              86.5     1.0     85.2
AVG. MINIMUM     66.7              67.3    -0.6     67.6
MEAN             77.1              76.9     0.2     76.4
DAYS MAX >= 90      9               7.4     1.6        2
DAYS MAX <= 32      0               0.0     0.0        0
DAYS MIN <= 32      0               0.0     0.0        0
DAYS MIN <= 0       0               0.0     0.0        0

PRECIPITATION (INCHES)
RECORD
 MAXIMUM        14.66   1993
 MINIMUM         0.01   1998
TOTALS           3.06              5.19   -2.13     6.37
DAILY AVG.       0.10              0.17   -0.07     0.21
DAYS >= .01         6               7.1    -1.1        9
DAYS >= .10         4               4.8    -0.8        8
DAYS >= .50         2               3.0    -1.0        7
DAYS >= 1.00        1               1.6    -0.6        3
GREATEST
 24 HR. TOTAL    1.86   05/22 TO 05/22           05/15 TO 05/16


SNOWFALL (INCHES)
RECORDS
 TOTAL            0.0   MM
 24 HR TOTAL      0.0   MM
TOTALS            0.0               0.0     0.0      0.0
SINCE 7/1         0.0               0.1    -0.1      0.0
SNOWDEPTH AVG.      0                MM      MM        0
DAYS >= 1.0         0               0.0     0.0        0
GREATEST
 SNOW DEPTH         0   MM                             0
 24 HR TOTAL      0.0   MM                           0.0

DEGREE_DAYS
HEATING TOTAL       0                 1      -1        0
 SINCE 7/1        567              1249    -682      913
COOLING TOTAL     386               370      16      362
 SINCE 1/1       1012               659     353      713
..................................................

WIND (MPH)
AVERAGE WIND SPEED              10.8
HIGHEST WIND SPEED/DIRECTION    39/330    DATE  05/23
HIGHEST GUST SPEED/DIRECTION    49/320    DATE  05/23

SKY COVER
AVERAGE SKY COVER           0.40

AVERAGE RH (PERCENT)     70

WEATHER CONDITIONS. NUMBER OF DAYS WITH
THUNDERSTORM              6     MIXED PRECIP               0
HEAVY RAIN                2     RAIN                       4
LIGHT RAIN               11     FREEZING RAIN              0
LT FREEZING RAIN          0     HAIL                       0
HEAVY SNOW                0     SNOW                       0
LIGHT SNOW                0     SLEET                      0
FOG                      18     FOG W/VIS <= 1/4 MILE      1
HAZE                     10

-  INDICATES NEGATIVE NUMBERS.
R  INDICATES RECORD WAS SET OR TIED.
MM INDICATES DATA IS MISSING.
T  INDICATES TRACE AMOUNT.

$$

88
