000
CXUS54 KCRP 031416 CCA
CLMVCT

CLIMATE REPORT...CORRECTION
NATIONAL WEATHER SERVICE CORPUS CHRISTI TX
915 AM CDT MON APR 3 2017

...................................

...THE VICTORIA CLIMATE SUMMARY FOR THE MONTH OF MARCH 2017...

CLIMATE NORMAL PERIOD 1981 TO 2010
CLIMATE RECORD PERIOD 1893 TO 2017

WEATHER         OBSERVED          NORMAL  DEPART  LAST YEAR`S
                 VALUE   DATE(S)  VALUE   FROM    VALUE  DATE(S)
                                          NORMAL
................................................................
TEMPERATURE (F)
RECORD
 HIGH              99   03/26/1928
 LOW               21   03/04/2002
                        03/02/1980
HIGHEST            87   03/29        74      13       89  03/31
                        03/28                             03/14
LOWEST             46   03/14        53      -7       36  03/21
                        03/02
AVG. MAXIMUM     79.0              74.2     4.8     77.3
AVG. MINIMUM     59.9              52.5     7.4     56.7
MEAN             69.5              63.4     6.1     67.0
DAYS MAX >= 90      0               0.2    -0.2        0
DAYS MAX <= 32      0               0.0     0.0        0
DAYS MIN <= 32      0               0.7    -0.7        0
DAYS MIN <= 0       0               0.0     0.0        0

PRECIPITATION (INCHES)
RECORD
 MAXIMUM        11.61   1997
 MINIMUM         0.00   1916
TOTALS           4.98              2.77    2.21     4.32
DAILY AVG.       0.16              0.09    0.07     0.14
DAYS >= .01        11               7.1     3.9        9
DAYS >= .10         6               3.8     2.2        3
DAYS >= .50         4               1.6     2.4        2
DAYS >= 1.00        2               0.9     1.1        2
GREATEST
 24 HR. TOTAL    1.43   03/05 TO 03/05

SNOWFALL (INCHES)
RECORDS
 TOTAL            1.7   1932
 24 HR TOTAL      1.7   03/11/1932
TOTALS            0.0               0.0     0.0      0.0
SINCE 7/1         0.0               0.1    -0.1      0.0
SNOWDEPTH AVG.      0                MM      MM        0
DAYS >= 1.0         0               0.0     0.0        0
GREATEST
 SNOW DEPTH         0   MM                             0
 24 HR TOTAL      0.0   MM                           0.0

DEGREE_DAYS
HEATING TOTAL      34               125     -91       54
 SINCE 7/1        565              1218    -653      904
COOLING TOTAL     180                74     106      122
 SINCE 1/1        387               112     275      157
.................................................

WIND (MPH)
AVERAGE WIND SPEED              11.3
HIGHEST WIND SPEED/DIRECTION    32/150    DATE  03/28
HIGHEST GUST SPEED/DIRECTION    41/130    DATE  03/28

SKY COVER
AVERAGE SKY COVER           0.60

AVERAGE RH (PERCENT)     72

WEATHER CONDITIONS. NUMBER OF DAYS WITH
THUNDERSTORM              4     MIXED PRECIP               0
HEAVY RAIN                5     RAIN                       7
LIGHT RAIN               16     FREEZING RAIN              0
LT FREEZING RAIN          0     HAIL                       0
HEAVY SNOW                0     SNOW                       0
LIGHT SNOW                0     SLEET                      0
FOG                      27     FOG W/VIS <= 1/4 MILE      5
HAZE                      8

-  INDICATES NEGATIVE NUMBERS.
R  INDICATES RECORD WAS SET OR TIED.
MM INDICATES DATA IS MISSING.
T  INDICATES TRACE AMOUNT.

$$

88...CORRECTION FOR SNOWFALL RECORD.
