001
CXUS53 KLOT 011328
CLMVPZ


CLIMATE REPORT
NATIONAL WEATHER SERVICE CHICAGO IL
810 AM CDT SAT JUL 1 2017

...................................

...THE VALPARAISO CLIMATE SUMMARY FOR THE MONTH OF JUNE 2017...

CLIMATE NORMAL PERIOD 1981 TO 2010
CLIMATE RECORD PERIOD 1998 TO 2017

WEATHER         OBSERVED          NORMAL  DEPART  LAST YEAR`S
                 VALUE   DATE(S)  VALUE   FROM    VALUE
                                          NORMAL
.............................................................
TEMPERATURE (F)
RECORD
 HIGH             100   06/28/2012
 LOW               38   06/02/2003
                        06/06/1998
HIGHEST            96   06/12        80      16       95
LOWEST             50   06/08        58      -8       48
AVG. MAXIMUM     84.5              79.7     4.8     83.3
AVG. MINIMUM     61.6              58.5     3.1     59.2
MEAN             73.1              69.1     4.0     71.2

PRECIPITATION (INCHES)
RECORD
 MAXIMUM         8.23   2014
 MINIMUM         0.25   2016
TOTALS           3.04              3.91   -0.87     0.25

DEGREE_DAYS
HEATING TOTAL       3                41     -38       20
 SINCE 7/1       5039              6320   -1281     5258
COOLING TOTAL     254               164      90      200
 SINCE 1/1        311               211     100      277
..............................................................

WIND (MPH)
AVERAGE WIND SPEED              8.4
HIGHEST WIND SPEED/DIRECTION    30/220    DATE  06/10
HIGHEST GUST SPEED/DIRECTION    40/220    DATE  06/10

AVERAGE RH (PERCENT)     62


-  INDICATES NEGATIVE NUMBERS.
R  INDICATES RECORD WAS SET OR TIED.
MM INDICATES DATA IS MISSING.
T  INDICATES TRACE AMOUNT.

$$
