000
CXUS53 KLOT 011317
CLMVPZ


CLIMATE REPORT
NATIONAL WEATHER SERVICE CHICAGO IL
801 AM CDT FRI APR 1 2016

...................................

...THE VALPARAISO CLIMATE SUMMARY FOR THE MONTH OF MARCH 2016...

CLIMATE NORMAL PERIOD 1981 TO 2010
CLIMATE RECORD PERIOD 1998 TO 2016

WEATHER         OBSERVED          NORMAL  DEPART  LAST YEAR`S
                 VALUE   DATE(S)  VALUE   FROM    VALUE
                                          NORMAL
.............................................................
TEMPERATURE (F)
RECORD
 HIGH              86   03/21/2012
 LOW              -13   03/08/1943
HIGHEST            72   03/08        47      25       71
LOWEST             13   03/02        29     -16       -2
AVG. MAXIMUM     53.6              46.7     6.9     43.5
AVG. MINIMUM     34.3              28.8     5.5     23.7
MEAN             44.0              37.7     6.3     33.6

PRECIPITATION (INCHES)
RECORD
 MAXIMUM           MM   MM
 MINIMUM           MM   MM
TOTALS           3.05              2.48    0.57     0.62

DEGREE_DAYS
HEATING TOTAL     641               845    -204      963
 SINCE 7/1       4499              5577   -1078     6221
COOLING TOTAL       0                 0       0        0
 SINCE 1/1          0                 0       0        0
..............................................................

WIND (MPH)
AVERAGE WIND SPEED              9.4
HIGHEST WIND SPEED/DIRECTION    46/260    DATE  03/16
HIGHEST GUST SPEED/DIRECTION    58/240    DATE  03/16

AVERAGE RH (PERCENT)     73


-  INDICATES NEGATIVE NUMBERS.
R  INDICATES RECORD WAS SET OR TIED.
MM INDICATES DATA IS MISSING.
T  INDICATES TRACE AMOUNT.

$$
