000
CXUS52 KMLB 011239
CLMVRB


CLIMATE REPORT
NATIONAL WEATHER SERVICE MELBOURNE FL
812 AM EDT FRI AUG 1 2014

...................................

...THE VERO BEACH CLIMATE SUMMARY FOR THE MONTH OF JULY 2014...

CLIMATE NORMAL PERIOD 1981 TO 2010
CLIMATE RECORD PERIOD 1942 TO 2014

WEATHER         OBSERVED          NORMAL  DEPART  LAST YEAR`S
                 VALUE   DATE(S)  VALUE   FROM    VALUE  DATE(S)
                                          NORMAL
................................................................
TEMPERATURE (F)
MONTHLY RECORD
 HOTTEST         83.7   2005
 COLDEST         79.1   1974
DAILY RECORD
 HIGH              99   07/01/1998
                        07/15/1981
                        07/16/1972
 LOW               62   07/01/1981

JULY 2014
HIGHEST            94   07/28                         93
LOWEST             69   07/09                         70
AVG. MAXIMUM     88.6              90.0    -1.4     87.7
AVG. MINIMUM     72.2              73.4    -1.2     72.5
MEAN             80.4              81.7    -1.3     80.1
DAYS MAX >= 90      9              14.5    -5.5        5
DAYS MAX <= 32      0               0.0     0.0        0
DAYS MIN <= 32      0               0.0     0.0        0
DAYS MIN <= 0       0               0.0     0.0        0

PRECIPITATION (INCHES)
MONTLY RECORD
 MAXIMUM        13.72   2007
 MINIMUM         1.30   2003
DAILY RECORD
 MAXIMUM         4.21   7/8/2000

JULY 2014
TOTALS           6.14              5.63    0.51     5.50
DAYS >= .01        18              13.4     4.6       18
DAYS >= .10        11               9.0     2.0       14
DAYS >= .50         4               4.1    -0.1        3
DAYS >= 1.00        1               1.9    -0.9        0
GREATEST
 24 HR. TOTAL    2.28   07/21 TO 07/22

SNOWFALL (INCHES)
TOTALS            0.0               0.0     0.0      0.0
SINCE 7/1         0.0               0.0     0.0      0.0
DAYS >= TRACE       0                                  0

DEGREE_DAYS
HEATING TOTAL       0                 0       0        0
 SINCE 7/1          0                 0       0        0
COOLING TOTAL     488               518     -30      476
 SINCE 1/1       1848              1780      68     1888
.................................................................

WIND (MPH)
AVERAGE WIND SPEED              6.2
HIGHEST WIND SPEED/DIRECTION    35/260    DATE  07/29
HIGHEST GUST SPEED/DIRECTION    44/260    DATE  07/29

SKY COVER
POSSIBLE SUNSHINE (PERCENT)   MM
AVERAGE SKY COVER           0.20
NUMBER OF DAYS FAIR           28
NUMBER OF DAYS PC              3
NUMBER OF DAYS CLOUDY          0

AVERAGE RH (PERCENT)     84

WEATHER CONDITIONS. NUMBER OF DAYS WITH
THUNDERSTORM             26     MIXED PRECIP               0
HEAVY RAIN                6     RAIN                      10
LIGHT RAIN               23     LT FREEZING RAIN           0
HAIL                      0     LIGHT SNOW                 0
SLEET                     0     FOG                       19
FOG W/VIS <= 1/4 MILE     1     HAZE                       3

-  INDICATES NEGATIVE NUMBERS.
R  INDICATES RECORD WAS SET OR TIED.
MM INDICATES DATA IS MISSING.
T  INDICATES TRACE AMOUNT.

$$
