000
CXUS53 KLBF 011442
CLMVTN


CLIMATE REPORT
NATIONAL WEATHER SERVICE NORTH PLATTE
941 AM CDT TUE SEP 1 2015

...................................

...THE VALENTINE NE CLIMATE SUMMARY FOR THE MONTH OF AUGUST 2015...

CLIMATE NORMAL PERIOD 1981 TO 2010
CLIMATE RECORD PERIOD 1885 TO 2015

WEATHER         OBSERVED          NORMAL  DEPART  LAST YEAR`S
                 VALUE   DATE(S)  VALUE   FROM    VALUE  DATE(S)
                                          NORMAL
................................................................
TEMPERATURE (F)
RECORD
 HIGH             108   08/29/2012
                        08/13/1965
                        08/09/1947
 LOW               34   08/28/1988
                        08/30/1935
HIGHEST           101   08/15       101       0       94  08/01
LOWEST             38   08/24        44      -6       49  08/25
AVG. MAXIMUM     86.0              87.0    -1.0     85.4
AVG. MINIMUM     57.4              58.7    -1.3     59.0
MEAN             71.7              72.8    -1.1     72.2
DAYS MAX >= 90     11              12.3    -1.3        9
DAYS MAX <= 32      0               0.0     0.0        0
DAYS MIN <= 32      0               0.0     0.0        0
DAYS MIN <= 0       0               0.0     0.0        0

PRECIPITATION (INCHES)
RECORD
 MAXIMUM         6.71   1966
 MINIMUM         0.06   1947
TOTALS           1.89              2.18   -0.29     2.62
DAILY AVG.       0.06              0.07   -0.01     0.08
DAYS >= .01         7               7.9    -0.9       11
DAYS >= .10         5               4.5     0.5        8
DAYS >= .50         2               1.2     0.8        2
DAYS >= 1.00        0               0.5    -0.5        0
GREATEST
 24 HR. TOTAL    0.72   08/18 TO 08/18           08/08 TO 08/08
                                                          08/08 TO 08/08
                                                          08/08 TO 08/09

SNOWFALL (INCHES)
RECORDS
 TOTAL            0.0   2002
TOTALS            0.0               0.0     0.0      0.0
SINCE 7/1         0.0               0.0     0.0      0.0
SNOWDEPTH AVG.      0                MM      MM        0
DAYS >= 1.0         0               0.0     0.0        0
GREATEST
 SNOW DEPTH         0   MM                             0  MM
 24 HR TOTAL      0.0   08/31 TO 08/31

DEGREE_DAYS
HEATING TOTAL      29                17      12        2
 SINCE 7/1         31                25       6       21
COOLING TOTAL     242               261     -19      233
 SINCE 1/1        660               736     -76      635
..........................................................

WIND (MPH)
AVERAGE WIND SPEED              10.4
HIGHEST WIND SPEED/DIRECTION    41/260    DATE  08/18
HIGHEST GUST SPEED/DIRECTION    52/270    DATE  08/18

SKY COVER
POSSIBLE SUNSHINE (PERCENT)   MM
AVERAGE SKY COVER           0.20
NUMBER OF DAYS FAIR           24
NUMBER OF DAYS PC              2
NUMBER OF DAYS CLOUDY          2

AVERAGE RH (PERCENT)     63

WEATHER CONDITIONS. NUMBER OF DAYS WITH
THUNDERSTORM              0     MIXED PRECIP               0
HEAVY RAIN                2     RAIN                       3
LIGHT RAIN                7     FREEZING RAIN              0
LT FREEZING RAIN          0     HAIL                       0
HEAVY SNOW                0     SNOW                       0
LIGHT SNOW                0     SLEET                      0
FOG                       2     FOG W/VIS <= 1/4 MILE      1
HAZE                      1

-  INDICATES NEGATIVE NUMBERS.
R  INDICATES RECORD WAS SET OR TIED.
MM INDICATES DATA IS MISSING.
T  INDICATES TRACE AMOUNT.

$$
