000
CXUS53 KLBF 011415 RRA
CLMVTN

CLIMATE REPORT
NATIONAL WEATHER SERVICE NORTH PLATTE
745 AM CST MON FEB 1 2016

...................................

...THE VALENTINE NE CLIMATE SUMMARY FOR THE MONTH OF JANUARY 2016...

CLIMATE NORMAL PERIOD 1981 TO 2010
CLIMATE RECORD PERIOD 1885 TO 2016

WEATHER         OBSERVED          NORMAL  DEPART  LAST YEAR`S
                 VALUE   DATE(S)  VALUE   FROM    VALUE  DATE(S)
                                          NORMAL
................................................................
TEMPERATURE (F)
RECORD
 HIGH              72   01/27/2015
                        01/12/1987
                        38/08/2445
 LOW              -38   01/24/1894
HIGHEST            46   01/29        59     -13       72  01/27
                        01/28
                        01/23
LOWEST            -16   01/18       -15      -1      -15  01/04
AVG. MAXIMUM     33.1              36.5    -3.4     38.0
AVG. MINIMUM     12.2              10.7     1.5     12.1
MEAN             22.7              23.6    -0.9     25.0
DAYS MAX >= 90      0               0.0     0.0        0
DAYS MAX <= 32     14              11.1     2.9        9
DAYS MIN <= 32     31              30.7     0.3       30
DAYS MIN <= 0       5               6.6    -1.6        7

PRECIPITATION (INCHES)
RECORD
 MAXIMUM         1.74   1944
 MINIMUM            T   1961
TOTALS           0.52              0.26    0.26     0.31
DAILY AVG.       0.02              0.01    0.01     0.01
DAYS >= .01         9               3.9     5.1        4
DAYS >= .10         1               0.8     0.2        1
DAYS >= .50         0               0.0     0.0        0
DAYS >= 1.00        0               0.0     0.0        0
GREATEST
 24 HR. TOTAL    0.30   01/25 TO 01/25

SNOWFALL (INCHES)
RECORDS
 TOTAL           18.3   1929
TOTALS            7.0               3.8     3.2      3.5
SINCE 7/1        30.2              16.5    13.7     18.6
SNOWDEPTH AVG.      3                 2       1        2
DAYS >= 1.0         1               1.5    -0.5        2
GREATEST
 SNOW DEPTH         6   01/27                          4  01/08
                        01/26                             01/07
                                                          01/06
 24 HR TOTAL      3.5   01/25 TO 01/25

DEGREE_DAYS
HEATING TOTAL    1305              1283      22     1231
 SINCE 7/1       3830              4178    -348     4037
COOLING TOTAL       0                 0       0        0
 SINCE 1/1          0                 0       0        0
..................................................

WIND (MPH)
AVERAGE WIND SPEED              9.0
HIGHEST WIND SPEED/DIRECTION    29/330    DATE  01/14
HIGHEST GUST SPEED/DIRECTION    40/350    DATE  01/14

SKY COVER
POSSIBLE SUNSHINE (PERCENT)   MM
AVERAGE SKY COVER           0.40
NUMBER OF DAYS FAIR           15
NUMBER OF DAYS PC              7
NUMBER OF DAYS CLOUDY          9

AVERAGE RH (PERCENT)     77

WEATHER CONDITIONS. NUMBER OF DAYS WITH
THUNDERSTORM              0     MIXED PRECIP               0
HEAVY RAIN                0     RAIN                       0
LIGHT RAIN                0     FREEZING RAIN              0
LT FREEZING RAIN          1     HAIL                       0
HEAVY SNOW                0     SNOW                       0
LIGHT SNOW               12     SLEET                      0
FOG                      14     FOG W/VIS <= 1/4 MILE      1
HAZE                      4

-  INDICATES NEGATIVE NUMBERS.
R  INDICATES RECORD WAS SET OR TIED.
MM INDICATES DATA IS MISSING.
T  INDICATES TRACE AMOUNT.

$$
