000
CXUS56 KPQR 011710
CLMVUO


CLIMATE REPORT
NATIONAL WEATHER SERVICE PORTLAND OREGON
910 AM PST MON DEC 1 2014

...................................

...THE VANCOUVER WA CLIMATE SUMMARY FOR THE MONTH OF NOVEMBER 2014...

CLIMATE NORMAL PERIOD 1981 TO 2010
CLIMATE RECORD PERIOD 1891 TO 2014

WEATHER         OBSERVED          NORMAL  DEPART  LAST YEAR`S
                 VALUE   DATE(S)  VALUE   FROM    VALUE  DATE(S)
                                          NORMAL
................................................................
TEMPERATURE (F)
RECORD
 HIGH              72   11/03/2010
                        11/08/1905
 LOW                6   11/28/1896
HIGHEST            63                MM      MM       61  11/11
LOWEST             19                MM      MM       21  11/22
AVG. MAXIMUM     51.9              53.1    -1.2     52.4
AVG. MINIMUM     38.1              39.8    -1.7     36.7
MEAN             45.0              46.4    -1.4     44.6
DAYS MAX >= 90      0               0.0     0.0        0
DAYS MAX <= 32      0               0.1    -0.1        0
DAYS MIN <= 32      8               4.3     3.7       10
DAYS MIN <= 0       0               0.0     0.0        0

PRECIPITATION (INCHES)
TOTALS           2.92                               2.83
DAYS >= .01        17                                 16
DAYS >= .10        10                                 10
DAYS >= .50         2                                  0
DAYS >= 1.00        0                                  0
GREATEST
 24 HR. TOTAL    0.91   10/31 TO 11/01

DEGREE_DAYS
HEATING TOTAL     591                                607
 SINCE 7/1        808                               1101
COOLING TOTAL       0                                  0
 SINCE 1/1        531                                450
.................................................................

WIND (MPH)
AVERAGE WIND SPEED              5.5
RESULTANT WIND SPEED/DIRECTION   4/119
HIGHEST WIND SPEED/DIRECTION    32/090    DATE  11/11
HIGHEST GUST SPEED/DIRECTION    48/090    DATE  11/11

SKY COVER
POSSIBLE SUNSHINE (PERCENT)   MM
AVERAGE SKY COVER           0.60

AVERAGE RH (PERCENT)     72

WEATHER CONDITIONS. NUMBER OF DAYS WITH
THUNDERSTORM              0     MIXED PRECIP               0
HEAVY RAIN                2     RAIN                       7
LIGHT RAIN               17     FREEZING RAIN              0
LT FREEZING RAIN          0     HAIL                       0
HEAVY SNOW                0     SNOW                       0
LIGHT SNOW                1     SLEET                      0
FOG                      18     FOG W/VIS <= 1/4 MILE      1
HAZE                      4

-  INDICATES NEGATIVE NUMBERS.
R  INDICATES RECORD WAS SET OR TIED.
MM INDICATES DATA IS MISSING.
T  INDICATES TRACE AMOUNT.

$$
