000
CXUS56 KPQR 011503
CLMVUO


CLIMATE REPORT
NATIONAL WEATHER SERVICE PORTLAND OREGON
803 AM PDT FRI APR 1 2016

...................................

...THE VANCOUVER WA CLIMATE SUMMARY FOR THE MONTH OF MARCH 2016...

CLIMATE NORMAL PERIOD 1981 TO 2010
CLIMATE RECORD PERIOD 1891 TO 2016

WEATHER         OBSERVED          NORMAL  DEPART  LAST YEAR`S
                 VALUE   DATE(S)  VALUE   FROM    VALUE  DATE(S)
                                          NORMAL
................................................................
TEMPERATURE (F)
RECORD
 HIGH              83   03/28/1930
 LOW               18   03/15/1906
HIGHEST            74                MM      MM       72  03/26
LOWEST             31                MM      MM       25  03/04
AVG. MAXIMUM     56.7              56.9    -0.2     62.1
AVG. MINIMUM     41.4              39.1     2.3     39.6
MEAN             49.0              48.0     1.0     50.8
DAYS MAX >= 90      0               0.0     0.0        0
DAYS MAX <= 32      0               0.0     0.0        0
DAYS MIN <= 32      2               3.9    -1.9        7
DAYS MIN <= 0       0               0.0     0.0        0

PRECIPITATION (INCHES)
TOTALS           5.19                               4.78
DAYS >= .01        23                                 13
DAYS >= .10        14                                 10
DAYS >= .50         3                                  4
DAYS >= 1.00        0                                  1
GREATEST
 24 HR. TOTAL    0.76   03/12 TO 03/13

DEGREE_DAYS
HEATING TOTAL     488                                432
 SINCE 7/1       3318                               3084
COOLING TOTAL       0                                  0
 SINCE 1/1          0                                  0
.................................................................

WIND (MPH)
AVERAGE WIND SPEED              5.9
RESULTANT WIND SPEED/DIRECTION   3/136
HIGHEST WIND SPEED/DIRECTION    29/250    DATE  03/01
HIGHEST GUST SPEED/DIRECTION    43/240    DATE  03/01

SKY COVER
POSSIBLE SUNSHINE (PERCENT)   MM
AVERAGE SKY COVER           0.60

AVERAGE RH (PERCENT)     73

WEATHER CONDITIONS. NUMBER OF DAYS WITH
THUNDERSTORM              0     MIXED PRECIP               0
HEAVY RAIN                2     RAIN                       5
LIGHT RAIN               24     FREEZING RAIN              0
LT FREEZING RAIN          0     HAIL                       0
HEAVY SNOW                0     SNOW                       0
LIGHT SNOW                0     SLEET                      0
FOG                      19     FOG W/VIS <= 1/4 MILE      2
HAZE                      1

-  INDICATES NEGATIVE NUMBERS.
R  INDICATES RECORD WAS SET OR TIED.
MM INDICATES DATA IS MISSING.
T  INDICATES TRACE AMOUNT.

$$
