000
CXUS53 KGRB 011620
CLSAUW

CLIMATE REPORT
NATIONAL WEATHER SERVICE GREEN BAY
1012 AM CST THU DEC 1 2016

...................................

...THE WAUSAU WI CLIMATE SUMMARY FOR THE SEASON, FROM
9/1/2016 TO 11/30/2016...

CLIMATE NORMAL PERIOD 1981 TO 2010
CLIMATE RECORD PERIOD 1896 TO 2016

WEATHER         OBSERVED          NORMAL  DEPART  LAST YEAR`S
                 VALUE   DATE(S)  VALUE   FROM    VALUE  DATE(S)
                                          NORMAL
................................................................
TEMPERATURE (F)
RECORD
 HIGH              99   09/10/1931
 LOW              -15   11/25/1950
HIGHEST            80   09/06        84      -4       87  09/06
                        09/05                             09/05
LOWEST             19   11/22         6      13       11  11/22
AVG. MAXIMUM     60.3              54.7     5.6     60.3
AVG. MINIMUM     42.1              36.5     5.6     41.8
MEAN             51.2              45.6     5.6     51.0
DAYS MAX >= 90      0               0.0     0.0        0
DAYS MAX <= 32      2               7.1    -5.1        5
DAYS MIN <= 32     17              33.8   -16.8       22
DAYS MIN <= 0       0               0.3    -0.3        0

PRECIPITATION (INCHES)
RECORD
 MAXIMUM        19.70   1900
 MINIMUM         1.40   1976
TOTALS           8.97              8.84    0.13    10.36
DAILY AVG.       0.10              0.10    0.00     0.11
DAYS >= .01        30              33.7    -3.7       29
DAYS >= .10        20              18.5     1.5       20
DAYS >= .50         4               5.3    -1.3        7
DAYS >= 1.00        3               1.7     1.3        1

SNOWFALL (INCHES)
RECORDS
 TOTAL           22.6   1991
 24 HR TOTAL       MM
TOTALS            3.1               8.3    -5.2      0.2
SINCE 7/1         3.1               8.3    -5.2      0.2
DAYS >= TRACE       5               6.6    -1.6        8
DAYS >= 1.0         2               2.4    -0.4        0
GREATEST
 SNOW DEPTH         2   11/22                         -1  10/28
 24 HR TOTAL      1.5   MM

DEGREE_DAYS
HEATING TOTAL    1256              1793    -537     1344
 SINCE 7/1         MM              1859      MM       MM
COOLING TOTAL      25                32      -7       97
 SINCE 1/1        512               407     105      435

FREEZE DATES
RECORD
 EARLIEST     08/30/1915
 LATEST       06/12/1903
EARLIEST                        10/02
LATEST                          05/05
.................................................................

WIND (MPH)
AVERAGE WIND SPEED              7.1
RESULTANT WIND SPEED/DIRECTION   1/199
HIGHEST WIND SPEED/DIRECTION    36/200    DATE  11/18
HIGHEST GUST SPEED/DIRECTION    47/200    DATE  11/18

SKY COVER
POSSIBLE SUNSHINE (PERCENT)   MM
AVERAGE SKY COVER           0.40
NUMBER OF DAYS FAIR           39
NUMBER OF DAYS PC             32
NUMBER OF DAYS CLOUDY         20

AVERAGE RH (PERCENT)     76

WEATHER CONDITIONS. NUMBER OF DAYS WITH
THUNDERSTORM              7     MIXED PRECIP               0
HEAVY RAIN               11     RAIN                      15
LIGHT RAIN               34     FREEZING RAIN              0
LT FREEZING RAIN          0     HAIL                       0
HEAVY SNOW                0     SNOW                       1
LIGHT SNOW                5     SLEET                      0
FOG                      46     FOG W/VIS <= 1/4 MILE      8
HAZE                      5

-  INDICATES NEGATIVE NUMBERS.
R  INDICATES RECORD WAS SET OR TIED.
MM INDICATES DATA IS MISSING.
T  INDICATES TRACE AMOUNT.
...................................
