000
CXUS53 KGRR 022318
CLSAZO

CLIMATE REPORT
NATIONAL WEATHER SERVICE GRAND RAPIDS, MI
718 PM EDT TUE JUN 2 2015

...................................

...THE KALAMAZOO MI CLIMATE SUMMARY FOR THE SEASON, FROM
3/1/2015 TO 5/31/2015...

CLIMATE NORMAL PERIOD 1981 TO 2010
CLIMATE RECORD PERIOD 1998 TO 2015

WEATHER         OBSERVED          NORMAL  DEPART  LAST YEAR`S
                 VALUE   DATE(S)  VALUE   FROM    VALUE  DATE(S)
                                          NORMAL
................................................................
TEMPERATURE (F)
HIGHEST            85   05/07        MM      MM       87  05/08
LOWEST             -2   03/06        MM      MM       -6  03/03
AVG. MAXIMUM     59.2              58.4     0.8     56.0
AVG. MINIMUM     37.5              37.9    -0.4     33.9
MEAN             48.3              48.1     0.2     45.0
DAYS MAX >= 90      0               0.4    -0.4        0
DAYS MAX <= 32      7               4.0     3.0       11
DAYS MIN <= 32     31              29.9     1.1       38
DAYS MIN <= 0       2               0.0     2.0        2

PRECIPITATION (INCHES)
TOTALS           8.18              9.20   -1.02     5.89
DAILY AVG.       0.09              0.10   -0.01     0.06
DAYS >= .01        29                MM      MM       36
DAYS >= .10        19                MM      MM       18
DAYS >= .50         7                MM      MM        3
DAYS >= 1.00        1                MM      MM        0
GREATEST
 24 HR. TOTAL    1.82   05/30 TO 05/31

DEGREE_DAYS
HEATING TOTAL    1561              1594     -33     1880
 SINCE 7/1       6847              6368     479     7048
COOLING TOTAL      67                42      25       54
 SINCE 1/1         67                41      26       54

FREEZE DATES
EARLIEST                        MM
LATEST                          MM
......................................................

WIND (MPH)
AVERAGE WIND SPEED              8.4
RESULTANT WIND SPEED/DIRECTION   3/257
HIGHEST WIND SPEED/DIRECTION    32/250    DATE  04/10
HIGHEST GUST SPEED/DIRECTION    46/250    DATE  04/10

SKY COVER
POSSIBLE SUNSHINE (PERCENT)   MM
AVERAGE SKY COVER           0.50
NUMBER OF DAYS FAIR           42
NUMBER OF DAYS PC             27
NUMBER OF DAYS CLOUDY         22

AVERAGE RH (PERCENT)     62

WEATHER CONDITIONS. NUMBER OF DAYS WITH
THUNDERSTORM              9     MIXED PRECIP               0
HEAVY RAIN                8     RAIN                      12
LIGHT RAIN               41     FREEZING RAIN              0
LT FREEZING RAIN          1     HAIL                       0
HEAVY SNOW                1     SNOW                       1
LIGHT SNOW                6     SLEET                      0
FOG                      41     FOG W/VIS <= 1/4 MILE      6
HAZE                     26

-  INDICATES NEGATIVE NUMBERS.
R  INDICATES RECORD WAS SET OR TIED.
MM INDICATES DATA IS MISSING.
T  INDICATES TRACE AMOUNT.

$$

EBW
