000
CXUS53 KGRR 032103
CLSBIV

WRKCLMBIV 000
TTAA00 KGRR 032055


CLIMATE REPORT
NATIONAL WEATHER SERVICE GRAND RAPIDS, MI
339 PM EST TUE MAR 3 2015

...................................

...THE HOLLAND/TULIP CITY MI CLIMATE SUMMARY FOR THE SEASON, FROM
12/1/2014 TO 2/28/2015...

CLIMATE NORMAL PERIOD 1981 TO 2010
CLIMATE RECORD PERIOD 1996 TO 2015

WEATHER         OBSERVED          NORMAL  DEPART  LAST YEAR`S
                 VALUE   DATE(S)  VALUE   FROM    VALUE  DATE(S)
                                          NORMAL
................................................................
TEMPERATURE (F)
HIGHEST            52   12/15        MM      MM       58  12/04
LOWEST            -14   02/20        MM      MM      -11  02/12
AVG. MAXIMUM     31.3              34.5    -3.2     27.9
AVG. MINIMUM     18.2              22.7    -4.5     14.2
MEAN             24.8              28.6    -3.8     21.0
DAYS MAX >= 90      0               0.0     0.0        0
DAYS MAX <= 32     41              35.9     5.1       63
DAYS MIN <= 32     77              74.4     2.6       88
DAYS MIN <= 0       9               1.4     7.6       12

PRECIPITATION (INCHES)
TOTALS           2.87              6.19   -3.32     5.59
DAILY AVG.       0.03              0.07   -0.04     0.06
DAYS >= .01        27                MM      MM       50
DAYS >= .10        10                MM      MM       20
DAYS >= .50         1                MM      MM        2
DAYS >= 1.00        0                MM      MM        0
GREATEST
 24 HR. TOTAL    0.61   12/24 TO 12/24           02/28 TO 02/28

DEGREE_DAYS
HEATING TOTAL    3576              3277     299     3922
 SINCE 7/1       4967              4500     467     5158
COOLING TOTAL       0                 0       0        0
 SINCE 1/1          0                 0       0        0

.........................................................

WIND (MPH)
AVERAGE WIND SPEED              9.3
RESULTANT WIND SPEED/DIRECTION   3/247
HIGHEST WIND SPEED/DIRECTION    38/250    DATE  01/08
HIGHEST GUST SPEED/DIRECTION    49/240    DATE  01/08

SKY COVER
AVERAGE SKY COVER           0.70
NUMBER OF DAYS FAIR           13
NUMBER OF DAYS PC             25
NUMBER OF DAYS CLOUDY         52

AVERAGE RH (PERCENT)     71

WEATHER CONDITIONS. NUMBER OF DAYS WITH
THUNDERSTORM              0     MIXED PRECIP               0
HEAVY RAIN                0     RAIN                       4
LIGHT RAIN               13     FREEZING RAIN              1
LT FREEZING RAIN          6     HAIL                       0
HEAVY SNOW               10     SNOW                      17
LIGHT SNOW               50     SLEET                      0
FOG                      45     FOG W/VIS <= 1/4 MILE      7
HAZE                     51

-  INDICATES NEGATIVE NUMBERS.
R  INDICATES RECORD WAS SET OR TIED.
MM INDICATES DATA IS MISSING.
T  INDICATES TRACE AMOUNT.

$$

HOVING
