000
CXUS53 KDVN 012100
CLSCID


CLIMATE REPORT
NATIONAL WEATHER SERVICE QUAD CITIES IA IL
400 PM CDT MON JUN 1 2015

...................................

...THE CEDAR RAPIDS IA CLIMATE SUMMARY FOR THE SEASON, FROM
3/1/2015 TO 5/31/2015...

CLIMATE NORMAL PERIOD 1981 TO 2010
CLIMATE RECORD PERIOD 1891 TO 2015

WEATHER         OBSERVED          NORMAL  DEPART
                 VALUE   DATE(S)  VALUE   FROM
                                          NORMAL
................................................
TEMPERATURE (F)
RECORD
 HIGH             104   05/31/1934
 LOW              -20   03/01/1962
HIGHEST            82   05/03        76       6
                        03/16
LOWEST             -9   03/05        21     -30
AVG. MAXIMUM     61.2              59.5     1.7
AVG. MINIMUM     38.1              37.8     0.3
MEAN             49.6              48.6     1.0
DAYS MAX >= 90      0
DAYS MAX <= 32      4
DAYS MIN <= 32     29
DAYS MIN <= 0       3

PRECIPITATION (INCHES)
TOTALS           7.87              9.30   -1.43
DAILY AVG.       0.09              0.10   -0.01
DAYS >= .01        32
DAYS >= .10        22
DAYS >= .50         5
DAYS >= 1.00        1
GREATEST
 24 HR. TOTAL    1.27   04/24 TO 04/25

DEGREE_DAYS
HEATING TOTAL    1430              1554    -124
 SINCE 7/1       6957              6837     120
COOLING TOTAL      50                50       0
 SINCE 1/1         50                49       1
.................................................

WIND (MPH)
AVERAGE WIND SPEED              11.1
HIGHEST WIND SPEED/DIRECTION    40/280    DATE  04/21
HIGHEST GUST SPEED/DIRECTION    49/280    DATE  04/21

SKY COVER
POSSIBLE SUNSHINE (PERCENT)   MM
AVERAGE SKY COVER           0.40
NUMBER OF DAYS FAIR           47
NUMBER OF DAYS PC             25
NUMBER OF DAYS CLOUDY         20

AVERAGE RH (PERCENT)     68

WEATHER CONDITIONS. NUMBER OF DAYS WITH
THUNDERSTORM             15     HAIL                       0
SLEET                     1     FOG                       45
FOG W/VIS <= 1/4 MILE     5     HAZE                      17

-  INDICATES NEGATIVE NUMBERS.
R  INDICATES RECORD WAS SET OR TIED.
MM INDICATES DATA IS MISSING.
T  INDICATES TRACE AMOUNT.

$$

NOTE: SUPPLEMENTAL CLIMATE DATA WAS USED FROM A NEARBY
CLIMATOLOGICALLY REPRESENTATIVE STATION.

PARAMETER   DATE
---------   ----
   WTR      05/03
   WTR      05/04
