000
CXUS51 KCLE 012311
CLSCLE


CLIMATE REPORT
NATIONAL WEATHER SERVICE CLEVELAND OH
608 PM EST THU DEC 1 2016

...................................

...THE CLEVELAND OH CLIMATE SUMMARY FOR THE SEASON, FROM
9/1/2016 TO 11/30/2016...

CLIMATE NORMAL PERIOD 1981 TO 2010
CLIMATE RECORD PERIOD 1871 TO 2016

WEATHER         OBSERVED          NORMAL  DEPART
                 VALUE   DATE(S)  VALUE   FROM
                                          NORMAL
................................................
TEMPERATURE (F)
RECORD
 HIGH             101   09/03/1953
                        09/02/1953
                        09/01/1953
 LOW                0   11/22/1880
HIGHEST            94   09/07
                        09/06
LOWEST             26   11/23
AVG. MAXIMUM     68.5              62.4     6.1
AVG. MINIMUM     50.4              46.1     4.3
MEAN             59.5              54.2     5.3
DAYS MAX >= 90      3               0.6
DAYS MAX <= 32      0               0.9
DAYS MIN <= 32      4              10.3
DAYS MIN <= 0       0               0.0

PRECIPITATION (INCHES)
RECORD
 MAXIMUM        20.73   1996
 MINIMUM         2.37   1908
TOTALS          10.45             10.50   -0.05
DAYS >= .01        34              34.9
DAYS >= .10        24              21.8
DAYS >= .50         7               6.9
DAYS >= 1.00        3               2.1

SNOWFALL (INCHES)
RECORDS
 TOTAL           23.4   1996
TOTALS            0.9               4.5
DAYS >= TRACE       2
DAYS >= 1.0         0               1.6

DEGREE_DAYS
HEATING TOTAL     716              1083    -367
COOLING TOTAL     236               101     135
.................................................

WIND (MPH)
HIGHEST GUST SPEED/DIRECTION    54/250    DATE  09/10

SKY COVER
POSSIBLE SUNSHINE (PERCENT)   MM
AVERAGE SKY COVER           0.60
NUMBER OF DAYS FAIR           26
NUMBER OF DAYS PC             35
NUMBER OF DAYS CLOUDY         30


WEATHER CONDITIONS. NUMBER OF DAYS WITH
THUNDERSTORM              0     MIXED PRECIP               0
HEAVY RAIN                9     RAIN                      13
LIGHT RAIN               33     FREEZING RAIN              0
LT FREEZING RAIN          0     HAIL                       0
HEAVY SNOW                0     SNOW                       0
LIGHT SNOW                2     SLEET                      0
FOG                      26     FOG W/VIS <= 1/4 MILE      1
HAZE                     16

-  INDICATES NEGATIVE NUMBERS.
R  INDICATES RECORD WAS SET OR TIED.
MM INDICATES DATA IS MISSING.
T  INDICATES TRACE AMOUNT.

$$
