000
CXUS55 KLKN 022118
CLSELY


CLIMATE REPORT
NATIONAL WEATHER SERVICE ELKO NV
1229 PM PST WED DEC 2 2015

...................................

...THE ELY AIRPORT NV CLIMATE SUMMARY FOR THE SEASON, FROM
9/1/2015 TO 11/30/2015...

CLIMATE NORMAL PERIOD 1981 TO 2010
CLIMATE RECORD PERIOD 1893 TO 2015

WEATHER         OBSERVED          NORMAL  DEPART  LAST YEAR`S
                 VALUE   DATE(S)  VALUE   FROM    VALUE
                                          NORMAL
.............................................................
TEMPERATURE (F)
RECORD
 HIGH              93   09/12/1990
                        09/03/1950
                        09/01/1950
 LOW              -20   11/25/2010
HIGHEST            91   09/12        88       3       89
LOWEST             -4   11/28                -3        1
AVG. MAXIMUM     63.5              62.3     1.2     67.6
AVG. MINIMUM     31.4              28.2     3.2     31.5
MEAN             47.5              45.2     2.3     49.5
DAYS MAX >= 90      2               0.2     1.8        0
DAYS MAX <= 32      7               2.4     4.6        1
DAYS MIN <= 32     42              56.8   -14.8       47
DAYS MIN <= 0       5               1.4     3.6        0

PRECIPITATION (INCHES)
RECORD
 MAXIMUM         7.30   1982
 MINIMUM         0.35   1893
TOTALS           3.66              2.53    1.13     1.27
DAILY AVG.       0.04              0.03    0.01        T
DAYS >= .01        19              16.0     3.0       12
DAYS >= .10        10               7.1     2.9        4
DAYS >= .50         2               1.0     1.0        0
DAYS >= 1.00        0               0.1    -0.1        0

SNOWFALL (INCHES)
RECORDS
 TOTAL           26.0   1985
TOTALS           17.7               9.5     8.2      0.7
DAYS >= 1.0         3               3.0     0.0        0
GREATEST
 SNOW DEPTH        13   11/10                          1

DEGREE_DAYS
HEATING TOTAL    1597              1805    -208     1399
COOLING TOTAL      25                 6      19       18
..............................................................

WIND (MPH)
AVERAGE WIND SPEED              9.7
HIGHEST WIND SPEED/DIRECTION    44/150    DATE  11/02
HIGHEST GUST SPEED/DIRECTION    63/190    DATE  11/02

AVERAGE RH (PERCENT)     51

WEATHER CONDITIONS. NUMBER OF DAYS WITH
THUNDERSTORM              0     MIXED PRECIP               0
HEAVY RAIN                2     RAIN                       5
LIGHT RAIN               15     FREEZING RAIN              0
LT FREEZING RAIN          0     HAIL                       1
HEAVY SNOW                1     SNOW                       5
LIGHT SNOW               11     SLEET                      0
FOG                      18     FOG W/VIS <= 1/4 MILE      3
HAZE                      6

-  INDICATES NEGATIVE NUMBERS.
R  INDICATES RECORD WAS SET OR TIED.
MM INDICATES DATA IS MISSING.
T  INDICATES TRACE AMOUNT.

&&

=====================================================================

...16TH WARMEST METEOROLOGICAL FALL ON RECORD IN ELY...
...8TH WETTEST METEOROLOGICAL FALL ON RECORD IN ELY...
...8TH SNOWIEST METEOROLOGICAL FALL ON RECORD IN ELY...

THE AVERAGE TEMPERATURE IN ELY DURING METEOROLOGICAL FALL
(SEPTEMBER-NOVEMBER) 2015 WAS 47.5 DEGREES..WHICH IS 2.3 DEGREES ABOVE
THE 1981-2010 CLIMATOLOGICAL NORMAL OF 45.2 DEGREES. THIS MAKES
METEOROLOGICAL FALL 2015 THE 16TH WARMEST ON RECORD. THE TOTAL
PRECIPITATION WAS 3.66 INCHES...WHICH IS 1.13 INCHES ABOVE OR 145
PERCENT OF THE 1981-2010 CLIMATOLOGICAL NORMAL OF 2.53 INCHES. THIS
MAKES METEOROLOGICAL FALL 2015 THE 8TH WETTEST ON RECORD. THE TOTAL
SNOWFALL WAS 17.7 INCHES...WHICH IS 8.2 INCHES ABOVE OR 186 PERCENT
OF THE 1981-2010 CLIMATOLOGICAL NORMAL OF 9.5 INCHES. THIS MAKES
METEOROLOGICAL FALL 2015 THE 8TH SNOWIEST ON RECORD.

SEPTEMBER 2015 WAS THE WARMEST ON RECORD.

NOVEMBER 2015 WAS THE 2ND SNOWIEST ON RECORD.

$$

NWS ELKO CLIMATE TEAM
