000
CXUS51 KCLE 020220
CLSERI


CLIMATE REPORT
NATIONAL WEATHER SERVICE CLEVELAND OH
914 PM EST FRI DEC 1 2017

...................................

...THE ERIE PA CLIMATE SUMMARY FOR THE SEASON, FROM
9/1/2017 TO 11/30/2017...

CLIMATE NORMAL PERIOD 1981 TO 2010
CLIMATE RECORD PERIOD 1873 TO 2017

WEATHER         OBSERVED          NORMAL  DEPART
                 VALUE   DATE(S)  VALUE   FROM
                                          NORMAL
................................................
TEMPERATURE (F)
RECORD
 HIGH              99   09/03/1953
 LOW                6   11/30/1929
                        11/22/1880
HIGHEST            88   09/25
LOWEST             19   11/11
AVG. MAXIMUM     63.4              60.9     2.5
AVG. MINIMUM     47.3              45.9     1.4
MEAN             55.3              53.4     1.9
DAYS MAX >= 90      0               0.1
DAYS MAX <= 32      0               0.9
DAYS MIN <= 32     10               9.6
DAYS MIN <= 0       0               0.0

PRECIPITATION (INCHES)
RECORD
 MAXIMUM        20.91   1979
 MINIMUM         4.52   1908
TOTALS          14.60             12.59    2.01
DAYS >= .01        37              40.0
DAYS >= .10        27              26.0
DAYS >= .50         7               8.0
DAYS >= 1.00        4               2.4

SNOWFALL (INCHES)
RECORDS
 TOTAL           46.9   1950
TOTALS            0.5               8.7
DAYS >= TRACE       4
DAYS >= 1.0         0               2.2

DEGREE_DAYS
HEATING TOTAL     987              1138    -151
COOLING TOTAL     135                80      55
.................................................

WIND (MPH)
HIGHEST GUST SPEED/DIRECTION    46/200    DATE  10/15

SKY COVER
POSSIBLE SUNSHINE (PERCENT)   MM
NUMBER OF DAYS FAIR           39
NUMBER OF DAYS PC             24
NUMBER OF DAYS CLOUDY         28


WEATHER CONDITIONS. NUMBER OF DAYS WITH
THUNDERSTORM              0     MIXED PRECIP               0
HEAVY RAIN               11     RAIN                      19
LIGHT RAIN               43     FREEZING RAIN              0
LT FREEZING RAIN          0     HAIL                       0
HEAVY SNOW                0     SNOW                       1
LIGHT SNOW                4     SLEET                      0
FOG                      43     FOG W/VIS <= 1/4 MILE      1
HAZE                     14

-  INDICATES NEGATIVE NUMBERS.
R  INDICATES RECORD WAS SET OR TIED.
MM INDICATES DATA IS MISSING.
T  INDICATES TRACE AMOUNT.

$$
