000
CXUS53 KFGF 011041 AAA
CLSFGF

FGFCLMFGF 000
TTAA00 KFGF 011031


CLIMATE REPORT
NATIONAL WEATHER SERVICE EASTERN NORTH DAKOTA/GRAND FORKS
427 AM CST FRI DEC 1 2017

...................................

...THE GRAND FORKS UNIV. (NWS) ND CLIMATE SUMMARY FOR THE SEASON, FROM
9/1/2017 TO 11/30/2017...

CLIMATE NORMAL PERIOD 1981 TO 2010
CLIMATE RECORD PERIOD 1893 TO 2017

WEATHER         OBSERVED          NORMAL  DEPART  LAST YEAR`S
                 VALUE   DATE(S)  VALUE   FROM    VALUE  DATE(S)
                                          NORMAL
................................................................
TEMPERATURE (F)
RECORD
 HIGH             102   09/05/1978
 LOW              -35   11/30/1905
HIGHEST            94   09/12       100      -6       83  09/03
LOWEST             -1   11/09       -35      34       18  11/19
AVG. MAXIMUM     53.7              52.9     0.8     58.0
AVG. MINIMUM     33.9              33.2     0.7     40.6
MEAN             43.8              43.0     0.8     49.3
DAYS MAX >= 90      2               0.5     1.5        0
DAYS MAX <= 32     16              13.4     2.6        1
DAYS MIN <= 32     43              40.7     2.3       24
DAYS MIN <= 0       1               2.0    -1.0        0

PRECIPITATION (INCHES)
RECORD
 MAXIMUM        11.97   2008
 MINIMUM         0.37   1993
TOTALS           5.78              4.87    0.91     7.70
DAILY AVG.       0.06              0.05    0.01     0.09
DAYS >= .01        21              21.7    -0.7       25
DAYS >= .10         9              10.9    -1.9       10
DAYS >= .50         4               2.5     1.5        4
DAYS >= 1.00        1               0.9     0.1        1
GREATEST
 24 HR. TOTAL    2.14   MM                       11/30 TO 11/30
                                                          11/30 TO 11/30
                                                          11/30 TO 11/30
 STORM TOTAL       MM                                 MM
 (MM/DD(HH))            MM                    11/30(00) TO 11/30(00)
                                                 11/30(00) TO 11/30(00)0
                                                 11/30(00) TO 11/30(00)0

SNOWFALL (INCHES)
RECORDS
 TOTAL           24.1   1958
 24 HR TOTAL     12.4   11/18/1998 TO 11/18/1998
 SNOW DEPTH        MM   MM
TOTALS            8.4               7.1     1.3      0.9
 LIQUID EQUIV    0.84              0.70    0.14     0.09
SINCE 7/1         8.4               7.1     1.3      0.9
 LIQUID 7/1      0.84              0.70    0.14     0.09
SNOWDEPTH AVG.      1                MM      MM        0
DAYS >= TRACE      14               4.7     9.3        3
DAYS >= 1.0         3               2.3     0.7        0
GREATEST
 SNOW DEPTH         6   11/04                         -1  11/30
 24 HR TOTAL      2.8   MM                       11/30 TO 11/30
                                                          11/30 TO 11/30
                                                          11/30 TO 11/30
 STORM TOTAL       MM                                 MM
 (MM/DD(HH))            MM                    11/30(00) TO 11/30(00)
                                                 11/30(00) TO 11/30(00)0
                                                 11/30(00) TO 11/30(00)0

DEGREE_DAYS
HEATING TOTAL    1942              2031     -89     1436
 SINCE 7/1         MM              2094      MM       MM
COOLING TOTAL      43                31      12       27
 SINCE 1/1        440               463     -23      461

FREEZE DATES
RECORD
 EARLIEST     MM
 LATEST       MM
EARLIEST                        MM
LATEST                          MM
.................................................

WIND (MPH)
AVERAGE WIND SPEED              MM
RESULTANT WIND SPEED/DIRECTION  MM
HIGHEST WIND SPEED/DIRECTION    MM        DATE   MM
HIGHEST GUST SPEED/DIRECTION    MM        DATE   MM

SKY COVER
POSSIBLE SUNSHINE (PERCENT)   MM
AVERAGE SKY COVER             MM
NUMBER OF DAYS FAIR            0
NUMBER OF DAYS PC              0
NUMBER OF DAYS CLOUDY          0

AVERAGE RH (PERCENT)     MM

WEATHER CONDITIONS. NUMBER OF DAYS WITH
THUNDERSTORM              0     MIXED PRECIP               0
HEAVY RAIN                2     RAIN                       4
LIGHT RAIN                8     FREEZING RAIN              0
LT FREEZING RAIN          0     HAIL                       0
HEAVY SNOW                0     SNOW                       1
LIGHT SNOW                7     SLEET                      0
FOG                       5     FOG W/VIS <= 1/4 MILE      0
HAZE                      0

-  INDICATES NEGATIVE NUMBERS.
R  INDICATES RECORD WAS SET OR TIED.
MM INDICATES DATA IS MISSING.
T  INDICATES TRACE AMOUNT.

&&

REMARKS...

THE SEPTEMBER TO NOVEMBER FALL OF 2017 WAS MARKED BY EARLY WINTER
WEATHER AT THE END OF THE MONTH OF OCTOBER FOLLOWED BY FLUCTUATING
TEMPERATURE BELOW AND ABOVE AVERAGE TEMPERATURES THROUGH NOVEMBER.
AT THE NWS/UND CLIMATE STATION THE HIGHEST TEMPERATURE REACHED 94
DEGREES IN EARLY SEPTEMBER AND DROPPED TO MINUS ONE DEGREES BY MID
NOVEMBER. THE FALL OF 2017 WAS ABOVE AVERAGE IN PRECIPITATION WITH
5.78 INCHES OF PRECIPITATION FALLING DURING THE THREE MONTH PERIOD.
8.4 INCHES OF SNOW FELL THIS FALL, WHICH IS 1.3 INCHES ABOVE THE
SEASONAL AVERAGE.


REMEMBER... THIS DATA IS PROVISIONAL AND SUBJECT TO CHANGE. THE FINAL
AND OFFICIAL RECORDS WILL BE AVAILABLE FROM THE NATIONAL CENTERS FOR
ENVIRONMENTAL INFORMATION (FORMERLY THE NATIONAL CLIMATE DATA
CENTER).


$$
