000
CXUS53 KDVN 011158
CLSIOW


CLIMATE REPORT
NATIONAL WEATHER SERVICE QUAD CITIES IA IL
649 AM CDT THU SEP 1 2016

...................................

...THE IOWA CITY IA CLIMATE SUMMARY FOR THE SEASON, FROM
6/1/2016 TO 8/31/2016...

CLIMATE NORMAL PERIOD 1981 TO 2010
CLIMATE RECORD PERIOD 9999 TO 9999

WEATHER         OBSERVED          NORMAL  DEPART
                 VALUE   DATE(S)  VALUE   FROM
                                          NORMAL
................................................
TEMPERATURE (F)
HIGHEST            94   07/21        85       9
                        06/15
                        06/10
LOWEST             49   06/08        57      -8
AVG. MAXIMUM     84.0              82.9     1.1
AVG. MINIMUM     65.1              63.1     2.0
MEAN             74.5              73.0     1.5
DAYS MAX >= 90     14
DAYS MAX <= 32      0
DAYS MIN <= 32      0
DAYS MIN <= 0       0

PRECIPITATION (INCHES)
TOTALS          17.03             14.06    2.97
DAILY AVG.       0.19              0.15    0.04
DAYS >= .01        30
DAYS >= .10        23
DAYS >= .50        10
DAYS >= 1.00        4
GREATEST
 24 HR. TOTAL    3.26   06/21 TO 06/22

DEGREE_DAYS
HEATING TOTAL       4                25     -21
 SINCE 7/1          2                 8      -6
COOLING TOTAL     904               761     143
 SINCE 1/1        976               822     154
.................................................

WIND (MPH)
AVERAGE WIND SPEED              6.6
HIGHEST WIND SPEED/DIRECTION    40/290    DATE  07/13
HIGHEST GUST SPEED/DIRECTION    59/340    DATE  07/06

SKY COVER
POSSIBLE SUNSHINE (PERCENT)   MM
AVERAGE SKY COVER           0.30
NUMBER OF DAYS FAIR           66
NUMBER OF DAYS PC             24
NUMBER OF DAYS CLOUDY          2

AVERAGE RH (PERCENT)     74

WEATHER CONDITIONS. NUMBER OF DAYS WITH
THUNDERSTORM             30     HAIL                       0
SLEET                     0     FOG                       37
FOG W/VIS <= 1/4 MILE     1     HAZE                       3

-  INDICATES NEGATIVE NUMBERS.
R  INDICATES RECORD WAS SET OR TIED.
MM INDICATES DATA IS MISSING.
T  INDICATES TRACE AMOUNT.

============================================================

NOTE: SUPPLEMENTAL CLIMATE DATA WAS USED FROM A NEARBY
CLIMATOLOGICALLY REPRESENTATIVE STATION.

PARAMETER    DATE
---------    ----
   WTR      07/17

============================================================

$$

GROSS
