000
CXUS54 KLZK 011848
CLSLIT


CLIMATE REPORT
NATIONAL WEATHER SERVICE LITTLE ROCK AR
1243 PM CST MON DEC 1 2014

...................................

...THE LITTLE ROCK ADAMS FIELD CLIMATE SUMMARY FOR THE SEASON, FROM
9/1/2014 TO 11/30/2014...

CLIMATE NORMAL PERIOD 1981 TO 2010
CLIMATE RECORD PERIOD 1874 TO 2014

WEATHER         OBSERVED          NORMAL  DEPART  LAST YEAR`S
                 VALUE   DATE(S)  VALUE   FROM    VALUE  DATE(S)
                                          NORMAL
................................................................
TEMPERATURE (F)
RECORD
 HIGH             106   09/01/1947
 LOW               10   11/18/1880
HIGHEST            95   09/05        MM      MM      101  09/08
LOWEST             20   11/18        MM      MM       22  11/28
AVG. MAXIMUM     73.9              74.5    -0.6     74.4
AVG. MINIMUM     52.5              53.1    -0.6     53.0
MEAN             63.2              63.8    -0.6     63.7
DAYS MAX >= 90     10               9.6     0.4       17
DAYS MAX <= 32      0               0.0     0.0        0
DAYS MIN <= 32     11               4.2     6.8        9
DAYS MIN <= 0       0               0.0     0.0        0

PRECIPITATION (INCHES)
TOTALS           7.84             13.37   -5.53    11.24
DAILY AVG.       0.09              0.15   -0.06     0.13
DAYS >= .01        19              24.4    -5.4       27
DAYS >= .10        16              16.8    -0.8       19
DAYS >= .50         8               7.9     0.1        8
DAYS >= 1.00        2               4.2    -2.2        4
GREATEST
 24 HR. TOTAL    1.14   10/12 TO 10/13

SNOWFALL (INCHES)
RECORDS
 TOTAL            9.4   1880
 24 HR TOTAL      9.4   11/17/1880 TO 11/17/1880
 SNOW DEPTH         3   11/23/1971
                        11/09/1892
TOTALS            0.1                 T     0.1      0.0
 LIQUID EQUIV    0.01                 T    0.01     0.00
SINCE 7/1         0.1                 T     0.1      0.0
 LIQUID 7/1      0.01                MM      MM     0.00
SNOWDEPTH AVG.      0                 0       0        0
DAYS >= TRACE       3               0.0     3.0        0
DAYS >= 1.0         0               0.0     0.0        0
GREATEST
 SNOW DEPTH         T   11/13                          0  MM
 24 HR TOTAL      0.1   11/13 TO 11/13

DEGREE_DAYS
HEATING TOTAL     571               514      57      584
 SINCE 7/1         MM               514      MM      584
COOLING TOTAL     440               403      37      496
 SINCE 1/1       2050              2204    -154     2202

FREEZE DATES
RECORD
 EARLIEST     10/20/1989
 LATEST       04/19/1983
EARLIEST                        11/13
LATEST                          03/19
...................................................

WIND (MPH)
AVERAGE WIND SPEED              6.4
HIGHEST WIND SPEED/DIRECTION    38/310    DATE  10/06
HIGHEST GUST SPEED/DIRECTION    53/300    DATE  10/06

SKY COVER
POSSIBLE SUNSHINE (PERCENT)   MM
AVERAGE SKY COVER           0.50
NUMBER OF DAYS FAIR           36
NUMBER OF DAYS PC             40
NUMBER OF DAYS CLOUDY         15


WEATHER CONDITIONS. NUMBER OF DAYS WITH
THUNDERSTORM              0     MIXED PRECIP               0
HEAVY RAIN                7     RAIN                      13
LIGHT RAIN               25     FREEZING RAIN              0
LT FREEZING RAIN          0     HAIL                       0
HEAVY SNOW                0     SNOW                       1
LIGHT SNOW                3     SLEET                      1
FOG                      30     FOG W/VIS <= 1/4 MILE      4
HAZE                      7

-  INDICATES NEGATIVE NUMBERS.
R  INDICATES RECORD WAS SET OR TIED.
MM INDICATES DATA IS MISSING.
T  INDICATES TRACE AMOUNT.

&&

...DATA FOR LITTLE ROCK ADAMS FIELD FOR FALL 2014...

.SUMMARY...
THE FALL SEASON STARTED OUT ON THE WARM SIDE. AVERAGE TEMPERATURES
WERE THE WARMEST IN EARLY OCTOBER...AND DURING MUCH OF THE LAST WEEK
OF THAT MONTH. THE COLDEST PERIOD WAS DURING THE MIDDLE OF
NOVEMBER...WHEN DAILY TEMPERATURES WERE AS MUCH AS 15-20 DEGREES
BELOW AVERAGE. THERE WERE 11 DAYS WITH FREEZING TEMPERATURES...ALL
DURING THE MONTH OF NOVEMBER. THIS MARKED THE MOST FREEZES IN THE
FALL SINCE 1993.

RAINFALL WAS BELOW THE 30-YEAR AVERAGE FOR THE THIRD FALL IN A ROW.
THIS WAS THE DRIEST FALL IN NEARLY A DECADE. SNOW FELL IN THE FALL
FOR THE FIRST TIME SINCE 2001.

.TEMPERATURES...
THE AVERAGE HIGH...LOW...AND SEASONAL TEMPERATURES WERE THE COOLEST
SINCE 2012.

.RAINFALL...
IT WAS THE DRIEST FALL SINCE 2005.

.SNOWFALL...
IT WAS THE SNOWIEST FALL SINCE 1995.

$$

57
