000
CXUS51 KRNK 011215 CCA
CLSLYH

CLIMATE REPORT
NATIONAL WEATHER SERVICE BLACKSBURG VA
650 AM EST SAT MAR 1 2014

...................................

...THE LYNCHBURG VA CLIMATE SUMMARY FOR THE SEASON, FROM
12/1/2013 TO 2/28/2014...

CLIMATE NORMAL PERIOD 1981 TO 2010
CLIMATE RECORD PERIOD 1893 TO 2014

WEATHER         OBSERVED          NORMAL  DEPART
                 VALUE   DATE(S)  VALUE   FROM
                                          NORMAL
................................................
TEMPERATURE (F)
RECORD
 HIGH              82   02/11/1932
 LOW              -10   02/05/1996
                        01/21/1985
HIGHEST            73   12/06
LOWEST              1   01/24
AVG. MAXIMUM     46.6              47.4    -0.8
AVG. MINIMUM     25.3              26.4    -1.1
MEAN             36.0              36.9    -0.9
DAYS MAX >= 90      0               0.0     0.0
DAYS MAX <= 32      7               6.1     0.9
DAYS MIN <= 32     76              67.0     9.0
DAYS MIN <= 0       0               0.4    -0.4

PRECIPITATION (INCHES)
RECORD
 MAXIMUM        18.30   1901
 MINIMUM         4.69   1906
TOTALS          12.77              9.31    3.46
DAILY AVG.       0.14              0.10    0.04
DAYS >= .01        29              28.2     0.8
DAYS >= .10        20              17.6     2.4
DAYS >= .50        11               6.5     4.5
DAYS >= 1.00        3               1.9     1.1
GREATEST
 24 HR. TOTAL    1.69

SNOWFALL (INCHES)
TOTALS           12.0
SINCE 7/1        12.0
SNOWDEPTH AVG.      0
DAYS >= TRACE      10
DAYS >= 1.0         3
GREATEST
 SNOW DEPTH         8
 24 HR TOTAL      5.9

DEGREE_DAYS
HEATING TOTAL    2596              2529      67
 SINCE 7/1         MM              3424      MM
COOLING TOTAL       0                 0       0
 SINCE 1/1          0                 0       0
.................................................

WIND (MPH)
AVERAGE WIND SPEED              5.0
HIGHEST WIND SPEED/DIRECTION    30/210
HIGHEST GUST SPEED/DIRECTION    41/210

SKY COVER
POSSIBLE SUNSHINE (PERCENT)   MM
AVERAGE SKY COVER           0.40
NUMBER OF DAYS FAIR           52
NUMBER OF DAYS PC             21
NUMBER OF DAYS CLOUDY         17

AVERAGE RH (PERCENT)     62

WEATHER CONDITIONS. NUMBER OF DAYS WITH
THUNDERSTORM              1     MIXED PRECIP               0
HEAVY RAIN                6     RAIN                      15
LIGHT RAIN               22     FREEZING RAIN              2
LT FREEZING RAIN          5     HAIL                       0
HEAVY SNOW                1     SNOW                       2
LIGHT SNOW               11     SLEET                      2
FOG                      31     FOG W/VIS <= 1/4 MILE      6
HAZE                      1

-  INDICATES NEGATIVE NUMBERS.
R  INDICATES RECORD WAS SET OR TIED.
MM INDICATES DATA IS MISSING.
T  INDICATES TRACE AMOUNT.

$$
