000
CXUS53 KEAX 032237
CLSMCI

CLIMATE REPORT
NATIONAL WEATHER SERVICE KANSAS CITY/PLEASANT HILL MO
527 PM CDT WED JUN 3 2015

...................................

...THE KANSAS CITY INTERNATIONAL CLIMATE SUMMARY FOR THE SEASON, FROM
3/1/2015 TO 5/31/2015...

CLIMATE NORMAL PERIOD 1981 TO 2010
CLIMATE RECORD PERIOD 1888 TO 2015

WEATHER         OBSERVED          NORMAL  DEPART  LAST YEAR`S
                 VALUE   DATE(S)  VALUE   FROM    VALUE  DATE(S)
                                          NORMAL
................................................................
TEMPERATURE (F)
RECORD
 HIGH             103   05/30/1934
 LOW              -10   03/04/1978
HIGHEST            85   04/07        88      -3       89  05/28
LOWEST              6   03/05        14      -8       -7  03/03
AVG. MAXIMUM     66.4              65.2     1.2     65.1
AVG. MINIMUM     44.9              43.9     1.0     41.4
MEAN             55.7              54.5     1.2     53.2
DAYS MAX >= 90      0               0.6    -0.6        0
DAYS MAX <= 32      2               1.3     0.7        3
DAYS MIN <= 32     11              18.3    -7.3       23
DAYS MIN <= 0       0               0.1    -0.1        2

PRECIPITATION (INCHES)
RECORD
 MAXIMUM        22.90   1904
 MINIMUM         5.02   1928
TOTALS          14.42             11.30    3.12     6.87
DAILY AVG.       0.16              0.12    0.04     0.07
DAYS >= .01        38              32.0     6.0       29
DAYS >= .10        27              19.9     7.1       14
DAYS >= .50        11               8.0     3.0        5
DAYS >= 1.00        3               2.6     0.4        1
GREATEST
 24 HR. TOTAL    2.21   MM

SNOWFALL (INCHES)
RECORDS
 TOTAL           40.2   1912
TOTALS              T               2.6    -2.6      3.5
SINCE 7/1        14.2              18.8    -4.6     26.1
DAYS >= TRACE       3               2.1     0.9        9
DAYS >= 1.0         0               0.8    -0.8        2
GREATEST
 SNOW DEPTH         1   03/02
                        03/01
 24 HR TOTAL      0.0   MM

DEGREE_DAYS
HEATING TOTAL     902              1079    -177     1222
COOLING TOTAL      68               116     -48      161
.................................................................

WIND (MPH)
AVERAGE WIND SPEED              10.5
HIGHEST WIND SPEED/DIRECTION    37/140    DATE  04/12
HIGHEST GUST SPEED/DIRECTION    45/140    DATE  04/12

SKY COVER
POSSIBLE SUNSHINE (PERCENT)   MM
AVERAGE SKY COVER           0.60
NUMBER OF DAYS FAIR           18
NUMBER OF DAYS PC             31
NUMBER OF DAYS CLOUDY         43

AVERAGE RH (PERCENT)     67

WEATHER CONDITIONS. NUMBER OF DAYS WITH
THUNDERSTORM              0     MIXED PRECIP               0
HEAVY RAIN               14     RAIN                      25
LIGHT RAIN               50     FREEZING RAIN              0
LT FREEZING RAIN          0     HAIL                       1
HEAVY SNOW                0     SNOW                       0
LIGHT SNOW                2     SLEET                      0
FOG                      43     FOG W/VIS <= 1/4 MILE      4
HAZE                     16

-  INDICATES NEGATIVE NUMBERS.
R  INDICATES RECORD WAS SET OR TIED.
MM INDICATES DATA IS MISSING.
T  INDICATES TRACE AMOUNT.

$$
