646
CXUS53 KDDC 011414
CLSP28


CLIMATE REPORT
NATIONAL WEATHER SERVICE DODGE CITY KS
908 AM CDT FRI SEP 1 2017

...................................

...THE MEDICINE LODGE KS CLIMATE SUMMARY FOR THE SEASON, FROM
6/1/2017 TO 8/31/2017...

CLIMATE NORMAL PERIOD 1981 TO 2010
CLIMATE RECORD PERIOD 1893 TO 2017

WEATHER         OBSERVED          NORMAL  DEPART  LAST YEAR`S
                 VALUE   DATE(S)  VALUE   FROM    VALUE  DATE(S)
                                          NORMAL
................................................................
TEMPERATURE (F)
RECORD
 HIGH             118   08/12/1936
 LOW               39   06/13/1903
HIGHEST           106   07/22        MM      MM      106  07/22
                        07/21
LOWEST             53   08/30        MM      MM       51  08/21
                        08/29
AVG. MAXIMUM     91.0              92.1    -1.1     93.0
AVG. MINIMUM     65.9              67.4    -1.5     68.3
MEAN             78.4              79.7    -1.3     80.6
DAYS MAX >= 90     49              56.2    -7.2       63
DAYS MAX <= 32      0               0.0     0.0        0
DAYS MIN <= 32      0               0.0     0.0        0
DAYS MIN <= 0       0               0.0     0.0        0

PRECIPITATION (INCHES)
RECORD
 MAXIMUM        18.61   1948
 MINIMUM         2.60   1964
TOTALS           6.58             10.61   -4.03    11.65
DAILY AVG.       0.07              0.12   -0.05     0.12
DAYS >= .01        28              23.6     4.4       28
DAYS >= .10        16              15.1     0.9       13
DAYS >= .50         2               7.1    -5.1        8
DAYS >= 1.00        1               2.9    -1.9        5
GREATEST
 24 HR. TOTAL    2.57   08/09 TO 08/09           08/11 TO 08/12

SNOWFALL (INCHES)
RECORDS
 TOTAL             MM   MM
 24 HR TOTAL       MM
 SNOW DEPTH        MM   MM
TOTALS            0.0               0.0     0.0      0.0
 LIQUID EQUIV    0.00              0.00    0.00     0.00
SINCE 7/1         0.0               0.0     0.0      0.0
 LIQUID 7/1      0.00              0.00    0.00     0.00
SNOWDEPTH AVG.      0                MM      MM        0
DAYS >= TRACE       0               0.0     0.0        0
DAYS >= 1.0         0               0.0     0.0        0
GREATEST
 SNOW DEPTH         0   MM                             0  MM
 24 HR TOTAL      0.0   MM                       08/12 TO 08/12

DEGREE_DAYS
HEATING TOTAL       0                 4      -4        0
 SINCE 7/1          0                 0       0        0
COOLING TOTAL    1261              1356     -95     1463
 SINCE 1/1       1359              1511    -152     1600

...................................................

WIND (MPH)
AVERAGE WIND SPEED              7.9
RESULTANT WIND SPEED/DIRECTION   4/140
HIGHEST WIND SPEED/DIRECTION    44/220    DATE  06/15
HIGHEST GUST SPEED/DIRECTION    61/280    DATE  06/14

AVERAGE RH (PERCENT)     62


-  INDICATES NEGATIVE NUMBERS.
R  INDICATES RECORD WAS SET OR TIED.
MM INDICATES DATA IS MISSING.
T  INDICATES TRACE AMOUNT.

$$
