000
CXUS51 KGYX 031827 CCA
CLSPWM

PWMCLMPWM 000
TTAA00 KGYX 031622


CLIMATE REPORT
NATIONAL WEATHER SERVICE GRAY ME
1136 AM EST TUE MAR 3 2015

...................................

...THE PORTLAND ME CLIMATE SUMMARY FOR THE SEASON, FROM
12/1/2014 TO 2/28/2015...

CLIMATE NORMAL PERIOD 1981 TO 2010
CLIMATE RECORD PERIOD 1940 TO 2015 /FOR TEMPERATURES/
CLIMATE RECORD PERIOD 1871 TO 2015 /FOR PRECIPITATION/
CLIMATE RECORD PERIOD 1882 TO 2015 /FOR SNOWFALL/

WEATHER         OBSERVED          NORMAL  DEPART  LAST YEAR`S
                 VALUE   DATE(S)  VALUE   FROM    VALUE  DATE(S)
                                          NORMAL
................................................................
TEMPERATURE (F)
RECORD
 HIGH              71   12/06/2001
                        12/07/1998
 LOW              -39   02/16/1943
HIGHEST            59   12/01        59       0       51  01/12
LOWEST            -11   02/24       -10      -1      -14  01/04
AVG. MAXIMUM     31.8              34.3    -2.5     31.0
AVG. MINIMUM     13.9              16.8    -2.9     14.2
MEAN             22.8              25.6    -2.8     22.6
DAYS MAX >= 90      0               0.0     0.0        0
DAYS MAX <= 32     45              37.0     8.0       49
DAYS MIN <= 32     81              82.9    -1.9       85
DAYS MIN <= 0      18               7.6    10.4       10

PRECIPITATION (INCHES)
RECORD
 MAXIMUM        20.49   1935
 MINIMUM         4.12   1872
TOTALS          13.75             10.65    3.10    12.76
DAILY AVG.       0.15              0.12    0.03     0.14
DAYS >= .01        41              32.3     8.7       41
DAYS >= .10        26              19.5     6.5       25
DAYS >= .50         7               7.0     0.0       10
DAYS >= 1.00        2               2.7    -0.7        1
GREATEST
 24 HR. TOTAL    2.37   01/27

SNOWFALL (INCHES)
RECORDS
 TOTAL          107.6   1971
TOTALS           78.9              44.5    34.4     78.3
SINCE 7/1        89.2              46.4    42.8     78.8
SNOWDEPTH AVG.      9
DAYS >= TRACE      41              20.1    20.9       34
DAYS >= 1.0        20              11.5     8.5       15
GREATEST
 SNOW DEPTH        25   02/19
 24 HR TOTAL     22.2   01/27

DEGREE_DAYS
HEATING TOTAL    3743              3550     193     3788
 SINCE 7/1       5054              5042      12     5239
COOLING TOTAL       0                 0       0        0
 SINCE 1/1          0                 0       0        0
.................................................................

WIND (MPH)
AVERAGE WIND SPEED              8.3
HIGHEST WIND SPEED/DIRECTION    39/290    DATE  01/05
HIGHEST GUST SPEED/DIRECTION    51/280    DATE  01/05

SKY COVER
AVERAGE SKY COVER           0.60

AVERAGE RH (PERCENT)     65

WEATHER CONDITIONS. NUMBER OF DAYS WITH
THUNDERSTORM              0     HEAVY RAIN                 1
RAIN                      8     LIGHT RAIN                15
FREEZING RAIN             2     LT FREEZING RAIN           4
HEAVY SNOW                3     SNOW                      11
LIGHT SNOW               36     FOG                       41
FOG W/VIS <= 1/4 MILE     6     HAZE                      27

-  INDICATES NEGATIVE NUMBERS.
R  INDICATES RECORD WAS SET OR TIED.
MM INDICATES DATA IS MISSING.
T  INDICATES TRACE AMOUNT.

&&

WINTER 2014/15 WAS A TALE OF TWO SEASONS. AFTER AN EARLY BOUT OF
COLD AND SNOW AROUND THANKSGIVING, DECEMBER TOOK A TURN TOWARD
WARMER WEATHER WITH VERY LITTLE SNOW. BY CHRISTMAS PORTLAND WAS
EXPERIENCING RECORD WARMTH WITH ALL OF THE EARLY SEASON SNOW PACK
MELTING BEFORE CHRISTMAS DAY. DECEMBER FINISHED AS THE 4TH WARMEST
ON RECORD. BUT THE WEATHER PATTERN BEGAN TO SHIFT JUST IN TIME FOR
NEW YEARS, WITH COLDER WEATHER BEING DOMINANT THROUGH JANUARY AND
ESPECIALLY INTO FEBRUARY, CULMINATING IN THE COLDEST FEBRUARY ON
RECORD. A PERIOD OF PERSISTENT SNOWY WEATHER BEGAN TOWARD THE END OF
JANUARY AND LASTED THROUGH THE END OF FEBRUARY. A NEW SNOWSTORM
BROUGHT SNOWFALL JUST ABOUT EVERY OTHER DAY. THE BIGGEST SNOWSTORM
WAS THE BLIZZARD WHICH BROUGHT 23.8 INCHES OF SNOW ON JANUARY 27 AND
28. BY THE END OF FEBRUARY THERE WAS STILL MORE THAN 20 INCHES OF
SNOW ON THE GROUND IN PORTLAND.

THE AVERAGE TEMPERATURE FOR THE WINTER WAS 22.8 DEGREES WHICH WAS
2.8 DEGREES BELOW NORMAL. THIS WINTER SEASON INCLUDED THE 4TH
WARMEST DECEMBER AND THE COLDEST FEBRUARY ON RECORD. THE WARMEST
WEATHER WAS ON DECEMBER 1 WHEN THE TEMPERATURE REACHED 59 DEGREES.
THE COLDEST WAS FEBRUARY 24 WHEN THE TEMPERATURE DROPPED TO 11 BELOW
ZERO. THE WARMEST WINTER SEASON ON RECORD WAS 2001/02 WHEN THE
AVERAGE TEMPERATURE WAS 31.3 DEGREES. THE COLDEST WAS 1970/71 WITH
AN AVERAGE OF 17.9 DEGREES.

THERE WERE 18 DAYS WHICH FELL TO ZERO DEGREES OR COLDER THIS WINTER.
THIS WAS MORE THAN 10 DAYS MORE THAN NORMAL AND THE MOST SINCE THE
WINTER OF 1993/94 WHEN THERE WERE 20 DAYS THAT REACHED ZERO OR
COLDER.

A TOTAL OF 13.75 INCHES OF PRECIPITATION WAS MEASURED THIS WINTER.
THIS IS 3.10 INCHES ABOVE NORMAL. THE MOST PRECIPITATION FELL FROM
DECEMBER 9 THROUGH 11 WHEN 2.68 INCHES OF PRECIPITATION WAS
MEASURED. THIS MARKS THE THIRD STRAIGHT YEAR OF ABOVE NORMAL WINTER
PRECIPITATION. THE LAST TIME THE WINTER SEASON SAW SIGNIFICANTLY
BELOW NORMAL PRECIPITATION WAS THE WINTER OF 2006/07 AT ONLY 7.18
INCHES. THE WETTEST WINTER SEASON ON RECORD WAS 1934/35 WITH 20.49
INCHES. THE DRIEST WAS 1871/72 WITH 4.12 INCHES.

SNOWFALL FOR THE WINTER SEASON TOTALED 78.3 INCHES WHICH WAS 34.4
INCHES ABOVE NORMAL. THIS WAS THE 12TH SNOWIEST WINTER ON RECORD,
RANKING JUST ABOVE LAST YEAR (2013/14 78.3 INCHES) AND JUST BELOW
THE YEAR BEFORE THAT (2012/13 81.7 INCHES). SNOWFALL FOR THE ENTIRE
SNOW SEASON SO FAR STANDS AT 89.6 INCHES. THE HEAVIEST SNOW FELL ON
JANUARY 27 AND 28 WHEN 23.8 INCHES WAS RECORDED, ABOUT ONE THIRD OF
THE TOTAL WINTER SEASON SNOWFALL. THE SNOWIEST WINTER SEASON ON
RECORD WAS 1970/71 WHEN 107.6 INCHES WAS MEASURED. THE LEAST SNOWY
WINTER SEASON WAS 1936/37 WHEN ONLY 9.5 INCHES WAS RECORDED.

THERE WERE 20 DAYS THIS WINTER THAT RECORDED AT LEAST 1 INCH OF
SNOWFALL. THIS WAS THE MOST SINCE THE WINTER OF 1995/96 AND TIED FOR
THE 6TH MOST ON RECORD. THE FOLLOWING TABLE LISTS THE MOST DAYS WITH
AT LEAST 1 INCH OF SNOWFALL IN THE WINTER SEASON.

DAYS WITH AT LEAST 1 INCH OF SNOWFALL (SINCE 1882)
RANK  DAYS  SEASON
1     25    1886/87
2     23    1995/96
3     21    1926/27
      21    1906/07
      21    1883/84
6     20    2014/15 <===
      20    2007/08
      20    1966/67
      20    1890/91
10    19    1970/71 (AND 4 OTHERS)

THE FOLLOWING DAILY RECORDS WERE SET OR TIED IN WINTER 2014/15...
DATE      RECORD                              PREVIOUS
DEC 9     1.95 - GREATEST PRECIPITATION       1.38 IN 1973
DEC 10    2    - SMALLEST DAILY RANGE         5 IN 1972, 1969, 1957, AND 1952
DEC 17    5    - SMALLEST DAILY RANGE         6 IN 1998
DEC 24    37   - WARMEST LOW TEMPERATURE      37 IN 1994 AND 1964 /TIED/
DEC 24    3    - SMALLEST DAILY RANGE         5 IN 1994 AND 1964
DEC 25    53   - WARMEST HIGH TEMPERATURE     53 IN 1994 /TIED/
DEC 25    38   - WARMEST LOW TEMPERATURE      38 IN 1979 AND 1964 /TIED/
DEC 25    46   - WARMEST AVERAGE TEMPERATURE  43 IN 1994 AND 1964
DEC 28    37   - WARMEST LOW TEMPERATURE      37 IN 2008 /TIED/
JAN 19    42   - WARMEST AVERAGE TEMPERATURE  42 IN 1996 /TIED/
JAN 27    2.37 - GREATEST PRECIPITATION       1.77 IN 1880
JAN 27    22.2 - GREATEST SNOWFALL            8.0 IN 1963
FEB 9     5    - SMALLEST DAILY RANGE         6 IN 1982
FEB 24    19   - COLDEST HIGH TEMPERATURE     22 IN 2005
FEB 24    -11  - COLDEST LOW TEMPERATURE      -7 IN 1956
FEB 24    4    - COLDEST AVERAGE TEMPERATURE  11 IN 1965

$$

KIMBLE
