255
CXUS54 KTSA 010950
CF6BVO
PRELIMINARY LOCAL CLIMATOLOGICAL DATA (WS FORM: F-6)
STATION: BARTLESVILLE OKLAHOMA
MONTH: JANUARY
YEAR: 2021
LATITUDE: 36 45 N
LONGITUDE: 96 0 W
TEMPERATURE IN F: :PCPN: SNOW: WIND :SUNSHINE: SKY :PK WND
================================================================================
1 2 3 4 5 6A 6B 7 8 9 10 11 12 13 14 15 16 17 18
12Z AVG MX 2MIN
DY MAX MIN AVG DEP HDD CDD WTR SNW DPTH SPD SPD DIR MIN PSBL S-S WX SPD DR
================================================================================
1 36 32 34 0 31 0 1.01 0.0 M 7.7 29 10 M M 10 16 45 360
2 39 29 34 0 31 0 T M M 1.9 10 170 M M 8 12 12 160
3 50 27 39 5 26 0 0.00 0.0 M 2.1 12 160 M M 3 12 16 160
4 59 25 42 8 23 0 0.00 0.0 M 2.3 13 350 M M 0 20 320
5 58 22 40 6 25 0 0.00 0.0 M 5.6 17 150 M M 0 23 180
6 45 35 40 6 25 0 0.45 0.0 M 4.4 13 170 M M 8 18 15 150
7 41 34 38 4 27 0 0.02 0.0 M 7.7 14 50 M M 10 1 18 50
8 42 25 34 0 31 0 0.00 0.0 M 3.9 13 360 M M 8 18 18 360
9 43 20 32 -2 33 0 0.00 0.0 M 1.9 9 30 M M 0 18 12 50
10 34 20 27 -7 38 0 0.00 0.0 M 2.5 14 10 M M 3 18 15 20
11 46 18 32 -2 33 0 0.00 0.0 M 2.0 12 220 M M 1 1 15 260
12 54 21 38 3 27 0 0.00 0.0 M 5.8 15 220 M M 0 22 230
13 60 22 41 6 24 0 0.00 0.0 M 7.4 17 210 M M 0 1 25 230
14 55 33 44 9 21 0 0.00 0.0 M 7.5 17 290 M M 3 35 10
15 43 32 38 3 27 0 T M M 8.3 17 300 M M 7 8 35 300
16 50 23 37 2 28 0 0.00 0.0 M 4.0 10 250 M M 1 17 280
17 53 26 40 5 25 0 0.00 0.0 M 5.1 15 290 M M 1 8 26 280
18 56 33 45 10 20 0 0.00 0.0 M 4.2 14 210 M M 2 19 200
19 49 25 37 2 28 0 0.00 0.0 M 2.3 15 360 M M 0 21 360
20 50 23 37 2 28 0 0.00 0.0 M 5.8 25 210 M M 3 12 33 210
21 51 27 39 4 26 0 0.00 0.0 M 1.5 8 170 M M 4 12 11 180
22 49 29 39 4 26 0 0.00 0.0 M 9.5 20 40 M M 0 26 40
23 45 20 33 -2 32 0 0.00 0.0 M 7.9 18 150 M M 6 25 140
24 49 40 45 9 20 0 0.45 0.0 M 7.4 14 20 M M 10 123 17 100
25 48 36 42 6 23 0 1.36 M M 7.1 20 20 M M 10 13 27 270
26 36 30 33 -3 32 0 0.00 0.0 M 6.4 15 30 M M 10 8 26 270
27 34 29 32 -4 33 0 T M M 5.0 12 30 M M 10 18 10
28 30 29 30 -6 35 0 M M M 5.3 7 60 M M 10 M M
29 M M M M M M M M M M M M M M M M M
30 60 40 50 14 15 0 1.01 0.0 M 9.3 20 220 M M 10 13 34 220
31 43 33 38 2 27 0 0.00 0.0 M 6.2 14 350 M M 10 25 350
================================================================================
SM 1408 838 820 0 4.30 0.0 158.0 M 148
================================================================================
AV 46.9 27.9 5.3 FASTST M M 5 MAX(MPH)
MISC ----> 29 10 45 360
================================================================================
NOTES:
# LAST OF SEVERAL OCCURRENCES
COLUMN 17 PEAK WIND IN M.P.H.
PRELIMINARY LOCAL CLIMATOLOGICAL DATA (WS FORM: F-6) , PAGE 2
STATION: BARTLESVILLE OKLAHOMA
MONTH: JANUARY
YEAR: 2021
LATITUDE: 36 45 N
LONGITUDE: 96 0 W
[TEMPERATURE DATA] [PRECIPITATION DATA] SYMBOLS USED IN COLUMN 16
AVERAGE MONTHLY: 37.4 TOTAL FOR MONTH: 4.30 1 = FOG OR MIST
DPTR FM NORMAL: 2.4 DPTR FM NORMAL: 2.68 2 = FOG REDUCING VISIBILITY
HIGHEST: 60 ON 30,13 GRTST 24HR 1.36 ON 25-25 TO 1/4 MILE OR LESS
LOWEST: 18 ON 11 3 = THUNDER
SNOW, ICE PELLETS, HAIL 4 = ICE PELLETS
TOTAL MONTH: 0.0 INCH 5 = HAIL
GRTST 24HR 0.0 6 = FREEZING RAIN OR DRIZZLE
GRTST DEPTH: 0 7 = DUSTSTORM OR SANDSTORM:
VSBY 1/2 MILE OR LESS
8 = SMOKE OR HAZE
[NO. OF DAYS WITH] [WEATHER - DAYS WITH] 9 = BLOWING SNOW
X = TORNADO
MAX 32 OR BELOW: 1 0.01 INCH OR MORE: 6
MAX 90 OR ABOVE: 0 0.10 INCH OR MORE: 5
MIN 32 OR BELOW: 22 0.50 INCH OR MORE: 3
MIN 0 OR BELOW: 0 1.00 INCH OR MORE: 3
[HDD (BASE 65) ]
TOTAL THIS MO. 820 CLEAR (SCALE 0-3) 13
DPTR FM NORMAL -110 PTCLDY (SCALE 4-7) 6
TOTAL FM JUL 1 2389 CLOUDY (SCALE 8-10) 12
DPTR FM NORMAL -186
[CDD (BASE 65) ]
TOTAL THIS MO. 0
DPTR FM NORMAL 0 [PRESSURE DATA]
TOTAL FM JAN 1 0 HIGHEST SLP 30.42 ON 31
DPTR FM NORMAL 0 LOWEST SLP 29.41 ON 30
[REMARKS]
#FINAL-01-21#