000
CXUS55 KBOU 280900
CF620V
PRELIMINARY LOCAL CLIMATOLOGICAL DATA (WS FORM: F-6)
STATION: KREMMLING
MONTH: MARCH
YEAR: 2024
LATITUDE: 40 3 N
LONGITUDE: 106 22 W
TEMPERATURE IN F: :PCPN: SNOW: WIND :SUNSHINE: SKY :PK WND
================================================================================
1 2 3 4 5 6A 6B 7 8 9 10 11 12 13 14 15 16 17 18
12Z AVG MX 2MIN
DY MAX MIN AVG DEP HDD CDD WTR SNW DPTH SPD SPD DIR MIN PSBL S-S WX SPD DR
================================================================================
1 48 1 25 M 40 0 M M M 4.7 13 70 M M 0 21 240
2 48 18 33 M 32 0 M M M 15.8 26 230 M M 4 43 240
3 34 18 26 M 39 0 M M M 8.6 25 260 M M 10 8 36 260
4 30 18 24 M 41 0 M M M 1.5 9 240 M M 9 16 0
5 37 18 28 M 37 0 M M M 1.7 9 240 M M 7 1 21 0
6 36 7 22 M 43 0 M M M 1.2 7 80 M M 4 M M
7 36 14 25 M 40 0 M M M 1.6 6 200 M M 8 M M
8 34 10 22 M 43 0 M M M 5.2 14 340 M M 5 8 22 340
9 27 -2 13 M 52 0 M M M 0.4 4 130 M M 0 M M
10 27 -4 12 M 53 0 M M M 0.0 M M M M 2 1 M M
11 36 0 18 M 47 0 M M M 1.3 7 360 M M 3 20 0
12 45 21 33 M 32 0 M M M 3.0 15 260 M M 9 12 22 260
13 39 27 33 M 32 0 M M M 2.0 8 280 M M 9 1 22 340
14 39 23 31 M 34 0 M M M 4.8 16 80 M M 5 24 80
15 41 21 31 M 34 0 M M M 2.0 6 90 M M 4 M M
16 43 16 30 M 35 0 M M M 3.3 14 100 M M 3 20 100
17 41 25 33 M 32 0 M M M 3.9 14 340 M M 2 23 340
18 39 14 27 M 38 0 M M M 0.5 5 100 M M 0 M M
19 39 14 27 M 38 0 M M M 0.3 4 140 M M 0 M M
20 41 14 28 M 37 0 M M M 0.3 4 330 M M 1 M M
21 46 16 31 M 34 0 M M M 1.6 17 320 M M 4 24 320
22 48 30 39 M 26 0 M M M 3.8 10 260 M M 2 M M
23 50 23 37 M 28 0 M M M 6.7 26 250 M M 3 41 250
24 48 25 37 M 28 0 M M M 5.1 14 320 M M 8 12 24 320
25 34 18 26 M 39 0 M M M 6.5 13 330 M M 8 21 330
26 34 14 24 M 41 0 M M M 2.8 12 350 M M 9 21 360
27 37 21 29 M 36 0 M M M 5.4 18 260 M M 6 24 260
================================================================================
SM 1057 420 1011 0 M M 94.0 M 125
================================================================================
AV 39.1 15.6 3.5 FASTST M M 5 MAX(MPH)
MISC ----> # 26 250 43 240
================================================================================
NOTES:
# LAST OF SEVERAL OCCURRENCES
COLUMN 17 PEAK WIND IN M.P.H.
PRELIMINARY LOCAL CLIMATOLOGICAL DATA (WS FORM: F-6) , PAGE 2
STATION: KREMMLING
MONTH: MARCH
YEAR: 2024
LATITUDE: 40 3 N
LONGITUDE: 106 22 W
[TEMPERATURE DATA] [PRECIPITATION DATA] SYMBOLS USED IN COLUMN 16
AVERAGE MONTHLY: 27.4 TOTAL FOR MONTH: M 1 = FOG OR MIST
DPTR FM NORMAL: 0.0 DPTR FM NORMAL: M 2 = FOG REDUCING VISIBILITY
HIGHEST: 50 ON 23 GRTST 24HR M ON M TO 1/4 MILE OR LESS
LOWEST: -4 ON 10 3 = THUNDER
SNOW, ICE PELLETS, HAIL 4 = ICE PELLETS
TOTAL MONTH: M 5 = HAIL
GRTST 24HR M ON M 6 = FREEZING RAIN OR DRIZZLE
GRTST DEPTH: M ON M 7 = DUSTSTORM OR SANDSTORM:
VSBY 1/2 MILE OR LESS
8 = SMOKE OR HAZE
[NO. OF DAYS WITH] [WEATHER - DAYS WITH] 9 = BLOWING SNOW
X = TORNADO
MAX 32 OR BELOW: 3 0.01 INCH OR MORE: 0
MAX 90 OR ABOVE: 0 0.10 INCH OR MORE: 0
MIN 32 OR BELOW: 27 0.50 INCH OR MORE: 0
MIN 0 OR BELOW: 3 1.00 INCH OR MORE: 0
[HDD (BASE 65) ]
TOTAL THIS MO. 1011 CLEAR (SCALE 0-3) 10
DPTR FM NORMAL M PTCLDY (SCALE 4-7) 10
TOTAL FM JUL 1 7653 CLOUDY (SCALE 8-10) 7
DPTR FM NORMAL M
[CDD (BASE 65) ]
TOTAL THIS MO. 0
DPTR FM NORMAL M [PRESSURE DATA]
TOTAL FM JAN 1 0 HIGHEST SLP M ON M
DPTR FM NORMAL M LOWEST SLP M ON M
[REMARKS]