000
CXUS56 KTFX 171110
CF6BZN
PRELIMINARY LOCAL CLIMATOLOGICAL DATA (WS FORM: F-6)
STATION: BOZEMAN/GALLATIN FIELD MT
MONTH: APRIL
YEAR: 2024
LATITUDE: 45 46 N
LONGITUDE: 111 9 W
TEMPERATURE IN F: :PCPN: SNOW: WIND :SUNSHINE: SKY :PK WND
================================================================================
1 2 3 4 5 6A 6B 7 8 9 10 11 12 13 14 15 16 17 18
12Z AVG MX 2MIN
DY MAX MIN AVG DEP HDD CDD WTR SNW DPTH SPD SPD DIR MIN PSBL S-S WX SPD DR
================================================================================
1 55 23 39 0 26 0 0.00 0.0 0 5.0 13 150 M M 3 18 360
2 67 25 46 7 19 0 0.00 0.0 0 5.5 16 270 M M 0 20 260
3 68 30 49 9 16 0 T 0.0 0 8.5 26 300 M M 4 36 190
4 69 37 53 13 12 0 0.00 0.0 0 6.6 15 290 M M 2 20 300
5 58 31 45 5 20 0 0.01 0.0 0 7.3 25 260 M M 4 31 240
6 40 33 37 -3 28 0 0.05 T 0 6.1 18 340 M M 9 1 24 340
7 41 33 37 -3 28 0 0.06 T 0 5.2 15 310 M M 10 1 19 290
8 51 25 38 -2 27 0 0.00 0.0 0 5.5 18 320 M M 4 28 290
9 58 28 43 2 22 0 T 0.0 0 9.5 33 270 M M 8 45 280
10 55 31 43 2 22 0 0.00 0.0 0 5.8 29 290 M M 4 43 260
11 64 27 46 5 19 0 0.00 0.0 0 5.2 13 180 M M 2 17 190
12 75 35 55 14 10 0 0.00 0.0 0 10.9 32 220 M M 2 44 230
13 74 41 58 16 7 0 0.00 0.0 0 7.4 29 200 M M 2 36 210
14 76 33 55 13 10 0 0.00 0.0 0 6.1 21 260 M M 1 26 260
15 61 43 52 10 13 0 0.33 0.0 0 6.1 18 160 M M 7 1 26 160
16 55 30 43 1 22 0 0.03 M 0 6.5 22 330 M M 5 32 280
================================================================================
SM 967 505 301 0 0.48 T 107.2 M 67
================================================================================
AV 60.4 31.6 6.7 FASTST M M 4 MAX(MPH)
MISC ----> 33 270 45 280
================================================================================
NOTES:
# LAST OF SEVERAL OCCURRENCES
COLUMN 17 PEAK WIND IN M.P.H.
PRELIMINARY LOCAL CLIMATOLOGICAL DATA (WS FORM: F-6) , PAGE 2
STATION: BOZEMAN/GALLATIN FIELD MT
MONTH: APRIL
YEAR: 2024
LATITUDE: 45 46 N
LONGITUDE: 111 9 W
[TEMPERATURE DATA] [PRECIPITATION DATA] SYMBOLS USED IN COLUMN 16
AVERAGE MONTHLY: 46.0 TOTAL FOR MONTH: 0.48 1 = FOG OR MIST
DPTR FM NORMAL: 5.4 DPTR FM NORMAL: -0.39 2 = FOG REDUCING VISIBILITY
HIGHEST: 76 ON 14 GRTST 24HR 0.33 ON 15-15 TO 1/4 MILE OR LESS
LOWEST: 23 ON 1 3 = THUNDER
SNOW, ICE PELLETS, HAIL 4 = ICE PELLETS
TOTAL MONTH: 0.8 INCH 5 = HAIL
GRTST 24HR T ON 6- 6 6 = FREEZING RAIN OR DRIZZLE
GRTST DEPTH: 1 ON M 7 = DUSTSTORM OR SANDSTORM:
VSBY 1/2 MILE OR LESS
8 = SMOKE OR HAZE
[NO. OF DAYS WITH] [WEATHER - DAYS WITH] 9 = BLOWING SNOW
X = TORNADO
MAX 32 OR BELOW: 0 0.01 INCH OR MORE: 5
MAX 90 OR ABOVE: 0 0.10 INCH OR MORE: 1
MIN 32 OR BELOW: 9 0.50 INCH OR MORE: 0
MIN 0 OR BELOW: 0 1.00 INCH OR MORE: 0
[HDD (BASE 65) ]
TOTAL THIS MO. 301 CLEAR (SCALE 0-3) 7
DPTR FM NORMAL -90 PTCLDY (SCALE 4-7) 7
TOTAL FM JUL 1 6767 CLOUDY (SCALE 8-10) 2
DPTR FM NORMAL -562
[CDD (BASE 65) ]
TOTAL THIS MO. 0
DPTR FM NORMAL 0 [PRESSURE DATA]
TOTAL FM JAN 1 0 HIGHEST SLP M ON M
DPTR FM NORMAL 0 LOWEST SLP 29.37 ON 5
[REMARKS]