000
CXUS54 KOUN 180810
CF6PNC
PRELIMINARY LOCAL CLIMATOLOGICAL DATA (WS FORM: F-6)
STATION: PONCA CITY
MONTH: APRIL
YEAR: 2024
LATITUDE: 36 44 N
LONGITUDE: 97 6 W
TEMPERATURE IN F: :PCPN: SNOW: WIND :SUNSHINE: SKY :PK WND
================================================================================
1 2 3 4 5 6A 6B 7 8 9 10 11 12 13 14 15 16 17 18
12Z AVG MX 2MIN
DY MAX MIN AVG DEP HDD CDD WTR SNW DPTH SPD SPD DIR MIN PSBL S-S WX SPD DR
================================================================================
1 76 49 63 8 2 0 0.41 M M 10.0 25 170 M M 6 13 34 170
2 60 40 50 -5 15 0 0.00 M M 11.9 22 350 M M 6 34 360
3 63 38 51 -4 14 0 0.00 M M 9.7 29 350 M M 3 40 350
4 69 33 51 -4 14 0 0.00 M M 4.2 15 30 M M 0 20 360
5 75 42 59 3 6 0 0.00 M M 12.9 20 130 M M 0 8 25 120
6 79 57 68 12 0 3 T M M 17.3 35 160 M M 2 48 160
7 74 45 60 4 5 0 0.00 M M 9.2 17 260 M M 0 30 250
8 73 39 56 0 9 0 0.00 M M 7.3 14 20 M M 0 21 10
9 74 52 63 6 2 0 0.00 M M 12.0 22 50 M M 3 3 35 20
10 72 46 59 2 6 0 0.00 M M 10.0 22 40 M M 4 29 40
11 68 40 54 -3 11 0 0.00 M M 12.0 26 350 M M 0 40 330
12 78 33 56 -2 9 0 0.00 M M 8.5 18 170 M M 0 28 160
13 86 52 69 11 0 4 0.00 M M 11.8 23 210 M M 0 40 160
14 92 59 76 18 0 11 0.00 0.0 M 8.7 18 210 M M 0 26 170
15 78 65 72 14 0 7 0.00 0.0 M 17.1 33 160 M M 5 42 160
16 84 59 72 13 0 7 0.26 0.0 M 13.7 25 220 M M 3 13 42 210
17 89 49 69 10 0 4 0.00 0.0 M 11.7 26 160 M M 0 38 180
================================================================================
SM 1290 798 93 36 0.67 0.0 188.0 M 32
================================================================================
AV 75.9 46.9 11.1 FASTST M M 2 MAX(MPH)
MISC ----> 35 160 48 160
================================================================================
NOTES:
# LAST OF SEVERAL OCCURRENCES
COLUMN 17 PEAK WIND IN M.P.H.
PRELIMINARY LOCAL CLIMATOLOGICAL DATA (WS FORM: F-6) , PAGE 2
STATION: PONCA CITY
MONTH: APRIL
YEAR: 2024
LATITUDE: 36 44 N
LONGITUDE: 97 6 W
[TEMPERATURE DATA] [PRECIPITATION DATA] SYMBOLS USED IN COLUMN 16
AVERAGE MONTHLY: 61.4 TOTAL FOR MONTH: 0.67 1 = FOG OR MIST
DPTR FM NORMAL: 4.6 DPTR FM NORMAL: -1.08 2 = FOG REDUCING VISIBILITY
HIGHEST: 92 ON 14 GRTST 24HR 0.41 ON 1- 1 TO 1/4 MILE OR LESS
LOWEST: 33 ON 12, 4 3 = THUNDER
SNOW, ICE PELLETS, HAIL 4 = ICE PELLETS
TOTAL MONTH: 0.0 INCH 5 = HAIL
GRTST 24HR 0.0 6 = FREEZING RAIN OR DRIZZLE
GRTST DEPTH: M ON M 7 = DUSTSTORM OR SANDSTORM:
VSBY 1/2 MILE OR LESS
8 = SMOKE OR HAZE
[NO. OF DAYS WITH] [WEATHER - DAYS WITH] 9 = BLOWING SNOW
X = TORNADO
MAX 32 OR BELOW: 0 0.01 INCH OR MORE: 2
MAX 90 OR ABOVE: 1 0.10 INCH OR MORE: 2
MIN 32 OR BELOW: 0 0.50 INCH OR MORE: 0
MIN 0 OR BELOW: 0 1.00 INCH OR MORE: 0
[HDD (BASE 65) ]
TOTAL THIS MO. 93 CLEAR (SCALE 0-3) 13
DPTR FM NORMAL -66 PTCLDY (SCALE 4-7) 4
TOTAL FM JUL 1 3217 CLOUDY (SCALE 8-10) 0
DPTR FM NORMAL -601
[CDD (BASE 65) ]
TOTAL THIS MO. 36
DPTR FM NORMAL 19 [PRESSURE DATA]
TOTAL FM JAN 1 46 HIGHEST SLP M ON M
DPTR FM NORMAL 19 LOWEST SLP 29.48 ON 16
[REMARKS]