000
CXUS55 KPSR 201005
CF6SDL
PRELIMINARY LOCAL CLIMATOLOGICAL DATA (WS FORM: F-6)
STATION: SCOTTSDALE AZ
MONTH: APRIL
YEAR: 2024
LATITUDE: 33 37 N
LONGITUDE: 111 54 W
TEMPERATURE IN F: :PCPN: SNOW: WIND :SUNSHINE: SKY :PK WND
================================================================================
1 2 3 4 5 6A 6B 7 8 9 10 11 12 13 14 15 16 17 18
12Z AVG MX 2MIN
DY MAX MIN AVG DEP HDD CDD WTR SNW DPTH SPD SPD DIR MIN PSBL S-S WX SPD DR
================================================================================
1 63 47 55 -12 10 0 0.44 0.0 M 4.3 26 240 M M 7 13 38 260
2 74 49 62 -6 3 0 0.00 0.0 0 3.2 12 240 M M 1 17 250
3 80 52 66 -2 0 1 0.00 M M 2.4 9 260 M M 0 13 230
4 85 53 69 1 0 4 0.00 M M 3.7 15 180 M M 0 23 190
5 68 54 61 -7 4 0 0.04 M M 9.2 24 270 M M 3 38 260
6 64 47 56 -12 9 0 0.00 M M 4.6 15 240 M M 0 22 260
7 74 44 59 -10 6 0 0.00 M M 2.8 10 240 M M 0 14 230
8 73 52 63 -6 2 0 0.00 M M 2.4 13 230 M M 0 8 18 240
9 83 51 67 -2 0 2 0.00 M M 4.8 15 260 M M 0 21 260
10 84 53 69 0 0 4 0.00 M M 2.7 10 230 M M 0 13 210
11 91 56 74 5 0 9 0.00 M M 2.4 14 190 M M 0 18 190
12 90 60 75 5 0 10 0.00 M M 6.2 18 250 M M 0 30 180
13 85 61 73 3 0 8 0.00 M M 5.2 14 180 M M 0 21 250
14 81 57 69 -1 0 4 0.00 M M 5.3 20 260 M M 0 26 260
15 75 55 65 -5 0 0 0.00 M M 3.3 13 250 M M 0 20 250
16 86 53 70 0 0 5 0.00 M M 3.1 14 260 M M 0 19 250
17 89 58 74 3 0 9 0.00 M M 2.8 12 250 M M 0 17 260
18 89 60 75 4 0 10 0.00 M M 2.8 9 170 M M 0 20 150
19 91 60 76 5 0 11 0.00 M M 2.9 12 230 M M 0 18 200
================================================================================
SM 1525 1022 34 77 0.48 0.0 74.1 M 11
================================================================================
AV 80.3 53.8 3.9 FASTST M M 1 MAX(MPH)
MISC ----> 26 240 # 38 260
================================================================================
NOTES:
# LAST OF SEVERAL OCCURRENCES
COLUMN 17 PEAK WIND IN M.P.H.
PRELIMINARY LOCAL CLIMATOLOGICAL DATA (WS FORM: F-6) , PAGE 2
STATION: SCOTTSDALE AZ
MONTH: APRIL
YEAR: 2024
LATITUDE: 33 37 N
LONGITUDE: 111 54 W
[TEMPERATURE DATA] [PRECIPITATION DATA] SYMBOLS USED IN COLUMN 16
AVERAGE MONTHLY: 67.0 TOTAL FOR MONTH: 0.48 1 = FOG OR MIST
DPTR FM NORMAL: -2.2 DPTR FM NORMAL: 0.23 2 = FOG REDUCING VISIBILITY
HIGHEST: 91 ON 19,11 GRTST 24HR 0.86 ON 31- 1 TO 1/4 MILE OR LESS
LOWEST: 44 ON 7 3 = THUNDER
SNOW, ICE PELLETS, HAIL 4 = ICE PELLETS
TOTAL MONTH: 0.0 INCH 5 = HAIL
GRTST 24HR 0.0 6 = FREEZING RAIN OR DRIZZLE
GRTST DEPTH: 0 7 = DUSTSTORM OR SANDSTORM:
VSBY 1/2 MILE OR LESS
8 = SMOKE OR HAZE
[NO. OF DAYS WITH] [WEATHER - DAYS WITH] 9 = BLOWING SNOW
X = TORNADO
MAX 32 OR BELOW: 0 0.01 INCH OR MORE: 2
MAX 90 OR ABOVE: 3 0.10 INCH OR MORE: 1
MIN 32 OR BELOW: 0 0.50 INCH OR MORE: 0
MIN 0 OR BELOW: 0 1.00 INCH OR MORE: 0
[HDD (BASE 65) ]
TOTAL THIS MO. 34 CLEAR (SCALE 0-3) 17
DPTR FM NORMAL 20 PTCLDY (SCALE 4-7) 2
TOTAL FM JUL 1 1007 CLOUDY (SCALE 8-10) 0
DPTR FM NORMAL -128
[CDD (BASE 65) ]
TOTAL THIS MO. 77
DPTR FM NORMAL -18 [PRESSURE DATA]
TOTAL FM JAN 1 97 HIGHEST SLP M ON M
DPTR FM NORMAL -66 LOWEST SLP 29.65 ON 4
[REMARKS]