000
CXUS54 KEPZ 181030
CF6SVC
PRELIMINARY LOCAL CLIMATOLOGICAL DATA (WS FORM: F-6)
STATION: SILVER CITY
MONTH: APRIL
YEAR: 2024
LATITUDE: 32 37 N
LONGITUDE: 108 10 W
TEMPERATURE IN F: :PCPN: SNOW: WIND :SUNSHINE: SKY :PK WND
================================================================================
1 2 3 4 5 6A 6B 7 8 9 10 11 12 13 14 15 16 17 18
12Z AVG MX 2MIN
DY MAX MIN AVG DEP HDD CDD WTR SNW DPTH SPD SPD DIR MIN PSBL S-S WX SPD DR
================================================================================
1 47 34 41 M 24 0 0.06 M M 11.7 31 310 M M 7 38 310
2 56 34 45 M 20 0 0.02 M M 7.1 14 310 M M 3 22 360
3 69 33 51 M 14 0 0.00 M M 7.4 12 350 M M 0 17 230
4 73 33 53 M 12 0 0.00 M M 7.0 13 190 M M 0 20 0
5 70 35 53 M 12 0 0.00 M M 15.8 27 220 M M 1 38 230
6 53 30 42 M 23 0 0.00 M M 21.1 35 300 M M 2 45 300
7 65 26 46 M 19 0 0.00 M M 7.4 17 270 M M 0 23 270
8 64 31 48 M 17 0 0.00 M M 9.0 16 210 M M 0 25 210
9 58 35 47 M 18 0 0.03 M M 7.8 27 290 M M 5 35 290
10 72 34 53 M 12 0 0.00 M M 12.7 21 330 M M 0 25 300
11 74 35 55 M 10 0 0.00 M M 7.6 13 140 M M 0 28 120
12 80 38 59 M 6 0 0.00 M M 11.6 23 180 M M 0 29 180
13 77 44 61 M 4 0 0.00 M M 8.8 16 220 M M 0 31 230
14 77 36 57 M 8 0 0.00 M M 8.8 17 250 M M 0 25 270
15 67 34 51 M 14 0 0.00 M M 16.1 32 280 M M 0 45 260
16 74 35 55 M 10 0 0.00 M M 8.8 15 300 M M 0 21 300
17 79 36 58 M 7 0 0.00 M M 10.7 20 280 M M 0 25 280
================================================================================
SM 1155 583 230 0 0.11 M 179.4 M 18
================================================================================
AV 67.9 34.3 10.6 FASTST M M 1 MAX(MPH)
MISC ----> 35 300 # 45 300
================================================================================
NOTES:
# LAST OF SEVERAL OCCURRENCES
COLUMN 17 PEAK WIND IN M.P.H.
PRELIMINARY LOCAL CLIMATOLOGICAL DATA (WS FORM: F-6) , PAGE 2
STATION: SILVER CITY
MONTH: APRIL
YEAR: 2024
LATITUDE: 32 37 N
LONGITUDE: 108 10 W
[TEMPERATURE DATA] [PRECIPITATION DATA] SYMBOLS USED IN COLUMN 16
AVERAGE MONTHLY: 51.1 TOTAL FOR MONTH: 0.11 1 = FOG OR MIST
DPTR FM NORMAL: 0.0 DPTR FM NORMAL: 0.11 2 = FOG REDUCING VISIBILITY
HIGHEST: 80 ON 12 GRTST 24HR 0.06 ON 1- 1 TO 1/4 MILE OR LESS
LOWEST: 26 ON 7 3 = THUNDER
SNOW, ICE PELLETS, HAIL 4 = ICE PELLETS
TOTAL MONTH: M 5 = HAIL
GRTST 24HR M ON M 6 = FREEZING RAIN OR DRIZZLE
GRTST DEPTH: M ON M 7 = DUSTSTORM OR SANDSTORM:
VSBY 1/2 MILE OR LESS
8 = SMOKE OR HAZE
[NO. OF DAYS WITH] [WEATHER - DAYS WITH] 9 = BLOWING SNOW
X = TORNADO
MAX 32 OR BELOW: 0 0.01 INCH OR MORE: 3
MAX 90 OR ABOVE: 0 0.10 INCH OR MORE: 0
MIN 32 OR BELOW: 3 0.50 INCH OR MORE: 0
MIN 0 OR BELOW: 0 1.00 INCH OR MORE: 0
[HDD (BASE 65) ]
TOTAL THIS MO. 230 CLEAR (SCALE 0-3) 14
DPTR FM NORMAL M PTCLDY (SCALE 4-7) 3
TOTAL FM JUL 1 3339 CLOUDY (SCALE 8-10) 0
DPTR FM NORMAL M
[CDD (BASE 65) ]
TOTAL THIS MO. 0
DPTR FM NORMAL M [PRESSURE DATA]
TOTAL FM JAN 1 0 HIGHEST SLP M ON M
DPTR FM NORMAL M LOWEST SLP M ON M
[REMARKS]