000
CXUS55 KCYS 051825
CLMAIA
CLIMATE REPORT
NATIONAL WEATHER SERVICE CHEYENNE WY
1225 PM MDT FRI APR 05 2024
...................................
...THE ALLIANCE NEBRASKA AIRPORT CLIMATE SUMMARY FOR THE MONTH OF MARCH 2024...
CLIMATE NORMAL PERIOD 1991 TO 2020
CLIMATE RECORD PERIOD 1896 TO 2024
WEATHER OBSERVED NORMAL DEPART LAST YEAR`S
VALUE DATE(S) VALUE FROM VALUE DATE(S)
NORMAL
................................................................
TEMPERATURE (F)
RECORD
HIGH 84 03/29/1943
03/22/1910
LOW -25 03/05/1989
HIGHEST 71 03/21 MM MM 70
LOWEST 5 03/26 MM MM 9
AVG. MAXIMUM 52.8 51.2 1.6 43.4
AVG. MINIMUM 20.7 21.6 -0.9 19.3
MEAN 36.8 36.4 0.4 31.3
DAYS MAX >= 90 0 0.0 0.0 0
DAYS MAX <= 32 2 2.8 -0.8 3
DAYS MIN <= 32 29 28.4 0.6 31
DAYS MIN <= 0 0 1.0 -1.0 0
PRECIPITATION (INCHES)
RECORD
MAXIMUM 2.39 1973
TOTALS 0.57 0.60 -0.03 0.17
DAYS >= .01 7 4.8 2.2 3
DAYS >= .10 1 1.8 -0.8 1
DAYS >= .50 0 0.3 -0.3 0
DAYS >= 1.00 0 0.0 0.0 0
GREATEST
24 HR. TOTAL 0.25 03/30 TO 03/30 0.12 03/31 TO 03/31
DEGREE DAYS
HEATING TOTAL 868 887 -19 1039
SINCE 7/1 5473 6300 -827 MM
COOLING TOTAL 0 0 0 0
SINCE 1/1 0 0 0 MM
................................................................
WIND (MPH)
AVERAGE WIND SPEED 11.2
HIGHEST WIND SPEED/DIRECTION 35/290 DATE 03/03
35/350 03/21
HIGHEST GUST SPEED/DIRECTION 49/350 DATE 03/21
SKY COVER
POSSIBLE SUNSHINE (PERCENT) MM
AVERAGE SKY COVER 0.36
NUMBER OF DAYS FAIR 19
NUMBER OF DAYS PC 6
NUMBER OF DAYS CLOUDY 6
AVERAGE RH (PERCENT) 63
WEATHER CONDITIONS. NUMBER OF DAYS WITH
THUNDERSTORM 0 MIXED PRECIP 0
HEAVY RAIN 0 RAIN 2
LIGHT RAIN 5 FREEZING RAIN 0
LT FREEZING RAIN 0 HAIL 0
HEAVY SNOW 0 SNOW 1
LIGHT SNOW 7 SLEET 0
FOG 9 FOG W/VIS <= 1/4 MILE 1
HAZE 1
- INDICATES NEGATIVE NUMBERS.
R INDICATES RECORD WAS SET OR TIED.
MM INDICATES DATA IS MISSING.
T INDICATES TRACE AMOUNT.
$$