000
CXUS53 KLSX 040707
CLMUIN
CLIMATE REPORT
NATIONAL WEATHER SERVICE ST LOUIS MO
207 AM CDT THU APR 04 2024
...................................
...THE QUINCY IL CLIMATE SUMMARY FOR THE MONTH OF MARCH 2024...
CLIMATE NORMAL PERIOD 1991 TO 2020
CLIMATE RECORD PERIOD 1901 TO 2024
WEATHER OBSERVED NORMAL DEPART LAST YEAR`S
VALUE DATE(S) VALUE FROM VALUE
NORMAL
..............................................................
TEMPERATURE (F)
RECORD
HIGH 88 03/21/1907
LOW -13 03/05/1960
HIGHEST 82 03/03 75
LOWEST 22 03/18 14
AVG. MAXIMUM 59.3 51.7 7.6 50.5
AVG. MINIMUM 36.7 32.4 4.3 32.2
MEAN 48.0 42.1 5.9 41.4
DAYS MAX >= 90 0 0.0 0.0 0
DAYS MAX <= 32 0 1.8 -1.8 1
DAYS MIN <= 32 11 16.4 -5.4 15
DAYS MIN <= 0 0 0.2 -0.2 0
PRECIPITATION (INCHES)
RECORD
MAXIMUM 11.45 1973
MINIMUM 0.15 1910
TOTALS 2.07 2.29 -0.22 1.95
DAILY AVG. 0.07 0.07 -0.00 0.06
DAYS >= .01 9 10.1 -1.1 12
DAYS >= .10 3 5.4 -2.4 8
DAYS >= .50 1 1.3 -0.3 0
DAYS >= 1.00 1 0.5 0.5 0
GREATEST
24 HR. TOTAL 1.03 03/25 TO 03/26
DEGREE DAYS
HEATING TOTAL 519 714 -195 727
SINCE 7/1 3985 4977 -992 MM
COOLING TOTAL 2 2 0 0
SINCE 1/1 2 2 0 MM
..............................................................
WIND (MPH)
HIGHEST WIND SPEED/DIRECTION 33/210 DATE 03/03
HIGHEST GUST SPEED/DIRECTION 48/160 DATE 03/25
SKY COVER
POSSIBLE SUNSHINE (PERCENT) MM
NUMBER OF DAYS FAIR 18
NUMBER OF DAYS PC 8
NUMBER OF DAYS CLOUDY 5
WEATHER CONDITIONS. NUMBER OF DAYS WITH
THUNDERSTORM 3 MIXED PRECIP 0
HEAVY RAIN 1 RAIN 4
LIGHT RAIN 10 FREEZING RAIN 0
LT FREEZING RAIN 0 HAIL 0
HEAVY SNOW 0 SNOW 0
LIGHT SNOW 1 SLEET 0
FOG 8 FOG W/VIS <= 1/4 MILE 0
HAZE 3
- INDICATES NEGATIVE NUMBERS.
R INDICATES RECORD WAS SET OR TIED.
MM INDICATES DATA IS MISSING.
T INDICATES TRACE AMOUNT.
...MONTHLY...
ELEVENTH WARMEST MARCH ON RECORD (48.0 DEGREES).
...DAILY...
TWO RECORD HIGH TEMPERATURES ON MARCH 3RD (82) AND 4TH (77).
$$