000
CDUS46 KHNX 200021
CLIMAE


CLIMATE REPORT
NATIONAL WEATHER SERVICE SAN JOAQUIN VALLEY, CA
421 PM PST THU FEB 19 2015


...................................

...THE MADERA CA CLIMATE SUMMARY FOR FEBRUARY 19 2015...
VALID AS OF 0400 PM LOCAL TIME.

CLIMATE NORMAL PERIOD 1981 TO 2010
CLIMATE RECORD PERIOD 1998 TO 2015


WEATHER ITEM   OBSERVED TIME   RECORD YEAR NORMAL DEPARTURE LAST
                VALUE   (LST)  VALUE       VALUE  FROM      YEAR
                                                  NORMAL
..................................................................
TEMPERATURE (F)
 TODAY
  MAXIMUM         68R   253 PM  68    2014  62      6       68
  MINIMUM         43    711 AM  35    2009  41      2       39
                                      2006
  AVERAGE         56                        51      5       54

PRECIPITATION (IN)
  TODAY            0.00          0.62 2013   0.08  -0.08     0.00
  MONTH TO DATE    0.45                      1.34  -0.89     1.07
  SINCE OCT 1      4.16                      7.52  -3.36     2.10
  SINCE JAN 1      0.48                      3.79  -3.31     1.41

SNOWFALL (IN)
  TODAY            0.0
  MONTH TO DATE    0.0
  SINCE DEC 1      0.0
  SINCE JUL 1      0.0
  SNOW DEPTH       0

DEGREE DAYS
 HEATING
  TODAY            9                                        11
  MONTH TO DATE  133                                       242
  SINCE DEC 1   1010                                      1339
  SINCE JUL 1   1326                                      1757

 COOLING
  TODAY            0                                         0
  MONTH TO DATE    2                                         0
  SINCE DEC 1      3                                         0
  SINCE JAN 1      2                                         0
..................................................................


WIND (MPH)
  HIGHEST WIND SPEED    14   HIGHEST WIND DIRECTION     N (340)
  HIGHEST GUST SPEED    17   HIGHEST GUST DIRECTION    NW (330)
  AVERAGE WIND SPEED     3.1




RELATIVE HUMIDITY (PERCENT)
 HIGHEST   100
 LOWEST     59
 AVERAGE    80

..........................................................


THE MADERA CA CLIMATE NORMALS FOR TOMORROW
                         NORMAL    RECORD    YEAR
 MAXIMUM TEMPERATURE (F)   63        69      2000
 MINIMUM TEMPERATURE (F)   41        30      2006


SUNRISE AND SUNSET
FEBRUARY 19 2015......SUNRISE   644 AM PST   SUNSET   545 PM PST
FEBRUARY 20 2015......SUNRISE   643 AM PST   SUNSET   546 PM PST


-  INDICATES NEGATIVE NUMBERS.
R  INDICATES RECORD WAS SET OR TIED.
MM INDICATES DATA IS MISSING.
T  INDICATES TRACE AMOUNT.




$$
