000
CDUS46 KHNX 140824
CLIMAE


CLIMATE REPORT
NATIONAL WEATHER SERVICE SAN JOAQUIN VALLEY, CA
1223 AM PST SUN DEC 14 2014


...................................

...THE MADERA CA AIRPORT CLIMATE SUMMARY FOR DECEMBER 13 2014...

CLIMATE NORMAL PERIOD 1981 TO 2010
CLIMATE RECORD PERIOD 1998 TO 2014


WEATHER ITEM   OBSERVED TIME   RECORD YEAR NORMAL DEPARTURE
                VALUE   (LST)  VALUE       VALUE  FROM
                                                  NORMAL
...............................................................
TEMPERATURE (F)
 YESTERDAY
  MAXIMUM         MM        MM  63    2006  55     MM
  MINIMUM         MM        MM  26    2013  36     MM
  AVERAGE         MM                        45     MM

PRECIPITATION (IN)
  YESTERDAY        0.00          T    2003   0.05  -0.05
                                      2003
                                      2008
  MONTH TO DATE    2.08                      0.52   1.56
  SINCE JUL 1      2.91                      2.84   0.07
  SINCE JAN 1      6.52                     10.84  -4.32

SNOWFALL (IN)
  YESTERDAY        0.0
  MONTH TO DATE    0.0
  SINCE DEC 1      0.0
  SINCE JUL 1      0.0
  SNOW DEPTH       0

DEGREE DAYS
 HEATING
  YESTERDAY       MM
  MONTH TO DATE   92
  SINCE DEC 1     92
  SINCE JUL 1    408

 COOLING
  YESTERDAY       MM
  MONTH TO DATE    1
  SINCE DEC 1      1
  SINCE JAN 1   2953
...............................................................


WIND (MPH)
  HIGHEST WIND SPEED     9   HIGHEST WIND DIRECTION     W (260)
  HIGHEST GUST SPEED    MM   HIGHEST GUST DIRECTION    MM
  AVERAGE WIND SPEED     3.0




RELATIVE HUMIDITY (PERCENT)
 HIGHEST    93
 LOWEST     66
 AVERAGE    80

..........................................................


THE MADERA CA AIRPORT CLIMATE NORMALS FOR TODAY
                         NORMAL    RECORD    YEAR
 MAXIMUM TEMPERATURE (F)   54        67      1998
 MINIMUM TEMPERATURE (F)   36        28      2011
                                             1999


SUNRISE AND SUNSET
DECEMBER 14 2014......SUNRISE   706 AM PST   SUNSET   445 PM PST
DECEMBER 15 2014......SUNRISE   706 AM PST   SUNSET   445 PM PST


-  INDICATES NEGATIVE NUMBERS.
R  INDICATES RECORD WAS SET OR TIED.
MM INDICATES DATA IS MISSING.
T  INDICATES TRACE AMOUNT.




$$
