000
CDUS46 KHNX 180023
CLIMAE


CLIMATE REPORT
NATIONAL WEATHER SERVICE SAN JOAQUIN VALLEY, CA
522 PM PDT FRI MAR 17 2017


...................................

...THE MADERA CA CLIMATE SUMMARY FOR MARCH 17 2017...
VALID AS OF 0400 PM LOCAL TIME.

CLIMATE NORMAL PERIOD 1981 TO 2010
CLIMATE RECORD PERIOD 1998 TO 2017


WEATHER ITEM   OBSERVED TIME   RECORD YEAR NORMAL DEPARTURE LAST
                VALUE   (LST)  VALUE       VALUE  FROM      YEAR
                                                  NORMAL
..................................................................
TEMPERATURE (F)
 TODAY
  MAXIMUM         80    257 PM  86    2007  66     14       75
  MINIMUM         47    645 AM  31    2008  42      5       44
  AVERAGE         64                        54     10       60

PRECIPITATION (IN)
  TODAY            0.00          1.90 2012   0.04  -0.04     0.00
  MONTH TO DATE    0.10                      1.22  -1.12     3.09
  SINCE OCT 1     13.19                      9.53   3.66    11.34
  SINCE JAN 1      9.12                      5.80   3.32     6.78

SNOWFALL (IN)
  TODAY            0.0
  MONTH TO DATE    0.0
  SINCE MAR 1      0.0
  SINCE JUL 1      0.0
  SNOW DEPTH       0

DEGREE DAYS
 HEATING
  TODAY            1                                         5
  MONTH TO DATE  143                                       131
  SINCE MAR 1    143                                       131
  SINCE JUL 1   1822                                      1875

 COOLING
  TODAY            0                                         0
  MONTH TO DATE    6                                         0
  SINCE MAR 1      6                                         0
  SINCE JAN 1      6                                         0
..................................................................


WIND (MPH)
  HIGHEST WIND SPEED     8   HIGHEST WIND DIRECTION     W (270)
  HIGHEST GUST SPEED     9   HIGHEST GUST DIRECTION     W (270)
  AVERAGE WIND SPEED     2.2




RELATIVE HUMIDITY (PERCENT)
 HIGHEST   100
 LOWEST     39
 AVERAGE    70

..........................................................


THE MADERA CA CLIMATE NORMALS FOR TOMORROW
                         NORMAL    RECORD    YEAR
 MAXIMUM TEMPERATURE (F)   66        86      2004
 MINIMUM TEMPERATURE (F)   42        35      2002


SUNRISE AND SUNSET
MARCH 17 2017.........SUNRISE   708 AM PDT   SUNSET   710 PM PDT
MARCH 18 2017.........SUNRISE   706 AM PDT   SUNSET   711 PM PDT


-  INDICATES NEGATIVE NUMBERS.
R  INDICATES RECORD WAS SET OR TIED.
MM INDICATES DATA IS MISSING.
T  INDICATES TRACE AMOUNT.




$$
