000
CDUS46 KHNX 220844 CCA
CLIMAE

CLIMATE REPORT
NATIONAL WEATHER SERVICE SAN JOAQUIN VALLEY, CA
1244 AM PST THU JAN 22 2015


...................................

...THE MADERA CA AIRPORT CLIMATE SUMMARY FOR JANUARY 21 2015...

CLIMATE NORMAL PERIOD 1981 TO 2010
CLIMATE RECORD PERIOD 1998 TO 2015


WEATHER ITEM   OBSERVED TIME   RECORD YEAR NORMAL DEPARTURE
                VALUE   (LST)  VALUE       VALUE  FROM
                                                  NORMAL
...............................................................
TEMPERATURE (F)
 YESTERDAY
  MAXIMUM         50      1602  66    2014  55     -5
  MINIMUM         47      0125  26    2007  37     10
  AVERAGE         49                        46      3

PRECIPITATION (IN)
  YESTERDAY        0.00          0.49 2012   0.08  -0.08
  MONTH TO DATE    T                         1.94  -1.94
  SINCE OCT 1      3.68                      5.67  -1.99
  SINCE JAN 1      T                         1.94  -1.94

SNOWFALL (IN)
  YESTERDAY        0.0
  MONTH TO DATE    0.0
  SINCE DEC 1      0.0
  SINCE JUL 1      0.0
  SNOW DEPTH       0

DEGREE DAYS
 HEATING
  YESTERDAY       16
  MONTH TO DATE  366
  SINCE DEC 1    754
  SINCE JUL 1   1070

 COOLING
  YESTERDAY        0
  MONTH TO DATE    0
  SINCE DEC 1      1
  SINCE JAN 1      0
...............................................................


WIND (MPH)
  HIGHEST WIND SPEED     8   HIGHEST WIND DIRECTION    SE (120)
  HIGHEST GUST SPEED    13   HIGHEST GUST DIRECTION    SE (110)
  AVERAGE WIND SPEED     4.4




RELATIVE HUMIDITY (PERCENT)
 HIGHEST    86
 LOWEST     77
 AVERAGE    82

..........................................................


THE MADERA CA AIRPORT CLIMATE NORMALS FOR TODAY
                         NORMAL    RECORD    YEAR
 MAXIMUM TEMPERATURE (F)   55        68      2014
 MINIMUM TEMPERATURE (F)   38        26      2007


SUNRISE AND SUNSET
JANUARY 22 2015.......SUNRISE   710 AM PST   SUNSET   515 PM PST
JANUARY 23 2015.......SUNRISE   709 AM PST   SUNSET   516 PM PST


-  INDICATES NEGATIVE NUMBERS.
R  INDICATES RECORD WAS SET OR TIED.
MM INDICATES DATA IS MISSING.
T  INDICATES TRACE AMOUNT.




$$
