000
CDUS46 KHNX 190025
CLIMAE


CLIMATE REPORT
NATIONAL WEATHER SERVICE SAN JOAQUIN VALLEY, CA
525 PM PDT MON AUG 18 2014


...................................

...THE MADERA CA CLIMATE SUMMARY FOR AUGUST 18 2014...
VALID AS OF 0500 PM LOCAL TIME.

CLIMATE NORMAL PERIOD 1981 TO 2010
CLIMATE RECORD PERIOD 1998 TO 2014


WEATHER ITEM   OBSERVED TIME   RECORD YEAR NORMAL DEPARTURE LAST
                VALUE   (LST)  VALUE       VALUE  FROM      YEAR
                                                  NORMAL
..................................................................
TEMPERATURE (F)
 TODAY
  MAXIMUM         98    349 PM 102    2001  95      3      100
  MINIMUM         62    527 AM  55    2007  59      3       67
  AVERAGE         80                        77      3       84

PRECIPITATION (IN)
  TODAY            0.00          T    2012   0.00   0.00     0.00
  MONTH TO DATE    T                         0.00   0.00     0.00
  SINCE JUL 1      T                         0.02  -0.02      T
  SINCE JAN 1      3.61                      8.02  -4.41     3.52

SNOWFALL (IN)
  TODAY            0.0
  MONTH TO DATE    0.0
  SINCE JUN 1      0.0
  SINCE JUL 1      0.0
  SNOW DEPTH       0

DEGREE DAYS
 HEATING
  TODAY            0                                         0
  MONTH TO DATE    0                                         0
  SINCE JUN 1      0                                         0
  SINCE JUL 1      0                                         0

 COOLING
  TODAY           15                                        19
  MONTH TO DATE 1196                                       212
  SINCE JUN 1   2077                                      1068
  SINCE JAN 1   2319                                      1245
..................................................................


WIND (MPH)
  HIGHEST WIND SPEED    12   HIGHEST WIND DIRECTION     W (290)
  HIGHEST GUST SPEED    16   HIGHEST GUST DIRECTION     W (270)
  AVERAGE WIND SPEED     4.7




RELATIVE HUMIDITY (PERCENT)
 HIGHEST    67
 LOWEST     11
 AVERAGE    39

..........................................................


THE MADERA CA CLIMATE NORMALS FOR TOMORROW
                         NORMAL    RECORD    YEAR
 MAXIMUM TEMPERATURE (F)   95       107      2013
 MINIMUM TEMPERATURE (F)   59        52      1999


SUNRISE AND SUNSET
AUGUST 18 2014........SUNRISE   620 AM PDT   SUNSET   748 PM PDT
AUGUST 19 2014........SUNRISE   621 AM PDT   SUNSET   747 PM PDT


-  INDICATES NEGATIVE NUMBERS.
R  INDICATES RECORD WAS SET OR TIED.
MM INDICATES DATA IS MISSING.
T  INDICATES TRACE AMOUNT.




$$
