000
CDUS46 KHNX 150828
CLIMAE


CLIMATE REPORT
NATIONAL WEATHER SERVICE SAN JOAQUIN VALLEY, CA
127 AM PDT THU JUN 15 2017


...................................

...THE MADERA CA AIRPORT CLIMATE SUMMARY FOR JUNE 14 2017...

CLIMATE NORMAL PERIOD 1981 TO 2010
CLIMATE RECORD PERIOD 1998 TO 2017


WEATHER ITEM   OBSERVED TIME   RECORD YEAR NORMAL DEPARTURE
                VALUE   (LST)  VALUE       VALUE  FROM
                                                  NORMAL
...............................................................
TEMPERATURE (F)
 YESTERDAY
  MAXIMUM         91        MM 105    2000  90      1
  MINIMUM         56        MM  52    2006  58     -2
  AVERAGE         74                        74      0

PRECIPITATION (IN)
  YESTERDAY        0.00          T    2006   0.01  -0.01
  MONTH TO DATE    0.00                      0.17  -0.17
  SINCE OCT 1     14.18                     11.71   2.47
  SINCE JAN 1     10.11                      7.98   2.13

SNOWFALL (IN)
  YESTERDAY        0.0
  MONTH TO DATE    0.0
  SINCE JUN 1      0.0
  SINCE JUL 1      0.0
  SNOW DEPTH       0

DEGREE DAYS
 HEATING
  YESTERDAY        0
  MONTH TO DATE    6
  SINCE JUN 1      6
  SINCE JUL 1   2074

 COOLING
  YESTERDAY        9
  MONTH TO DATE   96
  SINCE JUN 1     96
  SINCE JAN 1    281
...............................................................


WIND (MPH)
  HIGHEST WIND SPEED    12   HIGHEST WIND DIRECTION    NW (310)
  HIGHEST GUST SPEED    MM   HIGHEST GUST DIRECTION    MM
  AVERAGE WIND SPEED     6.8




RELATIVE HUMIDITY (PERCENT)
 HIGHEST    86
 LOWEST     24
 AVERAGE    55

..........................................................


THE MADERA CA AIRPORT CLIMATE NORMALS FOR TODAY
                         NORMAL    RECORD    YEAR
 MAXIMUM TEMPERATURE (F)   91       107      2000
 MINIMUM TEMPERATURE (F)   58        49      2002


SUNRISE AND SUNSET
JUNE 15 2017..........SUNRISE   540 AM PDT   SUNSET   822 PM PDT
JUNE 16 2017..........SUNRISE   541 AM PDT   SUNSET   822 PM PDT


-  INDICATES NEGATIVE NUMBERS.
R  INDICATES RECORD WAS SET OR TIED.
MM INDICATES DATA IS MISSING.
T  INDICATES TRACE AMOUNT.




$$
