404
CDUS46 KHNX 160823
CLIMAE


CLIMATE REPORT
NATIONAL WEATHER SERVICE SAN JOAQUIN VALLEY, CA
123 AM PDT SUN APR 16 2017


...................................

...THE MADERA CA AIRPORT CLIMATE SUMMARY FOR APRIL 15 2017...

CLIMATE NORMAL PERIOD 1981 TO 2010
CLIMATE RECORD PERIOD 1998 TO 2017


WEATHER ITEM   OBSERVED TIME   RECORD YEAR NORMAL DEPARTURE
                VALUE   (LST)  VALUE       VALUE  FROM
                                                  NORMAL
...............................................................
TEMPERATURE (F)
 YESTERDAY
  MAXIMUM         73    443 PM  87    2014  74     -1
  MINIMUM         39    506 AM  36    2009  45     -6
  AVERAGE         56                        59     -3

PRECIPITATION (IN)
  YESTERDAY        0.00          0.01 2007   0.03  -0.03
  MONTH TO DATE    0.25                      0.48  -0.23
  SINCE OCT 1     13.95                     10.59   3.36
  SINCE JAN 1      9.88                      6.86   3.02

SNOWFALL (IN)
  YESTERDAY        0.0
  MONTH TO DATE    0.0
  SINCE MAR 1      0.0
  SINCE JUL 1      0.0
  SNOW DEPTH       0

DEGREE DAYS
 HEATING
  YESTERDAY        9
  MONTH TO DATE   88
  SINCE MAR 1    330
  SINCE JUL 1   2009

 COOLING
  YESTERDAY        0
  MONTH TO DATE    2
  SINCE MAR 1      8
  SINCE JAN 1      8
...............................................................


WIND (MPH)
  HIGHEST WIND SPEED    10   HIGHEST WIND DIRECTION     W (280)
  HIGHEST GUST SPEED    12   HIGHEST GUST DIRECTION     W (290)
  AVERAGE WIND SPEED     3.3




RELATIVE HUMIDITY (PERCENT)
 HIGHEST    89
 LOWEST     30
 AVERAGE    60

..........................................................


THE MADERA CA AIRPORT CLIMATE NORMALS FOR TODAY
                         NORMAL    RECORD    YEAR
 MAXIMUM TEMPERATURE (F)   74        89      1999
 MINIMUM TEMPERATURE (F)   45        35      2009


SUNRISE AND SUNSET
APRIL 16 2017.........SUNRISE   624 AM PDT   SUNSET   736 PM PDT
APRIL 17 2017.........SUNRISE   623 AM PDT   SUNSET   737 PM PDT


-  INDICATES NEGATIVE NUMBERS.
R  INDICATES RECORD WAS SET OR TIED.
MM INDICATES DATA IS MISSING.
T  INDICATES TRACE AMOUNT.




$$
