000
CDUS46 KHNX 290822
CLIMAE


CLIMATE REPORT
NATIONAL WEATHER SERVICE SAN JOAQUIN VALLEY, CA
121 AM PDT MON JUN 29 2015


...................................

...THE MADERA CA AIRPORT CLIMATE SUMMARY FOR JUNE 28 2015...

CLIMATE NORMAL PERIOD 1981 TO 2010
CLIMATE RECORD PERIOD 1998 TO 2015


WEATHER ITEM   OBSERVED TIME   RECORD YEAR NORMAL DEPARTURE
                VALUE   (LST)  VALUE       VALUE  FROM
                                                  NORMAL
...............................................................
TEMPERATURE (F)
 YESTERDAY
  MAXIMUM         95    509 PM 105    2009  94      1
                                      2003
  MINIMUM         70    621 AM  55    2012  60     10
                                      2005
  AVERAGE         83                        77      6

PRECIPITATION (IN)
  YESTERDAY        0.00          0.03 2011   0.01  -0.01
  MONTH TO DATE    0.00                      0.19  -0.19
  SINCE OCT 1      5.71                     11.73  -6.02
  SINCE JAN 1      2.03                      8.00  -5.97

SNOWFALL (IN)
  YESTERDAY        0.0
  MONTH TO DATE    0.0
  SINCE JUN 1      0.0
  SINCE JUL 1      0.0
  SNOW DEPTH       0

DEGREE DAYS
 HEATING
  YESTERDAY        0
  MONTH TO DATE    0
  SINCE JUN 1      0
  SINCE JUL 1   1726

 COOLING
  YESTERDAY       18
  MONTH TO DATE  390
  SINCE JUN 1    390
  SINCE JAN 1    571
...............................................................


WIND (MPH)
  HIGHEST WIND SPEED    16   HIGHEST WIND DIRECTION    NW (330)
  HIGHEST GUST SPEED    18   HIGHEST GUST DIRECTION    NW (300)
  AVERAGE WIND SPEED     7.6




RELATIVE HUMIDITY (PERCENT)
 HIGHEST    66
 LOWEST     30
 AVERAGE    48

..........................................................


THE MADERA CA AIRPORT CLIMATE NORMALS FOR TODAY
                         NORMAL    RECORD    YEAR
 MAXIMUM TEMPERATURE (F)   95       106      2013
 MINIMUM TEMPERATURE (F)   60        56      2011
                                             2005


SUNRISE AND SUNSET
JUNE 29 2015..........SUNRISE   544 AM PDT   SUNSET   824 PM PDT
JUNE 30 2015..........SUNRISE   544 AM PDT   SUNSET   824 PM PDT


-  INDICATES NEGATIVE NUMBERS.
R  INDICATES RECORD WAS SET OR TIED.
MM INDICATES DATA IS MISSING.
T  INDICATES TRACE AMOUNT.




$$
