341
CDUS46 KHNX 180024
CLIMAE


CLIMATE REPORT
NATIONAL WEATHER SERVICE SAN JOAQUIN VALLEY, CA
522 PM PDT TUE MAY 17 2016


...................................

...THE MADERA CA CLIMATE SUMMARY FOR MAY 17 2016...
VALID AS OF 0400 PM LOCAL TIME.

CLIMATE NORMAL PERIOD 1981 TO 2010
CLIMATE RECORD PERIOD 1998 TO 2016


WEATHER ITEM   OBSERVED TIME   RECORD YEAR NORMAL DEPARTURE LAST
                VALUE   (LST)  VALUE       VALUE  FROM      YEAR
                                                  NORMAL
..................................................................
TEMPERATURE (F)
 TODAY
  MAXIMUM         91    321 PM 106    2009  84      7       78
  MINIMUM         54    452 AM  44    1999  51      3       53
  AVERAGE         73                        68      5       66

PRECIPITATION (IN)
  TODAY            0.00          0.08 2011   0.02  -0.02     0.00
  MONTH TO DATE    T                         0.38  -0.38     0.45
  SINCE OCT 1     12.96                     11.44   1.52     5.71
  SINCE JAN 1      8.40                      7.71   0.69     2.03

SNOWFALL (IN)
  TODAY            0.0
  MONTH TO DATE    0.0
  SINCE MAR 1      0.0
  SINCE JUL 1      0.0
  SNOW DEPTH       0

DEGREE DAYS
 HEATING
  TODAY            0                                         0
  MONTH TO DATE    7                                        25
  SINCE MAR 1    316                                       274
  SINCE JUL 1   2060                                      1724

 COOLING
  TODAY            8                                         1
  MONTH TO DATE   83                                        38
  SINCE MAR 1    115                                       114
  SINCE JAN 1    115                                       116
..................................................................


WIND (MPH)
  HIGHEST WIND SPEED    12   HIGHEST WIND DIRECTION    NW (310)
  HIGHEST GUST SPEED    15   HIGHEST GUST DIRECTION     W (290)
  AVERAGE WIND SPEED     5.5




RELATIVE HUMIDITY (PERCENT)
 HIGHEST    80
 LOWEST     17
 AVERAGE    49

..........................................................


THE MADERA CA CLIMATE NORMALS FOR TOMORROW
                         NORMAL    RECORD    YEAR
 MAXIMUM TEMPERATURE (F)   84       101      2008
 MINIMUM TEMPERATURE (F)   51        45      2013


SUNRISE AND SUNSET
MAY 17 2016...........SUNRISE   550 AM PDT   SUNSET   804 PM PDT
MAY 18 2016...........SUNRISE   550 AM PDT   SUNSET   805 PM PDT


-  INDICATES NEGATIVE NUMBERS.
R  INDICATES RECORD WAS SET OR TIED.
MM INDICATES DATA IS MISSING.
T  INDICATES TRACE AMOUNT.




$$
