575
CDUS46 KHNX 160023
CLIMAE


CLIMATE REPORT
NATIONAL WEATHER SERVICE SAN JOAQUIN VALLEY, CA
522 PM PDT TUE AUG 15 2017


...................................

...THE MADERA CA CLIMATE SUMMARY FOR AUGUST 15 2017...
VALID AS OF 0400 PM LOCAL TIME.

CLIMATE NORMAL PERIOD 1981 TO 2010
CLIMATE RECORD PERIOD 1998 TO 2017


WEATHER ITEM   OBSERVED TIME   RECORD YEAR NORMAL DEPARTURE LAST
                VALUE   (LST)  VALUE       VALUE  FROM      YEAR
                                                  NORMAL
..................................................................
TEMPERATURE (F)
 TODAY
  MAXIMUM         87        MM 105    2008  95     -8      101
  MINIMUM         58        MM  52    2009  59     -1       65
  AVERAGE         73                        77     -4       83

PRECIPITATION (IN)
  TODAY            0.00          T    2005   0.00   0.00     0.00
  MONTH TO DATE    T                         0.00   0.00     0.00
  SINCE OCT 1     14.18                     11.75   2.43    12.96
  SINCE JAN 1     10.11                      8.02   2.09     8.40

SNOWFALL (IN)
  TODAY            0.0
  MONTH TO DATE    0.0
  SINCE JUN 1      0.0
  SINCE JUL 1      0.0
  SNOW DEPTH       0

DEGREE DAYS
 HEATING
  TODAY            0                                         0
  MONTH TO DATE    0                                         0
  SINCE JUN 1      6                                         1
  SINCE JUL 1      0                                         0

 COOLING
  TODAY            8                                        18
  MONTH TO DATE  261                                       219
  SINCE JUN 1   1204                                      1080
  SINCE JAN 1   1389                                      1273
..................................................................


WIND (MPH)
  HIGHEST WIND SPEED    12   HIGHEST WIND DIRECTION    NW (300)
  HIGHEST GUST SPEED    MM   HIGHEST GUST DIRECTION    MM
  AVERAGE WIND SPEED     7.6




RELATIVE HUMIDITY (PERCENT)
 HIGHEST    87
 LOWEST     32
 AVERAGE    60

..........................................................


THE MADERA CA CLIMATE NORMALS FOR TOMORROW
                         NORMAL    RECORD    YEAR
 MAXIMUM TEMPERATURE (F)   95       105      2015
 MINIMUM TEMPERATURE (F)   59        56      1999


SUNRISE AND SUNSET
AUGUST 15 2017........SUNRISE   618 AM PDT   SUNSET   751 PM PDT
AUGUST 16 2017........SUNRISE   618 AM PDT   SUNSET   750 PM PDT


-  INDICATES NEGATIVE NUMBERS.
R  INDICATES RECORD WAS SET OR TIED.
MM INDICATES DATA IS MISSING.
T  INDICATES TRACE AMOUNT.




$$
