965
CDUS46 KHNX 030028
CLIMAE


CLIMATE REPORT
NATIONAL WEATHER SERVICE SAN JOAQUIN VALLEY, CA
427 PM PST TUE FEB 2 2016


...................................

...THE MADERA CA CLIMATE SUMMARY FOR FEBRUARY 2 2016...
VALID TODAY AS OF 0400 PM LOCAL TIME.

CLIMATE NORMAL PERIOD 1981 TO 2010
CLIMATE RECORD PERIOD 1998 TO 2016


WEATHER ITEM   OBSERVED TIME   RECORD YEAR NORMAL DEPARTURE LAST
                VALUE   (LST)  VALUE       VALUE  FROM      YEAR
                                                  NORMAL
..................................................................
TEMPERATURE (F)
 TODAY
  MAXIMUM         52    336 PM  70    2000  58     -6       68
  MINIMUM         33    414 AM  28    2002  39     -6       41
  AVERAGE         43                        48     -5       55

PRECIPITATION (IN)
  TODAY            T             0.64 2004   0.05  -0.05     0.00
  MONTH TO DATE    T                         0.10  -0.10     0.00
  SINCE OCT 1      8.19                      6.28   1.91     3.71
  SINCE JAN 1      3.63                      2.55   1.08     0.03

SNOWFALL (IN)
  TODAY            0.0
  MONTH TO DATE    0.0
  SINCE DEC 1      0.0
  SINCE JUL 1      0.0
  SNOW DEPTH       0

DEGREE DAYS
 HEATING
  TODAY           22                                        10
  MONTH TO DATE   41                                        21
  SINCE DEC 1   1069                                       898
  SINCE JUL 1   1480                                      1214

 COOLING
  TODAY            0                                         0
  MONTH TO DATE    0                                         0
  SINCE DEC 1      0                                         1
  SINCE JAN 1      0                                         0
..................................................................


WIND (MPH)
  HIGHEST WIND SPEED    10   HIGHEST WIND DIRECTION    SE (140)
  HIGHEST GUST SPEED    15   HIGHEST GUST DIRECTION     E (90)
  AVERAGE WIND SPEED     5.7




RELATIVE HUMIDITY (PERCENT)
 HIGHEST    92
 LOWEST     48
 AVERAGE    70

..........................................................


THE MADERA CA CLIMATE NORMALS FOR TOMORROW
                         NORMAL    RECORD    YEAR
 MAXIMUM TEMPERATURE (F)   58        73      2009
                                             2000
 MINIMUM TEMPERATURE (F)   39        27      2002


SUNRISE AND SUNSET
FEBRUARY  2 2016......SUNRISE   702 AM PST   SUNSET   526 PM PST
FEBRUARY  3 2016......SUNRISE   702 AM PST   SUNSET   527 PM PST


-  INDICATES NEGATIVE NUMBERS.
R  INDICATES RECORD WAS SET OR TIED.
MM INDICATES DATA IS MISSING.
T  INDICATES TRACE AMOUNT.




$$
