000
CDUS46 KHNX 240021
CLIMAE


CLIMATE REPORT
NATIONAL WEATHER SERVICE SAN JOAQUIN VALLEY, CA
520 PM PDT SAT MAY 23 2015


...................................

...THE MADERA CA CLIMATE SUMMARY FOR MAY 23 2015...
VALID AS OF 0500 PM LOCAL TIME.

CLIMATE NORMAL PERIOD 1981 TO 2010
CLIMATE RECORD PERIOD 1998 TO 2015


WEATHER ITEM   OBSERVED TIME   RECORD YEAR NORMAL DEPARTURE LAST
                VALUE   (LST)  VALUE       VALUE  FROM      YEAR
                                                  NORMAL
..................................................................
TEMPERATURE (F)
 TODAY
  MAXIMUM         77    350 PM 100    2001  85     -8       92
  MINIMUM         54    535 AM  43    2013  52      2       56
                                      2010
  AVERAGE         66                        69     -3       74

PRECIPITATION (IN)
  TODAY            0.00          T    1999   0.01  -0.01     0.00
  MONTH TO DATE    0.45                      0.44   0.01      T
  SINCE OCT 1      5.71                     11.50  -5.79     4.30
  SINCE JAN 1      2.03                      7.77  -5.74     3.61

SNOWFALL (IN)
  TODAY            0.0
  MONTH TO DATE    0.0
  SINCE MAR 1      0.0
  SINCE JUL 1      0.0
  SNOW DEPTH       0

DEGREE DAYS
 HEATING
  TODAY            0                                         0
  MONTH TO DATE   27                                        13
  SINCE MAR 1    276                                       309
  SINCE JUL 1   1726                                      2136

 COOLING
  TODAY            1                                         9
  MONTH TO DATE   42                                       115
  SINCE MAR 1    118                                       172
  SINCE JAN 1    120                                       172
..................................................................


WIND (MPH)
  HIGHEST WIND SPEED    13   HIGHEST WIND DIRECTION    NW (300)
  HIGHEST GUST SPEED    17   HIGHEST GUST DIRECTION     W (280)
  AVERAGE WIND SPEED     6.1




RELATIVE HUMIDITY (PERCENT)
 HIGHEST    83
 LOWEST     36
 AVERAGE    60

..........................................................


THE MADERA CA CLIMATE NORMALS FOR TOMORROW
                         NORMAL    RECORD    YEAR
 MAXIMUM TEMPERATURE (F)   85       100      2001
 MINIMUM TEMPERATURE (F)   53        45      2011


SUNRISE AND SUNSET
MAY 23 2015...........SUNRISE   547 AM PDT   SUNSET   808 PM PDT
MAY 24 2015...........SUNRISE   546 AM PDT   SUNSET   809 PM PDT


-  INDICATES NEGATIVE NUMBERS.
R  INDICATES RECORD WAS SET OR TIED.
MM INDICATES DATA IS MISSING.
T  INDICATES TRACE AMOUNT.




$$
