000
CDUS46 KHNX 070823
CLIMAE


CLIMATE REPORT
NATIONAL WEATHER SERVICE SAN JOAQUIN VALLEY, CA
123 AM PDT SAT OCT 7 2017


...................................

...THE MADERA CA AIRPORT CLIMATE SUMMARY FOR OCTOBER 6 2017...

CLIMATE NORMAL PERIOD 1981 TO 2010
CLIMATE RECORD PERIOD 1998 TO 2017


WEATHER ITEM   OBSERVED TIME   RECORD YEAR NORMAL DEPARTURE
                VALUE   (LST)  VALUE       VALUE  FROM
                                                  NORMAL
...............................................................
TEMPERATURE (F)
 YESTERDAY
  MAXIMUM         84    424 PM  96    2014  84      0
  MINIMUM         47    550 AM  40    2007  51     -4
  AVERAGE         66                        67     -1

PRECIPITATION (IN)
  YESTERDAY        0.00          T    1999   0.01  -0.01
  MONTH TO DATE    0.00                      0.04  -0.04
  SINCE OCT 1      0.00                      0.04  -0.04
  SINCE JAN 1     10.19                      8.33   1.86

SNOWFALL (IN)
  YESTERDAY        0.0
  MONTH TO DATE    0.0
  SINCE SEP 1      0.0
  SINCE JUL 1      0.0
  SNOW DEPTH       0

DEGREE DAYS
 HEATING
  YESTERDAY        0
  MONTH TO DATE   11
  SINCE SEP 1     16
  SINCE JUL 1     16

 COOLING
  YESTERDAY        1
  MONTH TO DATE    5
  SINCE SEP 1    329
  SINCE JAN 1   2000
...............................................................


WIND (MPH)
  HIGHEST WIND SPEED     9   HIGHEST WIND DIRECTION     W (250)
  HIGHEST GUST SPEED    13   HIGHEST GUST DIRECTION     W (280)
  AVERAGE WIND SPEED     3.1




RELATIVE HUMIDITY (PERCENT)
 HIGHEST    67
 LOWEST     19
 AVERAGE    43

..........................................................


THE MADERA CA AIRPORT CLIMATE NORMALS FOR TODAY
                         NORMAL    RECORD    YEAR
 MAXIMUM TEMPERATURE (F)   83        95      2014
 MINIMUM TEMPERATURE (F)   51        44      2007


SUNRISE AND SUNSET
OCTOBER  7 2017.......SUNRISE   701 AM PDT   SUNSET   634 PM PDT
OCTOBER  8 2017.......SUNRISE   702 AM PDT   SUNSET   633 PM PDT


-  INDICATES NEGATIVE NUMBERS.
R  INDICATES RECORD WAS SET OR TIED.
MM INDICATES DATA IS MISSING.
T  INDICATES TRACE AMOUNT.




$$
