000
CDUS46 KHNX 060026
CLIMAE


CLIMATE REPORT
NATIONAL WEATHER SERVICE SAN JOAQUIN VALLEY, CA
526 PM PDT SAT APR 5 2014


...................................

...THE MADERA CA CLIMATE SUMMARY FOR APRIL 5 2014...
VALID AS OF 0500 PM LOCAL TIME.

CLIMATE NORMAL PERIOD 1981 TO 2010
CLIMATE RECORD PERIOD 1998 TO 2014


WEATHER ITEM   OBSERVED TIME   RECORD YEAR NORMAL DEPARTURE LAST
                VALUE   (LST)  VALUE       VALUE  FROM      YEAR
                                                  NORMAL
..................................................................
TEMPERATURE (F)
 TODAY
  MAXIMUM         69    351 PM  80    2000  70     -1       69
  MINIMUM         41    507 AM  33    2003  43     -2       51
  AVERAGE         55                        57     -2       60

PRECIPITATION (IN)
  TODAY            0.00          0.52 2010   0.03  -0.03     0.00
  MONTH TO DATE    0.02                      0.17  -0.15     0.55
  SINCE JUL 1      4.04                     10.57  -6.53     8.14
  SINCE JAN 1      3.07                      6.55  -3.48     3.44

SNOWFALL (IN)
  TODAY            0.0
  MONTH TO DATE    0.0
  SINCE MAR 1      0.0
  SINCE JUL 1      0.0
  SNOW DEPTH       0

DEGREE DAYS
 HEATING
  TODAY           10                                         5
  MONTH TO DATE   61                                        17
  SINCE MAR 1    251                                       215
  SINCE JUL 1   2078                                      2218

 COOLING
  TODAY            0                                         0
  MONTH TO DATE    0                                         0
  SINCE MAR 1      0                                         2
  SINCE JAN 1      0                                         2
..................................................................


WIND (MPH)
  HIGHEST WIND SPEED    20   HIGHEST WIND DIRECTION    NW (330)
  HIGHEST GUST SPEED    25   HIGHEST GUST DIRECTION     N (340)
  AVERAGE WIND SPEED     9.2




RELATIVE HUMIDITY (PERCENT)
 HIGHEST    96
 LOWEST     37
 AVERAGE    67

..........................................................


THE MADERA CA CLIMATE NORMALS FOR TOMORROW
                         NORMAL    RECORD    YEAR
 MAXIMUM TEMPERATURE (F)   71        86      2007
 MINIMUM TEMPERATURE (F)   43        32      2012


SUNRISE AND SUNSET
APRIL  5 2014.........SUNRISE   640 AM PDT   SUNSET   727 PM PDT
APRIL  6 2014.........SUNRISE   639 AM PDT   SUNSET   727 PM PDT


-  INDICATES NEGATIVE NUMBERS.
R  INDICATES RECORD WAS SET OR TIED.
MM INDICATES DATA IS MISSING.
T  INDICATES TRACE AMOUNT.




$$
