000
CDUS46 KHNX 110024
CLIMAE


CLIMATE REPORT
NATIONAL WEATHER SERVICE SAN JOAQUIN VALLEY, CA
423 PM PST SUN DEC 10 2017


...................................

...THE MADERA CA CLIMATE SUMMARY FOR DECEMBER 10 2017...
VALID AS OF 0400 PM LOCAL TIME.

CLIMATE NORMAL PERIOD 1981 TO 2010
CLIMATE RECORD PERIOD 1998 TO 2017


WEATHER ITEM   OBSERVED TIME   RECORD YEAR NORMAL DEPARTURE LAST
                VALUE   (LST)  VALUE       VALUE  FROM      YEAR
                                                  NORMAL
..................................................................
TEMPERATURE (F)
 TODAY
  MAXIMUM         64    307 PM  67    2016  55      9       67
                                      2010
  MINIMUM         32    618 AM  21    2013  36     -4       57
  AVERAGE         48                        46      2       62

PRECIPITATION (IN)
  TODAY            0.00          0.07 2015   0.05  -0.05     0.07
                                      2015
                                      2016
  MONTH TO DATE    T                         0.38  -0.38     0.47
  SINCE OCT 1      0.32                      2.41  -2.09     2.67
  SINCE JAN 1     10.51                     10.70  -0.19    11.07

SNOWFALL (IN)
  TODAY            0.0
  MONTH TO DATE    0.0
  SINCE DEC 1      0.0
  SINCE JUL 1      0.0
  SNOW DEPTH       0

DEGREE DAYS
 HEATING
  TODAY           17                                         3
  MONTH TO DATE  177                                       162
  SINCE DEC 1    177                                       162
  SINCE JUL 1    504                                       470

 COOLING
  TODAY            0                                         0
  MONTH TO DATE    0                                         0
  SINCE DEC 1      0                                         0
  SINCE JAN 1   2026                                      1819
..................................................................


WIND (MPH)
  HIGHEST WIND SPEED     6   HIGHEST WIND DIRECTION     E (100)
  HIGHEST GUST SPEED     7   HIGHEST GUST DIRECTION    SW (240)
  AVERAGE WIND SPEED     1.7




RELATIVE HUMIDITY (PERCENT)
 HIGHEST    89
 LOWEST     34
 AVERAGE    62

..........................................................


THE MADERA CA CLIMATE NORMALS FOR TOMORROW
                         NORMAL    RECORD    YEAR
 MAXIMUM TEMPERATURE (F)   55        65      2014
 MINIMUM TEMPERATURE (F)   36        26      2013


SUNRISE AND SUNSET
DECEMBER 10 2017......SUNRISE   703 AM PST   SUNSET   444 PM PST
DECEMBER 11 2017......SUNRISE   704 AM PST   SUNSET   444 PM PST


-  INDICATES NEGATIVE NUMBERS.
R  INDICATES RECORD WAS SET OR TIED.
MM INDICATES DATA IS MISSING.
T  INDICATES TRACE AMOUNT.




$$
