000
CDUS46 KHNX 250022
CLIMAE


CLIMATE REPORT
NATIONAL WEATHER SERVICE SAN JOAQUIN VALLEY, CA
522 PM PDT MON AUG 24 2015


...................................

...THE MADERA CA CLIMATE SUMMARY FOR AUGUST 24 2015...
VALID AS OF 0500 PM LOCAL TIME.

CLIMATE NORMAL PERIOD 1981 TO 2010
CLIMATE RECORD PERIOD 1998 TO 2015


WEATHER ITEM   OBSERVED TIME   RECORD YEAR NORMAL DEPARTURE LAST
                VALUE   (LST)  VALUE       VALUE  FROM      YEAR
                                                  NORMAL
..................................................................
TEMPERATURE (F)
 TODAY
  MAXIMUM         99    359 PM 101    2010  94      5       93
                                      1999
  MINIMUM         62    539 AM  51    2002  59      3       60
  AVERAGE         81                        76      5       77

PRECIPITATION (IN)
  TODAY            0.00          0.00   MM   0.00   0.00     0.00
  MONTH TO DATE    0.01                      0.01   0.00      T
  SINCE OCT 1      5.83                     11.76  -5.93     4.30
  SINCE JAN 1      2.15                      8.03  -5.88     3.61

SNOWFALL (IN)
  TODAY            0.0
  MONTH TO DATE    0.0
  SINCE JUN 1      0.0
  SINCE JUL 1      0.0
  SNOW DEPTH       0

DEGREE DAYS
 HEATING
  TODAY            0                                         0
  MONTH TO DATE    0                                         0
  SINCE JUN 1      0                                         0
  SINCE JUL 1      0                                         0

 COOLING
  TODAY           16                                        12
  MONTH TO DATE  344                                      1271
  SINCE JUN 1   1260                                      2152
  SINCE JAN 1   1441                                      2394
..................................................................


WIND (MPH)
  HIGHEST WIND SPEED    12   HIGHEST WIND DIRECTION    NW (320)
  HIGHEST GUST SPEED    15   HIGHEST GUST DIRECTION    NW (330)
  AVERAGE WIND SPEED     7.2




RELATIVE HUMIDITY (PERCENT)
 HIGHEST    73
 LOWEST     18
 AVERAGE    46

..........................................................


THE MADERA CA CLIMATE NORMALS FOR TOMORROW
                         NORMAL    RECORD    YEAR
 MAXIMUM TEMPERATURE (F)   94       107      2010
 MINIMUM TEMPERATURE (F)   59        52      2002


SUNRISE AND SUNSET
AUGUST 24 2015........SUNRISE   625 AM PDT   SUNSET   740 PM PDT
AUGUST 25 2015........SUNRISE   625 AM PDT   SUNSET   739 PM PDT


-  INDICATES NEGATIVE NUMBERS.
R  INDICATES RECORD WAS SET OR TIED.
MM INDICATES DATA IS MISSING.
T  INDICATES TRACE AMOUNT.




$$
