000
CXUS54 KHUN 301015
CF6DCU
PRELIMINARY LOCAL CLIMATOLOGICAL DATA (WS FORM: F-6)

                                          STATION:   DECATUR
                                          MONTH:     MARCH
                                          YEAR:      2017
                                          LATITUDE:   34 39 N
                                          LONGITUDE:  86 56 W

  TEMPERATURE IN F:       :PCPN:    SNOW:  WIND      :SUNSHINE: SKY     :PK WND
================================================================================
1   2   3   4   5  6A  6B    7    8   9   10  11  12  13   14  15   16   17  18
                                     12Z  AVG MX 2MIN
DY MAX MIN AVG DEP HDD CDD  WTR  SNW DPTH SPD SPD DIR MIN PSBL S-S WX    SPD DR
================================================================================

 1  75  45  60  12   5   0 0.43  0.0    0 13.4 32 280   M    M   6 138    44 280
 2  57  36  47  -1  18   0 0.00  0.0    0  8.2 23 350   M    M   0        28 350
 3  52   M   M   M   M   M 0.00  0.0    0   M   M   M   M    M   0         M  M
 4  65   M   M   M   M   M 0.00  0.0    0  3.0  M   M   M    M   0         M  M
 5  62   M   M   M   M   M    T  0.0    0  5.3 13 190   M    M   4         M  M
 6  71   M   M   M   M   M    T  0.0    0 13.1 20 180   M    M   8        35 180
 7  61   M   M   M   M   M 0.56  0.0    0 14.8 24 180   M    M   8 138    37 180
 8  66  34  50   0  15   0 0.00  0.0    0  1.6  7  99   M    M   1 128     M  M
 9  75   M   M   M   M   M 0.00  0.0    0  5.2 15 200   M    M   2 3       M  M
10  60  41  51   0  14   0 0.72  0.0    0 11.9 21 340   M    M   3 3      32 350
11  43  34  39 -12  26   0    T  0.0    0 10.0 17  20   M    M   7 1      22  20
12  54  31  43  -8  22   0    T    T    0  7.4 18 360   M    M   2 18     24  20
13  46  35  41 -11  24   0 0.32  0.0    0  7.0 17 140   M    M   8 1      23 140
14  42  29  36 -16  29   0    T  0.0    0 11.5 21 330   M    M   8        25 310
15  42  24  33 -19  32   0 0.00  0.0    0  8.8 17 350   M    M   0        21 340
16  50  21  36 -16  29   0 0.00  0.0    0  2.2  9 260   M    M   4        13 220
17  65  45  55   2  10   0    T  0.0    0  9.2 25 200   M    M   9 8      31 210
18  71  43  57   4   8   0 0.31  0.0    0 10.2 22 280   M    M   5 13     27 320
19  63  36  50  -3  15   0 0.00  0.0    0  4.2 14  30   M    M   0        19  30
20  81  43  62   8   3   0 0.00  0.0    0  6.8 16 210   M    M   1        21 240
21  83  56  70  16   0   5 0.14  0.0    0  7.7 31 350   M    M   2 13     39 350
22  63  46  55   1  10   0    T  0.0    0  9.7 20  10   M    M   1 1      24 360
23  73  39  56   2   9   0 0.00  0.0    0  9.3 22 150   M    M   1        27 140
24  73  59  66  11   0   1 0.00  0.0    0 13.6 24 160   M    M   6        29 160
25  72  57  65  10   0   0 0.25  0.0    0 12.3 29 180   M    M   5 13     36 180
26  72  56  64   9   1   0 0.01  0.0    0  8.8 21 200   M    M   6 1      25 190
27  77  54  66  11   0   1 0.90  0.0    0 10.2 26 290   M    M   3 13     35 290
28  74  52  63   7   2   0 0.00  0.0    0  3.5  9 300   M    M   4 12     12 300
29  81  53  67  11   0   2 0.00  0.0    0  5.0 15 180   M    M   1        18 150
================================================================================
SM 1869  969       272   9  3.64    T    233.9          M      105
================================================================================
AV 64.5 42.1                               8.4 FASTST   M    M   4    MAX(MPH)
                                 MISC ---->  # 32 280               # 44  280
================================================================================
NOTES:
# LAST OF SEVERAL OCCURRENCES

COLUMN 17 PEAK WIND IN M.P.H.

PRELIMINARY LOCAL CLIMATOLOGICAL DATA (WS FORM: F-6) , PAGE 2

                                          STATION:  DECATUR
                                          MONTH:    MARCH
                                          YEAR:     2017
                                          LATITUDE:   34 39 N
                                          LONGITUDE:  86 56 W

[TEMPERATURE DATA]      [PRECIPITATION DATA]       SYMBOLS USED IN COLUMN 16

AVERAGE MONTHLY: 53.3   TOTAL FOR MONTH:   3.64    1 = FOG OR MIST
DPTR FM NORMAL:   1.2   DPTR FM NORMAL:   -0.94    2 = FOG REDUCING VISIBILITY
HIGHEST:    83 ON 21    GRTST 24HR  0.90 ON 27-27      TO 1/4 MILE OR LESS
LOWEST:     21 ON 16                               3 = THUNDER
                        SNOW, ICE PELLETS, HAIL    4 = ICE PELLETS
                        TOTAL MONTH:    T          5 = HAIL
                        GRTST 24HR    T  ON 12-12  6 = FREEZING RAIN OR DRIZZLE
                        GRTST DEPTH:   0           7 = DUSTSTORM OR SANDSTORM:
                                                       VSBY 1/2 MILE OR LESS
                                                   8 = SMOKE OR HAZE
[NO. OF DAYS WITH]      [WEATHER - DAYS WITH]      9 = BLOWING SNOW
                                                   X = TORNADO
MAX 32 OR BELOW:   0    0.01 INCH OR MORE:   9
MAX 90 OR ABOVE:   0    0.10 INCH OR MORE:   8
MIN 32 OR BELOW:   4    0.50 INCH OR MORE:   3
MIN  0 OR BELOW:   0    1.00 INCH OR MORE:   0

[HDD (BASE 65) ]
TOTAL THIS MO.   272    CLEAR  (SCALE 0-3)  15
DPTR FM NORMAL  -107    PTCLDY (SCALE 4-7)  12
TOTAL FM JUL 1  2058    CLOUDY (SCALE 8-10)  2
DPTR FM NORMAL  -938

[CDD (BASE 65) ]
TOTAL THIS MO.     9
DPTR FM NORMAL     9    [PRESSURE DATA]
TOTAL FM JAN 1    10    HIGHEST SLP M ON M
DPTR FM NORMAL     9    LOWEST  SLP 29.79 ON  1

[REMARKS]
