844
CXUS54 KHUN 301015
CF6DCU
PRELIMINARY LOCAL CLIMATOLOGICAL DATA (WS FORM: F-6)

                                          STATION:   DECATUR
                                          MONTH:     JUNE
                                          YEAR:      2016
                                          LATITUDE:   34 39 N
                                          LONGITUDE:  86 56 W

  TEMPERATURE IN F:       :PCPN:    SNOW:  WIND      :SUNSHINE: SKY     :PK WND
================================================================================
1   2   3   4   5  6A  6B    7    8   9   10  11  12  13   14  15   16   17  18
                                     12Z  AVG MX 2MIN
DY MAX MIN AVG DEP HDD CDD  WTR  SNW DPTH SPD SPD DIR MIN PSBL S-S WX    SPD DR
================================================================================

 1  91  64  78   4   0  13    T  0.0    0  4.8 16  40   M    M   1 3      21  30
 2  89  68  79   5   0  14 0.18  0.0    0  3.2 24 160   M    M   2 13     31 160
 3  89  69  79   5   0  14 0.15  0.0    0  3.8 16 270   M    M   2 13     19 220
 4  85  68  77   3   0  12 0.05  0.0    0  6.0 17 200   M    M   3 13     22 190
 5  82  68  75   1   0  10 0.57  0.0    0  5.5 18 290   M    M   6 13     22 290
 6  85   M   M   M   M   M 0.00  0.0    0  2.5 10  10   M    M   4 128     M  M
 7  90  60  75   0   0  10 0.00  0.0    0  8.4 22 320   M    M   0 1      28 290
 8  86  56  71  -4   0   6 0.00  0.0    0  6.3 14 360   M    M   0        19  20
 9  88  55  72  -3   0   7 0.00  0.0    0  2.3 10  10   M    M   0        14  10
10  93  57  75  -1   0  10 0.00  0.0    0  2.2 12 270   M    M   0        16 120
11  93  63  78   2   0  13 0.00  0.0    0  2.8 12 220   M    M   0        15 200
12  93  72  83   7   0  18 0.00  0.0    0  6.3 23 350   M    M   0 3      31 350
13  96  69  83   7   0  18 0.00  0.0    0  3.8 12 220   M    M   1 1      17 300
14  92  73  83   7   0  18 0.00  0.0    0  6.9 16 170   M    M   1 3      23 240
15  91  70  81   4   0  16 0.17  0.0    0  7.7 39 360   M    M   6 13     50 350
16  97  70  84   7   0  19 0.00  0.0    0  6.3 14 330   M    M   1 1      21 290
17  93  68  81   4   0  16 0.00  0.0    0  8.0 20 220   M    M   3 18     25 220
18  86  66  76  -1   0  11 0.00  0.0    0  8.2 17 160   M    M   3        25 150
19  88  66  77   0   0  12 0.00  0.0    0  6.5 17 160   M    M   2        23 160
20  90  59  75  -3   0  10 0.00  0.0    0  3.2 15 170   M    M   1        19 170
21  92  67  80   2   0  15 0.00  0.0    0  6.1 14 240   M    M   4        19 230
22  95  75  85   7   0  20    T  0.0    0  7.6 14 220   M    M   2        23 190
23  96  74  85   7   0  20 0.00  0.0    0  8.4 16 230   M    M   2        21 240
24  96  75  86   8   0  21    T  0.0    0  6.8 15 280   M    M   2        19 290
25  98  72  85   7   0  20 0.00  0.0    0  3.4 20  90   M    M   2 3      26  80
26  99  71  85   7   0  20 0.10  0.0    0  3.9 23  90   M    M   1 13     34  80
27  96  72  84   6   0  19 0.17  0.0    0  5.3 28 330   M    M   3 13     36 310
28  93  70  82   3   0  17 0.00  0.0    0  5.7 17 350   M    M   3 1      21 350
29  91  66  79   0   0  14 0.00  0.0    0  6.1 15 310   M    M   0        20 350
================================================================================
SM 2653 1883         0 413  1.39     0.0 158.0          M       55
================================================================================
AV 91.5 67.2                               5.4 FASTST   M    M   2    MAX(MPH)
                                 MISC ---->  # 39 360               # 50  350
================================================================================
NOTES:
# LAST OF SEVERAL OCCURRENCES

COLUMN 17 PEAK WIND IN M.P.H.

PRELIMINARY LOCAL CLIMATOLOGICAL DATA (WS FORM: F-6) , PAGE 2

                                          STATION:  DECATUR
                                          MONTH:    JUNE
                                          YEAR:     2016
                                          LATITUDE:   34 39 N
                                          LONGITUDE:  86 56 W

[TEMPERATURE DATA]      [PRECIPITATION DATA]       SYMBOLS USED IN COLUMN 16

AVERAGE MONTHLY: 79.4   TOTAL FOR MONTH:   1.39    1 = FOG OR MIST
DPTR FM NORMAL:   2.9   DPTR FM NORMAL:   -2.97    2 = FOG REDUCING VISIBILITY
HIGHEST:    99 ON 26    GRTST 24HR  0.58 ON  4- 5      TO 1/4 MILE OR LESS
LOWEST:     55 ON  9                               3 = THUNDER
                        SNOW, ICE PELLETS, HAIL    4 = ICE PELLETS
                        TOTAL MONTH:   0.0 INCH    5 = HAIL
                        GRTST 24HR     0.0         6 = FREEZING RAIN OR DRIZZLE
                        GRTST DEPTH:   0           7 = DUSTSTORM OR SANDSTORM:
                                                       VSBY 1/2 MILE OR LESS
                                                   8 = SMOKE OR HAZE
[NO. OF DAYS WITH]      [WEATHER - DAYS WITH]      9 = BLOWING SNOW
                                                   X = TORNADO
MAX 32 OR BELOW:   0    0.01 INCH OR MORE:   7
MAX 90 OR ABOVE:  20    0.10 INCH OR MORE:   6
MIN 32 OR BELOW:   0    0.50 INCH OR MORE:   1
MIN  0 OR BELOW:   0    1.00 INCH OR MORE:   0

[HDD (BASE 65) ]
TOTAL THIS MO.     0    CLEAR  (SCALE 0-3)  22
DPTR FM NORMAL     0    PTCLDY (SCALE 4-7)   7
TOTAL FM JUL 1  2670    CLOUDY (SCALE 8-10)  0
DPTR FM NORMAL  -554

[CDD (BASE 65) ]
TOTAL THIS MO.   413
DPTR FM NORMAL    80    [PRESSURE DATA]
TOTAL FM JAN 1   615    HIGHEST SLP M ON M
DPTR FM NORMAL    59    LOWEST  SLP 29.74 ON  6

[REMARKS]
