000
CXUS54 KHUN 171015
CF6HSV
PRELIMINARY LOCAL CLIMATOLOGICAL DATA (WS FORM: F-6)

                                          STATION:   HUNTSVILLE
                                          MONTH:     APRIL
                                          YEAR:      2014
                                          LATITUDE:   34 39 N
                                          LONGITUDE:  86 46 W

  TEMPERATURE IN F:       :PCPN:    SNOW:  WIND      :SUNSHINE: SKY     :PK WND
================================================================================
1   2   3   4   5  6A  6B    7    8   9   10  11  12  13   14  15   16   17  18
                                     12Z  AVG MX 2MIN
DY MAX MIN AVG DEP HDD CDD  WTR  SNW DPTH SPD SPD DIR MIN PSBL S-S WX    SPD DR
================================================================================

 1  81  55  68  10   0   3 0.00  0.0    0  6.1 16 240   M    M   3        22 230
 2  79  54  67   9   0   2 0.00  0.0    0  6.6 17 220   M    M   6        23 220
 3  81  62  72  14   0   7 0.00  0.0    0 11.2 22 180   M    M   6        28 170
 4  70  49  60   1   5   0 0.22  0.0    0 11.3 37 240   M    M   6 13     48 240
 5  59  42  51  -8  14   0 0.00  0.0    0  8.1 22  40   M    M   7        26  40
 6  65  45  55  -4  10   0 1.70  0.0    0  6.4 22 100   M    M   8 13     26 100
 7  66  48  57  -2   8   0 0.87  0.0    0 13.1 25 260   M    M   9 1      31 260
 8  65  42  54  -6  11   0    T  0.0    0  6.2 17 300   M    M   6 1      23 310
 9  68  45  57  -3   8   0 0.00  0.0    0  5.0 16 240   M    M   2        20 250
10  76  42  59  -1   6   0 0.00  0.0    0  7.6 17 190   M    M   1        23 190
11  76  51  64   4   1   0 0.00  0.0    0  8.1 15 220   M    M   5        21  30
12  81  53  67   6   0   2 0.00  0.0    0  6.8 17 150   M    M   2        24 190
13  82  56  69   8   0   4 0.00  0.0    0 11.1 21 190   M    M   6        28 190
14  71  49  60  -1   5   0 0.98  0.0    0  8.2 26 160   M    M   8 13     36 150
15  51  37  44 -18  21   0 0.18    T    0 13.6 23 330   M    M   6 14     31 350
16  65  33  49 -13  16   0 0.00  0.0    0  7.7 16 100   M    M   1        23 120
================================================================================
SM 1136  763       105  18  3.95    T    137.1          M       82
================================================================================
AV 71.0 47.7                               8.6 FASTST   M    M   5    MAX(MPH)
                                 MISC ---->  # 37 240               # 48  240
================================================================================
NOTES:
# LAST OF SEVERAL OCCURRENCES

COLUMN 17 PEAK WIND IN M.P.H.

PRELIMINARY LOCAL CLIMATOLOGICAL DATA (WS FORM: F-6) , PAGE 2

                                          STATION:  HUNTSVILLE
                                          MONTH:    APRIL
                                          YEAR:     2014
                                          LATITUDE:   34 39 N
                                          LONGITUDE:  86 46 W

[TEMPERATURE DATA]      [PRECIPITATION DATA]       SYMBOLS USED IN COLUMN 16

AVERAGE MONTHLY: 59.3   TOTAL FOR MONTH:   3.95    1 = FOG OR MIST
DPTR FM NORMAL:  -0.5   DPTR FM NORMAL:    1.65    2 = FOG REDUCING VISIBILITY
HIGHEST:    82 ON 13    GRTST 24HR  2.57 ON  6- 7      TO 1/4 MILE OR LESS
LOWEST:     33 ON 16                               3 = THUNDER
                        SNOW, ICE PELLETS, HAIL    4 = ICE PELLETS
                        TOTAL MONTH:    T          5 = HAIL
                        GRTST 24HR    T  ON 15-15  6 = FREEZING RAIN OR DRIZZLE
                        GRTST DEPTH:   0           7 = DUSTSTORM OR SANDSTORM:
                                                       VSBY 1/2 MILE OR LESS
                                                   8 = SMOKE OR HAZE
[NO. OF DAYS WITH]      [WEATHER - DAYS WITH]      9 = BLOWING SNOW
                                                   X = TORNADO
MAX 32 OR BELOW:   0    0.01 INCH OR MORE:   5
MAX 90 OR ABOVE:   0    0.10 INCH OR MORE:   5
MIN 32 OR BELOW:   0    0.50 INCH OR MORE:   3
MIN  0 OR BELOW:   0    1.00 INCH OR MORE:   1

[HDD (BASE 65) ]
TOTAL THIS MO.   105    CLEAR  (SCALE 0-3)   5
DPTR FM NORMAL     0    PTCLDY (SCALE 4-7)   9
TOTAL FM JUL 1  3402    CLOUDY (SCALE 8-10)  2
DPTR FM NORMAL   477

[CDD (BASE 65) ]
TOTAL THIS MO.    18
DPTR FM NORMAL    -5    [PRESSURE DATA]
TOTAL FM JAN 1    19    HIGHEST SLP M ON M
DPTR FM NORMAL   -18    LOWEST  SLP 29.58 ON  7

[REMARKS]
