000
CXUS54 KHUN 271015
CF6HSV
PRELIMINARY LOCAL CLIMATOLOGICAL DATA (WS FORM: F-6)

                                          STATION:   HUNTSVILLE
                                          MONTH:     AUGUST
                                          YEAR:      2016
                                          LATITUDE:   34 39 N
                                          LONGITUDE:  86 46 W

  TEMPERATURE IN F:       :PCPN:    SNOW:  WIND      :SUNSHINE: SKY     :PK WND
================================================================================
1   2   3   4   5  6A  6B    7    8   9   10  11  12  13   14  15   16   17  18
                                     12Z  AVG MX 2MIN
DY MAX MIN AVG DEP HDD CDD  WTR  SNW DPTH SPD SPD DIR MIN PSBL S-S WX    SPD DR
================================================================================

 1  96  72  84   3   0  19 0.00  0.0    0  4.0 14 110   M    M   2        16 110
 2  84  74  79  -2   0  14 0.36  0.0    0  3.3 16  20   M    M   5 13     20  10
 3  95  73  84   3   0  19 0.00  0.0    0  2.5 13 310   M    M   6 138    19 300
 4  94  72  83   2   0  18 0.19  0.0    0  2.9 20 250   M    M   3 13     27 260
 5  99  76  88   7   0  23 0.00  0.0    0  4.7 17  10   M    M   4 8      22  10
 6  92  73  83   2   0  18 0.42  0.0    0  2.4 13 320   M    M   6 38     17 320
 7  94  74  84   3   0  19 0.00  0.0    0  4.8 15  20   M    M   4 18     19  10
 8  94  76  85   4   0  20 0.26  0.0    0  4.6 22  10   M    M   6 3      28  10
 9  87  76  82   1   0  17 0.25  0.0    0  7.2 20 120   M    M   6 18     23 120
10  91  77  84   3   0  19    T  0.0    0  9.2 18 120   M    M   7        23 130
11  90  77  84   3   0  19    T  0.0    0 10.0 16 150   M    M   7        21 140
12  92  75  84   3   0  19 0.01  0.0    0 10.6 23 150   M    M   6        28 150
13  92  73  83   2   0  18 0.07  0.0    0  8.3 21 160   M    M   7        25 160
14  95  71  83   3   0  18 0.14  0.0    0  6.7 28 190   M    M   4        34 180
15  94  72  83   3   0  18 0.00  0.0    0  7.2 17 220   M    M   3 8      26 180
16  97  73  85   5   0  20 0.00  0.0    0  6.1 17 210   M    M   2        23 230
17  96  72  84   4   0  19 0.00  0.0    0  4.5 13 300   M    M   3        17 300
18  93  73  83   3   0  18 0.09  0.0    0  2.5 15 250   M    M   5 3      19 250
19  88  73  81   1   0  16 1.04  0.0    0  4.3 16 170   M    M   7 18     18 170
20  86  73  80   0   0  15 0.31  0.0    0  5.3 14 220   M    M   6 13     23 300
21  85  73  79  -1   0  14 0.13  0.0    0  6.7 13 310   M    M   8 1      18 320
22  87  69  78  -2   0  13 0.00  0.0    0  3.4  9 360   M    M   5        12  20
23  91  68  80   0   0  15 0.00  0.0    0  2.8 12 320   M    M   5        14 330
24  97  72  85   5   0  20 0.00  0.0    0  4.0 10 340   M    M   4        15 350
25  98  75  87   7   0  22 0.33  0.0    0  5.5 33 110   M    M   3 3      39 110
26  95  73  84   4   0  19 1.27  0.0    0  5.1 31  70   M    M   5 138    48  70
================================================================================
SM 2402 1905         0 469  4.87     0.0 138.6          M      129
================================================================================
AV 92.4 73.3                               5.3 FASTST   M    M   5    MAX(MPH)
                                 MISC ---->  # 33 110               # 48   70
================================================================================
NOTES:
# LAST OF SEVERAL OCCURRENCES

COLUMN 17 PEAK WIND IN M.P.H.

PRELIMINARY LOCAL CLIMATOLOGICAL DATA (WS FORM: F-6) , PAGE 2

                                          STATION:  HUNTSVILLE
                                          MONTH:    AUGUST
                                          YEAR:     2016
                                          LATITUDE:   34 39 N
                                          LONGITUDE:  86 46 W

[TEMPERATURE DATA]      [PRECIPITATION DATA]       SYMBOLS USED IN COLUMN 16

AVERAGE MONTHLY: 82.8   TOTAL FOR MONTH:   4.87    1 = FOG OR MIST
DPTR FM NORMAL:   2.3   DPTR FM NORMAL:    1.80    2 = FOG REDUCING VISIBILITY
HIGHEST:    99 ON  5    GRTST 24HR  1.30 ON 19-20      TO 1/4 MILE OR LESS
LOWEST:     68 ON 23                               3 = THUNDER
                        SNOW, ICE PELLETS, HAIL    4 = ICE PELLETS
                        TOTAL MONTH:   0.0 INCH    5 = HAIL
                        GRTST 24HR     0.0         6 = FREEZING RAIN OR DRIZZLE
                        GRTST DEPTH:   0           7 = DUSTSTORM OR SANDSTORM:
                                                       VSBY 1/2 MILE OR LESS
                                                   8 = SMOKE OR HAZE
[NO. OF DAYS WITH]      [WEATHER - DAYS WITH]      9 = BLOWING SNOW
                                                   X = TORNADO
MAX 32 OR BELOW:   0    0.01 INCH OR MORE:  14
MAX 90 OR ABOVE:  20    0.10 INCH OR MORE:  11
MIN 32 OR BELOW:   0    0.50 INCH OR MORE:   2
MIN  0 OR BELOW:   0    1.00 INCH OR MORE:   2

[HDD (BASE 65) ]
TOTAL THIS MO.     0    CLEAR  (SCALE 0-3)   5
DPTR FM NORMAL     0    PTCLDY (SCALE 4-7)  20
TOTAL FM JUL 1     0    CLOUDY (SCALE 8-10)  1
DPTR FM NORMAL     0

[CDD (BASE 65) ]
TOTAL THIS MO.   469
DPTR FM NORMAL    66    [PRESSURE DATA]
TOTAL FM JAN 1  1811    HIGHEST SLP M ON M
DPTR FM NORMAL   283    LOWEST  SLP 29.81 ON  8

[REMARKS]
