000
CXUS54 KHUN 010810
CF6HSV
PRELIMINARY LOCAL CLIMATOLOGICAL DATA (WS FORM: F-6)
STATION: HUNTSVILLE
MONTH: AUGUST
YEAR: 2023
LATITUDE: 34 39 N
LONGITUDE: 86 46 W
TEMPERATURE IN F: :PCPN: SNOW: WIND :SUNSHINE: SKY :PK WND
================================================================================
1 2 3 4 5 6A 6B 7 8 9 10 11 12 13 14 15 16 17 18
12Z AVG MX 2MIN
DY MAX MIN AVG DEP HDD CDD WTR SNW DPTH SPD SPD DIR MIN PSBL S-S WX SPD DR
================================================================================
1 92 70 81 0 0 16 0.00 0.0 0 6.2 12 10 M M 6 18 360
2 91 66 79 -2 0 14 0.00 0.0 0 3.0 8 150 M M 3 12 150
3 86 73 80 -1 0 15 0.14 0.0 0 4.0 21 350 M M 8 13 32 350
4 83 72 78 -3 0 13 0.42 0.0 0 4.0 13 290 M M 7 13 20 300
5 92 70 81 0 0 16 0.17 0.0 0 4.4 26 270 M M 5 123 43 260
6 93 70 82 1 0 17 0.54 0.0 0 5.2 43 290 M M 5 13 60 290
7 87 70 79 -2 0 14 0.17 0.0 0 4.2 20 320 M M 6 3 34 320
8 81 66 74 -7 0 9 0.10 0.0 0 2.6 10 360 M M 7 12 13 10
9 84 67 76 -5 0 11 0.62 0.0 0 4.3 28 320 M M 7 13 42 320
10 86 68 77 -4 0 12 1.46 0.0 0 7.1 36 260 M M 8 13 60 280
11 93 73 83 2 0 18 0.03 0.0 0 4.5 15 360 M M 5 3 20 350
12 89 74 82 1 0 17 T 0.0 0 3.8 14 290 M M 4 3 22 280
13 94 74 84 3 0 19 0.16 0.0 0 4.2 23 10 M M 4 13 34 20
14 95 73 84 3 0 19 0.67 0.0 0 6.3 25 240 M M 5 13 45 280
15 84 69 77 -4 0 12 0.10 0.0 0 6.0 15 320 M M 5 3 24 300
16 85 64 75 -6 0 10 0.00 0.0 0 4.5 12 30 M M 2 17 80
17 85 62 74 -7 0 9 0.00 0.0 0 3.4 10 300 M M 3 12 18 250
18 90 66 78 -3 0 13 0.00 0.0 0 3.7 12 320 M M 2 18 320
19 89 63 76 -4 0 11 0.00 0.0 0 2.8 9 120 M M 2 14 130
20 92 68 80 0 0 15 0.00 0.0 0 4.4 12 130 M M 1 15 130
21 95 71 83 3 0 18 0.00 0.0 0 3.4 8 230 M M 2 11 220
22 95 73 84 4 0 19 0.00 0.0 0 4.1 13 40 M M 2 1 16 10
23 98 74 86 6 0 21 0.00 0.0 0 3.6 10 100 M M 2 18 16 100
24 95 75 85 5 0 20 0.00 0.0 0 3.6 9 230 M M 4 12 210
25 97 76 87 7 0 22 0.00 0.0 0 2.3 9 250 M M 1 1 12 300
26 99 74 87 7 0 22 T 0.0 0 3.6 21 350 M M 5 128 32 360
27 94 71 83 3 0 18 0.00 0.0 0 5.4 14 30 M M 5 3 19 20
28 87 74 81 2 0 16 0.58 0.0 0 6.9 15 20 M M 8 13 20 70
29 88 73 81 2 0 16 T 0.0 0 4.5 12 10 M M 8 1 18 20
30 87 69 78 -1 0 13 0.00 0.0 0 10.4 20 20 M M 3 30 350
31 85 62 74 -5 0 9 0.00 0.0 0 6.2 12 50 M M 2 17 40
================================================================================
SM 2791 2170 0 474 5.16 0.0 142.6 M 137
================================================================================
AV 90.0 70.0 4.6 FASTST M M 4 MAX(MPH)
MISC ----> 43 290 # 60 290
================================================================================
NOTES:
# LAST OF SEVERAL OCCURRENCES
COLUMN 17 PEAK WIND IN M.P.H.
PRELIMINARY LOCAL CLIMATOLOGICAL DATA (WS FORM: F-6) , PAGE 2
STATION: HUNTSVILLE
MONTH: AUGUST
YEAR: 2023
LATITUDE: 34 39 N
LONGITUDE: 86 46 W
[TEMPERATURE DATA] [PRECIPITATION DATA] SYMBOLS USED IN COLUMN 16
AVERAGE MONTHLY: 80.0 TOTAL FOR MONTH: 5.16 1 = FOG OR MIST
DPTR FM NORMAL: -0.5 DPTR FM NORMAL: 1.61 2 = FOG REDUCING VISIBILITY
HIGHEST: 99 ON 26 GRTST 24HR 2.08 ON 9-10 TO 1/4 MILE OR LESS
LOWEST: 62 ON 31,17 3 = THUNDER
SNOW, ICE PELLETS, HAIL 4 = ICE PELLETS
TOTAL MONTH: 0.0 INCH 5 = HAIL
GRTST 24HR 0.0 6 = FREEZING RAIN OR DRIZZLE
GRTST DEPTH: 0 7 = DUSTSTORM OR SANDSTORM:
VSBY 1/2 MILE OR LESS
8 = SMOKE OR HAZE
[NO. OF DAYS WITH] [WEATHER - DAYS WITH] 9 = BLOWING SNOW
X = TORNADO
MAX 32 OR BELOW: 0 0.01 INCH OR MORE: 13
MAX 90 OR ABOVE: 16 0.10 INCH OR MORE: 12
MIN 32 OR BELOW: 0 0.50 INCH OR MORE: 5
MIN 0 OR BELOW: 0 1.00 INCH OR MORE: 1
[HDD (BASE 65) ]
TOTAL THIS MO. 0 CLEAR (SCALE 0-3) 12
DPTR FM NORMAL 0 PTCLDY (SCALE 4-7) 18
TOTAL FM JUL 1 0 CLOUDY (SCALE 8-10) 1
DPTR FM NORMAL 0
[CDD (BASE 65) ]
TOTAL THIS MO. 474
DPTR FM NORMAL -6 [PRESSURE DATA]
TOTAL FM JAN 1 1615 HIGHEST SLP M ON M
DPTR FM NORMAL -85 LOWEST SLP 29.74 ON 10
[REMARKS]
#FINAL-08-23#