000
CDUS44 KHUN 030824
CLIHSV


CLIMATE REPORT
NATIONAL WEATHER SERVICE HUNTSVILLE AL
224 AM CST TUE MAR 3 2015


...................................

...THE HUNTSVILLE CLIMATE SUMMARY FOR MARCH 2 2015...

CLIMATE NORMAL PERIOD 1981 TO 2010
CLIMATE RECORD PERIOD 1894 TO 2015


WEATHER ITEM   OBSERVED TIME   RECORD YEAR NORMAL DEPARTURE LAST
                VALUE   (LST)  VALUE       VALUE  FROM      YEAR
                                                  NORMAL
..................................................................
TEMPERATURE (F)
 YESTERDAY
  MAXIMUM         51    241 PM  83    1932  61    -10       74
  MINIMUM         40    742 AM  10    1980  39      1       42
  AVERAGE         46                        50     -4       58

PRECIPITATION (IN)
  YESTERDAY        0.17          3.49 1960   0.16   0.01      T
  MONTH TO DATE    0.56                      0.34   0.22      T
  SINCE MAR 1      0.56                      0.34   0.22      T
  SINCE JAN 1      8.30                     10.07  -1.77     9.87

SNOWFALL (IN)
  YESTERDAY        0.0
  MONTH TO DATE    0.0
  SINCE MAR 1      0.0
  SINCE JUL 1      8.8
  SNOW DEPTH       0

DEGREE DAYS
 HEATING
  YESTERDAY       19                        15      4        7
  MONTH TO DATE   33                        31      2       19
  SINCE MAR 1     33                        31      2       19
  SINCE JUL 1   2674                      2483    191     2854

 COOLING
  YESTERDAY        0                         0      0        0
  MONTH TO DATE    0                         0      0        0
  SINCE MAR 1      0                         0      0        0
  SINCE JAN 1      0                         1     -1        1
..................................................................


WIND (MPH)
  HIGHEST WIND SPEED    21   HIGHEST WIND DIRECTION     N (20)
  HIGHEST GUST SPEED    26   HIGHEST GUST DIRECTION     N (20)
  AVERAGE WIND SPEED     6.5


SKY COVER
  POSSIBLE SUNSHINE  MM
  AVERAGE SKY COVER 1.0


WEATHER CONDITIONS
 THE FOLLOWING WEATHER WAS RECORDED YESTERDAY.
  HEAVY RAIN
  RAIN
  LIGHT RAIN
  FOG


RELATIVE HUMIDITY (PERCENT)
 HIGHEST    93          1200 AM
 LOWEST     71           200 PM
 AVERAGE    82

..........................................................


THE HUNTSVILLE CLIMATE NORMALS FOR TODAY
                         NORMAL    RECORD    YEAR
 MAXIMUM TEMPERATURE (F)   61        78      1983
                                             1951
                                             1918
 MINIMUM TEMPERATURE (F)   39         6      1980


SUNRISE AND SUNSET
MARCH  3 2015.........SUNRISE   614 AM CST   SUNSET   545 PM CST
MARCH  4 2015.........SUNRISE   613 AM CST   SUNSET   545 PM CST


-  INDICATES NEGATIVE NUMBERS.
R  INDICATES RECORD WAS SET OR TIED.
MM INDICATES DATA IS MISSING.
T  INDICATES TRACE AMOUNT.




$$
