000
CDUS44 KHUN 190712
CLIHSV


CLIMATE REPORT
NATIONAL WEATHER SERVICE HUNTSVILLE AL
211 AM CDT SUN APR 19 2015


...................................

...THE HUNTSVILLE CLIMATE SUMMARY FOR APRIL 18 2015...

CLIMATE NORMAL PERIOD 1981 TO 2010
CLIMATE RECORD PERIOD 1894 TO 2015


WEATHER ITEM   OBSERVED TIME   RECORD YEAR NORMAL DEPARTURE LAST
                VALUE   (LST)  VALUE       VALUE  FROM      YEAR
                                                  NORMAL
..................................................................
TEMPERATURE (F)
 YESTERDAY
  MAXIMUM         78    102 PM  90    2006  74      4       66
  MINIMUM         58    510 AM  33    1983  51      7       50
                                      1956
  AVERAGE         68                        62      6       58

PRECIPITATION (IN)
  YESTERDAY        T             2.18 1922   0.13  -0.13      T
  MONTH TO DATE    4.38                      2.57   1.81     3.95
  SINCE MAR 1     10.00                      7.78   2.22     6.63
  SINCE JAN 1     17.74                     17.51   0.23    16.50

SNOWFALL (IN)
  YESTERDAY        0.0
  MONTH TO DATE    0.0
  SINCE MAR 1      1.0
  SINCE JUL 1      9.8
  SNOW DEPTH       0

DEGREE DAYS
 HEATING
  YESTERDAY        0                         5     -5        7
  MONTH TO DATE   30                       115    -85      120
  SINCE MAR 1    337                       483   -146      582
  SINCE JUL 1   2978                      2935     43     3417

 COOLING
  YESTERDAY        3                         2      1        0
  MONTH TO DATE   50                        27     23       18
  SINCE MAR 1     52                        40     12       18
  SINCE JAN 1     52                        41     11       19
..................................................................


WIND (MPH)
  HIGHEST WIND SPEED    13   HIGHEST WIND DIRECTION    SE (130)
  HIGHEST GUST SPEED    17   HIGHEST GUST DIRECTION     E (80)
  AVERAGE WIND SPEED     4.8


SKY COVER
  POSSIBLE SUNSHINE  MM
  AVERAGE SKY COVER 0.8


WEATHER CONDITIONS
 THE FOLLOWING WEATHER WAS RECORDED YESTERDAY.
  LIGHT RAIN
  FOG
  FOG W/VISIBILITY <= 1/4 MILE
  HAZE


RELATIVE HUMIDITY (PERCENT)
 HIGHEST    97           200 AM
 LOWEST     56           200 PM
 AVERAGE    77

..........................................................


THE HUNTSVILLE CLIMATE NORMALS FOR TODAY
                         NORMAL    RECORD    YEAR
 MAXIMUM TEMPERATURE (F)   75        92      1925
 MINIMUM TEMPERATURE (F)   51        28      1983


SUNRISE AND SUNSET
APRIL 19 2015.........SUNRISE   611 AM CDT   SUNSET   722 PM CDT
APRIL 20 2015.........SUNRISE   610 AM CDT   SUNSET   723 PM CDT


-  INDICATES NEGATIVE NUMBERS.
R  INDICATES RECORD WAS SET OR TIED.
MM INDICATES DATA IS MISSING.
T  INDICATES TRACE AMOUNT.




$$
