000
CDUS44 KHUN 020701
CLIHSV


CLIMATE REPORT
NATIONAL WEATHER SERVICE HUNTSVILLE AL
201 AM CDT SAT JUL 2 2016


...................................

...THE HUNTSVILLE CLIMATE SUMMARY FOR JULY 1 2016...

CLIMATE NORMAL PERIOD 1981 TO 2010
CLIMATE RECORD PERIOD 1894 TO 2016


WEATHER ITEM   OBSERVED TIME   RECORD YEAR NORMAL DEPARTURE LAST
                VALUE   (LST)  VALUE       VALUE  FROM      YEAR
                                                  NORMAL
..................................................................
TEMPERATURE (F)
 YESTERDAY
  MAXIMUM         95    333 PM 105    2012  90      5       84
  MINIMUM         61    322 AM  53    1937  70     -9       70
  AVERAGE         78                        80     -2       77

PRECIPITATION (IN)
  YESTERDAY        0.00          2.23 1915   0.15  -0.15     0.92
  MONTH TO DATE    0.00                      0.15  -0.15     0.92
  SINCE JUN 1      4.40                      4.44  -0.04     3.30
  SINCE JAN 1     22.70                     28.81  -6.11    28.68

SNOWFALL (IN)
  YESTERDAY        0.0
  MONTH TO DATE    0.0
  SINCE JUN 1      0.0
  SINCE JUL 1      0.0
  SNOW DEPTH       0

DEGREE DAYS
 HEATING
  YESTERDAY        0                         0      0        0
  MONTH TO DATE    0                         0      0        0
  SINCE JUN 1      0                         1     -1        0
  SINCE JUL 1      0                         0      0        0

 COOLING
  YESTERDAY       13                        15     -2       12
  MONTH TO DATE   13                        15     -2       12
  SINCE JUN 1    493                       395     98      509
  SINCE JAN 1    780                       658    122      834
..................................................................


WIND (MPH)
  HIGHEST WIND SPEED    14   HIGHEST WIND DIRECTION     N (10)
  HIGHEST GUST SPEED    19   HIGHEST GUST DIRECTION    NW (310)
  AVERAGE WIND SPEED     3.9


SKY COVER
  POSSIBLE SUNSHINE  MM
  AVERAGE SKY COVER 0.2


WEATHER CONDITIONS
 THE FOLLOWING WEATHER WAS RECORDED YESTERDAY.
  NO SIGNIFICANT WEATHER WAS OBSERVED.


RELATIVE HUMIDITY (PERCENT)
 HIGHEST    84           400 AM
 LOWEST     33           100 PM
 AVERAGE    59

..........................................................


THE HUNTSVILLE CLIMATE NORMALS FOR TODAY
                         NORMAL    RECORD    YEAR
 MAXIMUM TEMPERATURE (F)   90       104      1925
 MINIMUM TEMPERATURE (F)   70        54      1937


SUNRISE AND SUNSET
JULY  2 2016..........SUNRISE   538 AM CDT   SUNSET   804 PM CDT
JULY  3 2016..........SUNRISE   539 AM CDT   SUNSET   804 PM CDT


-  INDICATES NEGATIVE NUMBERS.
R  INDICATES RECORD WAS SET OR TIED.
MM INDICATES DATA IS MISSING.
T  INDICATES TRACE AMOUNT.




$$
