000
CDUS44 KHUN 270702
CLIHSV


CLIMATE REPORT
NATIONAL WEATHER SERVICE HUNTSVILLE AL
202 AM CDT FRI MAY 27 2016


...................................

...THE HUNTSVILLE CLIMATE SUMMARY FOR MAY 26 2016...

CLIMATE NORMAL PERIOD 1981 TO 2010
CLIMATE RECORD PERIOD 1894 TO 2016


WEATHER ITEM   OBSERVED TIME   RECORD YEAR NORMAL DEPARTURE LAST
                VALUE   (LST)  VALUE       VALUE  FROM      YEAR
                                                  NORMAL
..................................................................
TEMPERATURE (F)
 YESTERDAY
  MAXIMUM         92    243 PM  97    1926  84      8       81
                                      1915
                                      1911
  MINIMUM         64    450 AM  44    1979  62      2       68
  AVERAGE         78                        73      5       75

PRECIPITATION (IN)
  YESTERDAY        0.00          2.00 1994   0.15  -0.15      T
  MONTH TO DATE    1.62                      4.35  -2.73     2.07
  SINCE MAR 1      8.35                     13.88  -5.53    14.63
  SINCE JAN 1     18.30                     23.61  -5.31    22.37

SNOWFALL (IN)
  YESTERDAY        0.0
  MONTH TO DATE    0.0
  SINCE MAR 1      T
  SINCE JUL 1      0.4
  SNOW DEPTH       0

DEGREE DAYS
 HEATING
  YESTERDAY        0                         0      0        0
  MONTH TO DATE   20                        25     -5       14
  SINCE MAR 1    357                       547   -190      389
  SINCE JUL 1   2253                      2999   -746     3030

 COOLING
  YESTERDAY       13                         8      5       10
  MONTH TO DATE  131                       146    -15      204
  SINCE MAR 1    221                       217      4      267
  SINCE JAN 1    222                       218      4      267
..................................................................


WIND (MPH)
  HIGHEST WIND SPEED    17   HIGHEST WIND DIRECTION     S (180)
  HIGHEST GUST SPEED    20   HIGHEST GUST DIRECTION     S (180)
  AVERAGE WIND SPEED     7.1


SKY COVER
  POSSIBLE SUNSHINE  MM
  AVERAGE SKY COVER 0.4


WEATHER CONDITIONS
 THE FOLLOWING WEATHER WAS RECORDED YESTERDAY.
  NO SIGNIFICANT WEATHER WAS OBSERVED.


RELATIVE HUMIDITY (PERCENT)
 HIGHEST    87           500 AM
 LOWEST     34           100 PM
 AVERAGE    61

..........................................................


THE HUNTSVILLE CLIMATE NORMALS FOR TODAY
                         NORMAL    RECORD    YEAR
 MAXIMUM TEMPERATURE (F)   84        99      1926
 MINIMUM TEMPERATURE (F)   62        41      1961


SUNRISE AND SUNSET
MAY 27 2016...........SUNRISE   537 AM CDT   SUNSET   752 PM CDT
MAY 28 2016...........SUNRISE   536 AM CDT   SUNSET   753 PM CDT


-  INDICATES NEGATIVE NUMBERS.
R  INDICATES RECORD WAS SET OR TIED.
MM INDICATES DATA IS MISSING.
T  INDICATES TRACE AMOUNT.




$$
