000
CDUS44 KHUN 162128
CLIHSV


CLIMATE REPORT
NATIONAL WEATHER SERVICE HUNTSVILLE AL
427 PM CDT WED APR 16 2014


...................................

...THE HUNTSVILLE CLIMATE SUMMARY FOR APRIL 16 2014...
VALID TODAY AS OF 0400 PM LOCAL TIME.

CLIMATE NORMAL PERIOD 1981 TO 2010
CLIMATE RECORD PERIOD 1894 TO 2014


WEATHER ITEM   OBSERVED TIME   RECORD YEAR NORMAL DEPARTURE LAST
                VALUE   (LST)  VALUE       VALUE  FROM      YEAR
                                                  NORMAL
..................................................................
TEMPERATURE (F)
 TODAY
  MAXIMUM         65    317 PM  92    1967  74     -9       83
  MINIMUM         33    536 AM  30    1962  50    -17       64
                                      1950
  AVERAGE         49                        62    -13       74

PRECIPITATION (IN)
  TODAY            0.00          2.80 1921   0.13  -0.13     0.12
  MONTH TO DATE    3.95                      2.30   1.65     1.62
  SINCE MAR 1      6.63                      7.51  -0.88     7.17
  SINCE JAN 1     16.50                     17.24  -0.74    19.05

SNOWFALL (IN)
  TODAY            0.0
  MONTH TO DATE    T
  SINCE MAR 1      T
  SINCE JUL 1      5.2
  SNOW DEPTH       0

DEGREE DAYS
 HEATING
  TODAY           16                         5     11        0
  MONTH TO DATE  105                       105      0      102
  SINCE MAR 1    567                       473     94      638
  SINCE JUL 1   3402                      2925    477     2910

 COOLING
  TODAY            0                         2     -2        9
  MONTH TO DATE   18                        23     -5       27
  SINCE MAR 1     18                        36    -18       27
  SINCE JAN 1     19                        37    -18       33
..................................................................


WIND (MPH)
  HIGHEST WIND SPEED    16   HIGHEST WIND DIRECTION     E (100)
  HIGHEST GUST SPEED    23   HIGHEST GUST DIRECTION    SE (120)
  AVERAGE WIND SPEED     7.6


SKY COVER
  POSSIBLE SUNSHINE  MM
  AVERAGE SKY COVER 0.1


WEATHER CONDITIONS
 THE FOLLOWING WEATHER WAS RECORDED TODAY.
  NO SIGNIFICANT WEATHER WAS OBSERVED.


RELATIVE HUMIDITY (PERCENT)
 HIGHEST    70           100 AM
 LOWEST     26           300 PM
 AVERAGE    48

..........................................................


THE HUNTSVILLE CLIMATE NORMALS FOR TOMORROW
                         NORMAL    RECORD    YEAR
 MAXIMUM TEMPERATURE (F)   74        90      2006
                                             1955
 MINIMUM TEMPERATURE (F)   50        31      1956


SUNRISE AND SUNSET
APRIL 16 2014.........SUNRISE   614 AM CDT   SUNSET   720 PM CDT
APRIL 17 2014.........SUNRISE   613 AM CDT   SUNSET   721 PM CDT


-  INDICATES NEGATIVE NUMBERS.
R  INDICATES RECORD WAS SET OR TIED.
MM INDICATES DATA IS MISSING.
T  INDICATES TRACE AMOUNT.




$$
