000
CDUS44 KHUN 110801
CLIHSV


CLIMATE REPORT
NATIONAL WEATHER SERVICE HUNTSVILLE AL
201 AM CST MON DEC 11 2017


...................................

...THE HUNTSVILLE CLIMATE SUMMARY FOR DECEMBER 10 2017...

CLIMATE NORMAL PERIOD 1981 TO 2010
CLIMATE RECORD PERIOD 1894 TO 2017


WEATHER ITEM   OBSERVED TIME   RECORD YEAR NORMAL DEPARTURE LAST
                VALUE   (LST)  VALUE       VALUE  FROM      YEAR
                                                  NORMAL
..................................................................
TEMPERATURE (F)
 YESTERDAY
  MAXIMUM         50    350 PM  76    2007  55     -5       46
  MINIMUM         23    644 AM   8    1937  35    -12       23
                                      1917
  AVERAGE         37                        45     -8       35

PRECIPITATION (IN)
  YESTERDAY        0.00          2.16 2002   0.21  -0.21     0.00
  MONTH TO DATE    1.50                      1.98  -0.48     3.04
  SINCE DEC 1      1.50                      1.98  -0.48     3.04
  SINCE JAN 1     50.62                     50.55   0.07    41.57

SNOWFALL (IN)
  YESTERDAY        0.0
  MONTH TO DATE    0.0
  SINCE DEC 1      0.0
  SINCE JUL 1      0.0
  SNOW DEPTH       0

DEGREE DAYS
 HEATING
  YESTERDAY       28                        20      8       30
  MONTH TO DATE  183                       190     -7      209
  SINCE DEC 1    183                       190     -7      209
  SINCE JUL 1    661                       717    -56      473

 COOLING
  YESTERDAY        0                         0      0        0
  MONTH TO DATE    0                         0      0        0
  SINCE DEC 1      0                         0      0        0
  SINCE JAN 1   2114                      1949    165     2548
..................................................................


WIND (MPH)
  HIGHEST WIND SPEED    15   HIGHEST WIND DIRECTION    SW (240)
  HIGHEST GUST SPEED    20   HIGHEST GUST DIRECTION    SW (240)
  AVERAGE WIND SPEED     5.3


SKY COVER
  POSSIBLE SUNSHINE  MM
  AVERAGE SKY COVER 0.0


WEATHER CONDITIONS
 THE FOLLOWING WEATHER WAS RECORDED YESTERDAY.
  FOG


RELATIVE HUMIDITY (PERCENT)
 HIGHEST    92           800 AM
 LOWEST     33           300 PM
 AVERAGE    63

..........................................................


THE HUNTSVILLE CLIMATE NORMALS FOR TODAY
                         NORMAL    RECORD    YEAR
 MAXIMUM TEMPERATURE (F)   54        77      2007
 MINIMUM TEMPERATURE (F)   35        10      1962
                                             1937


SUNRISE AND SUNSET
DECEMBER 11 2017......SUNRISE   644 AM CST   SUNSET   437 PM CST
DECEMBER 12 2017......SUNRISE   645 AM CST   SUNSET   437 PM CST


-  INDICATES NEGATIVE NUMBERS.
R  INDICATES RECORD WAS SET OR TIED.
MM INDICATES DATA IS MISSING.
T  INDICATES TRACE AMOUNT.




$$
