000
CDUS44 KHUN 180804
CLIHSV


CLIMATE REPORT
NATIONAL WEATHER SERVICE HUNTSVILLE AL
203 AM CST SAT NOV 18 2017


...................................

...THE HUNTSVILLE CLIMATE SUMMARY FOR NOVEMBER 17 2017...

CLIMATE NORMAL PERIOD 1981 TO 2010
CLIMATE RECORD PERIOD 1894 TO 2017


WEATHER ITEM   OBSERVED TIME   RECORD YEAR NORMAL DEPARTURE LAST
                VALUE   (LST)  VALUE       VALUE  FROM      YEAR
                                                  NORMAL
..................................................................
TEMPERATURE (F)
 YESTERDAY
  MAXIMUM         69    308 PM  81    2016  63      6       81
                                      1958
  MINIMUM         34    617 AM  19    1943  41     -7       44
  AVERAGE         52                        52      0       63

PRECIPITATION (IN)
  YESTERDAY        0.00          2.65 1918   0.17  -0.17     0.00
  MONTH TO DATE    0.78                      2.54  -1.76     0.01
  SINCE SEP 1      8.80                      9.85  -1.05     1.25
  SINCE JAN 1     49.01                     46.17   2.84    33.76

SNOWFALL (IN)
  YESTERDAY        0.0
  MONTH TO DATE    0.0
  SINCE SEP 1      0.0
  SINCE JUL 1      0.0
  SNOW DEPTH       0

DEGREE DAYS
 HEATING
  YESTERDAY       13                        13      0        2
  MONTH TO DATE  140                       177    -37       84
  SINCE SEP 1    282                       328    -46      108
  SINCE JUL 1    282                       328    -46      108

 COOLING
  YESTERDAY        0                         0      0        0
  MONTH TO DATE   29                         7     22       28
  SINCE SEP 1    386                       352     34      643
  SINCE JAN 1   2114                      1947    167     2548
..................................................................


WIND (MPH)
  HIGHEST WIND SPEED    14   HIGHEST WIND DIRECTION     S (160)
  HIGHEST GUST SPEED    17   HIGHEST GUST DIRECTION     S (180)
  AVERAGE WIND SPEED     5.6


SKY COVER
  POSSIBLE SUNSHINE  MM
  AVERAGE SKY COVER 0.2


WEATHER CONDITIONS
 THE FOLLOWING WEATHER WAS RECORDED YESTERDAY.
  FOG


RELATIVE HUMIDITY (PERCENT)
 HIGHEST   100          1200 AM
 LOWEST     30           300 PM
 AVERAGE    65

..........................................................


THE HUNTSVILLE CLIMATE NORMALS FOR TODAY
                         NORMAL    RECORD    YEAR
 MAXIMUM TEMPERATURE (F)   63        80      1985
                                             1930
 MINIMUM TEMPERATURE (F)   41        18      1959


SUNRISE AND SUNSET
NOVEMBER 18 2017......SUNRISE   624 AM CST   SUNSET   440 PM CST
NOVEMBER 19 2017......SUNRISE   625 AM CST   SUNSET   440 PM CST


-  INDICATES NEGATIVE NUMBERS.
R  INDICATES RECORD WAS SET OR TIED.
MM INDICATES DATA IS MISSING.
T  INDICATES TRACE AMOUNT.




$$
