000
CDUS44 KHUN 210722
CLIHSV


CLIMATE REPORT
NATIONAL WEATHER SERVICE HUNTSVILLE AL
222 AM CDT TUE OCT 21 2014


...................................

...THE HUNTSVILLE CLIMATE SUMMARY FOR OCTOBER 20 2014...

CLIMATE NORMAL PERIOD 1981 TO 2010
CLIMATE RECORD PERIOD 1894 TO 2014


WEATHER ITEM   OBSERVED TIME   RECORD YEAR NORMAL DEPARTURE LAST
                VALUE   (LST)  VALUE       VALUE  FROM      YEAR
                                                  NORMAL
..................................................................
TEMPERATURE (F)
 YESTERDAY
  MAXIMUM         73    232 PM  90    1941  73      0       69
  MINIMUM         45    414 AM  30    1925  50     -5       37
                                      1913
  AVERAGE         59                        61     -2       53

PRECIPITATION (IN)
  YESTERDAY        0.00          1.84 1918   0.11  -0.11     0.00
  MONTH TO DATE    5.98                      2.23   3.75     0.57
  SINCE SEP 1      6.47                      5.95   0.52     4.92
  SINCE JAN 1     44.62                     42.27   2.35    48.54

SNOWFALL (IN)
  YESTERDAY        0.0
  MONTH TO DATE    0.0
  SINCE SEP 1      0.0
  SINCE JUL 1      0.0
  SNOW DEPTH       0

DEGREE DAYS
 HEATING
  YESTERDAY        6                         5      1       12
  MONTH TO DATE   42                        66    -24       39
  SINCE SEP 1     42                        79    -37       39
  SINCE JUL 1     42                        79    -37       39

 COOLING
  YESTERDAY        0                         2     -2        0
  MONTH TO DATE   94                        58     36       85
  SINCE SEP 1    464                       333    131      356
  SINCE JAN 1   2016                      1928     88     1822
..................................................................


WIND (MPH)
  HIGHEST WIND SPEED    10   HIGHEST WIND DIRECTION    SW (240)
  HIGHEST GUST SPEED    12   HIGHEST GUST DIRECTION     W (250)
  AVERAGE WIND SPEED     1.7


SKY COVER
  POSSIBLE SUNSHINE  MM
  AVERAGE SKY COVER 0.2


WEATHER CONDITIONS
 THE FOLLOWING WEATHER WAS RECORDED YESTERDAY.
  FOG


RELATIVE HUMIDITY (PERCENT)
 HIGHEST    93          1200 AM
 LOWEST     41           200 PM
 AVERAGE    67

..........................................................


THE HUNTSVILLE CLIMATE NORMALS FOR TODAY
                         NORMAL    RECORD    YEAR
 MAXIMUM TEMPERATURE (F)   73        89      1963
 MINIMUM TEMPERATURE (F)   49        25      1913


SUNRISE AND SUNSET
OCTOBER 21 2014.......SUNRISE   658 AM CDT   SUNSET   605 PM CDT
OCTOBER 22 2014.......SUNRISE   659 AM CDT   SUNSET   604 PM CDT


-  INDICATES NEGATIVE NUMBERS.
R  INDICATES RECORD WAS SET OR TIED.
MM INDICATES DATA IS MISSING.
T  INDICATES TRACE AMOUNT.




$$
