000
CDUS44 KHUN 190701
CLIHSV


CLIMATE REPORT
NATIONAL WEATHER SERVICE HUNTSVILLE AL
200 AM CDT TUE SEP 19 2017


...................................

...THE HUNTSVILLE CLIMATE SUMMARY FOR SEPTEMBER 18 2017...

CLIMATE NORMAL PERIOD 1981 TO 2010
CLIMATE RECORD PERIOD 1894 TO 2017


WEATHER ITEM   OBSERVED TIME   RECORD YEAR NORMAL DEPARTURE LAST
                VALUE   (LST)  VALUE       VALUE  FROM      YEAR
                                                  NORMAL
..................................................................
TEMPERATURE (F)
 YESTERDAY
  MAXIMUM         90    315 PM 102    1927  84      6       92
  MINIMUM         65    550 AM  43    1981  62      3       69
  AVERAGE         78                        73      5       81

PRECIPITATION (IN)
  YESTERDAY        0.00          1.90 1906   0.12  -0.12     0.13
  MONTH TO DATE    2.41                      2.18   0.23     0.47
  SINCE SEP 1      2.41                      2.18   0.23     0.47
  SINCE JAN 1     42.62                     38.50   4.12    32.98

SNOWFALL (IN)
  YESTERDAY        0.0
  MONTH TO DATE    0.0
  SINCE SEP 1      0.0
  SINCE JUL 1      0.0
  SNOW DEPTH       0

DEGREE DAYS
 HEATING
  YESTERDAY        0                         0      0        0
  MONTH TO DATE   11                         0     11        0
  SINCE SEP 1     11                         0     11        0
  SINCE JUL 1     11                         0     11        0

 COOLING
  YESTERDAY       13                         8      5       16
  MONTH TO DATE   92                       198   -106      305
  SINCE SEP 1     92                       198   -106      305
  SINCE JAN 1   1820                      1793     27     2210
..................................................................


WIND (MPH)
  HIGHEST WIND SPEED     7   HIGHEST WIND DIRECTION    SW (240)
  HIGHEST GUST SPEED     9   HIGHEST GUST DIRECTION    SE (120)
  AVERAGE WIND SPEED     1.6


SKY COVER
  POSSIBLE SUNSHINE  MM
  AVERAGE SKY COVER 0.3


WEATHER CONDITIONS
 THE FOLLOWING WEATHER WAS RECORDED YESTERDAY.
  FOG
  FOG W/VISIBILITY <= 1/4 MILE


RELATIVE HUMIDITY (PERCENT)
 HIGHEST   100          1200 AM
 LOWEST     50           300 PM
 AVERAGE    75

..........................................................


THE HUNTSVILLE CLIMATE NORMALS FOR TODAY
                         NORMAL    RECORD    YEAR
 MAXIMUM TEMPERATURE (F)   84       101      1925
 MINIMUM TEMPERATURE (F)   61        40      1981


SUNRISE AND SUNSET
SEPTEMBER 19 2017.....SUNRISE   633 AM CDT   SUNSET   648 PM CDT
SEPTEMBER 20 2017.....SUNRISE   634 AM CDT   SUNSET   646 PM CDT


-  INDICATES NEGATIVE NUMBERS.
R  INDICATES RECORD WAS SET OR TIED.
MM INDICATES DATA IS MISSING.
T  INDICATES TRACE AMOUNT.




$$
