958
CDUS44 KHUN 072238
CLIHSV


CLIMATE REPORT
NATIONAL WEATHER SERVICE HUNTSVILLE AL
438 PM CST SUN FEB 7 2016


...................................

...THE HUNTSVILLE CLIMATE SUMMARY FOR FEBRUARY 7 2016...
VALID TODAY AS OF 0400 PM LOCAL TIME.

CLIMATE NORMAL PERIOD 1981 TO 2010
CLIMATE RECORD PERIOD 1894 TO 2016


WEATHER ITEM   OBSERVED TIME   RECORD YEAR NORMAL DEPARTURE LAST
                VALUE   (LST)  VALUE       VALUE  FROM      YEAR
                                                  NORMAL
..................................................................
TEMPERATURE (F)
 TODAY
  MAXIMUM         57    411 PM  73    1999  54      3       66
  MINIMUM         28    705 AM  12    1988  34     -6       30
  AVERAGE         43                        44     -1       48

PRECIPITATION (IN)
  TODAY            0.00          1.95 1903   0.16  -0.16     0.00
  MONTH TO DATE    2.27                      1.18   1.09     0.52
  SINCE DEC 1     16.52                     11.84   4.68    10.22
  SINCE JAN 1      5.84                      6.07  -0.23     4.49

SNOWFALL (IN)
  TODAY            0.0
  MONTH TO DATE    0.0
  SINCE DEC 1      0.4
  SINCE JUL 1      0.4
  SNOW DEPTH       0

DEGREE DAYS
 HEATING
  TODAY           22                        21      1       17
  MONTH TO DATE  113                       152    -39      137
  SINCE DEC 1   1196                      1535   -339     1417
  SINCE JUL 1   1490                      2062   -572     2033

 COOLING
  TODAY            0                         0      0        0
  MONTH TO DATE    1                         0      1        0
  SINCE DEC 1     24                         2     22        0
  SINCE JAN 1      1                         0      1        0
..................................................................


WIND (MPH)
  HIGHEST WIND SPEED    10   HIGHEST WIND DIRECTION    SW (220)
  HIGHEST GUST SPEED    14   HIGHEST GUST DIRECTION    SW (230)
  AVERAGE WIND SPEED     2.7


SKY COVER
  POSSIBLE SUNSHINE  MM
  AVERAGE SKY COVER 0.2


WEATHER CONDITIONS
 THE FOLLOWING WEATHER WAS RECORDED TODAY.
  NO SIGNIFICANT WEATHER WAS OBSERVED.


RELATIVE HUMIDITY (PERCENT)
 HIGHEST    92           300 AM
 LOWEST     23           300 PM
 AVERAGE    58

..........................................................


THE HUNTSVILLE CLIMATE NORMALS FOR TOMORROW
                         NORMAL    RECORD    YEAR
 MAXIMUM TEMPERATURE (F)   54        79      1937
 MINIMUM TEMPERATURE (F)   34         9      1933


SUNRISE AND SUNSET
FEBRUARY  7 2016......SUNRISE   641 AM CST   SUNSET   522 PM CST
FEBRUARY  8 2016......SUNRISE   640 AM CST   SUNSET   523 PM CST


-  INDICATES NEGATIVE NUMBERS.
R  INDICATES RECORD WAS SET OR TIED.
MM INDICATES DATA IS MISSING.
T  INDICATES TRACE AMOUNT.




$$
