000
CDUS44 KHUN 300701
CLIHSV


CLIMATE REPORT
NATIONAL WEATHER SERVICE HUNTSVILLE AL
201 AM CDT MON MAR 30 2015


...................................

...THE HUNTSVILLE CLIMATE SUMMARY FOR MARCH 29 2015...

CLIMATE NORMAL PERIOD 1981 TO 2010
CLIMATE RECORD PERIOD 1894 TO 2015


WEATHER ITEM   OBSERVED TIME   RECORD YEAR NORMAL DEPARTURE LAST
                VALUE   (LST)  VALUE       VALUE  FROM      YEAR
                                                  NORMAL
..................................................................
TEMPERATURE (F)
 YESTERDAY
  MAXIMUM         62    510 PM  88    2007  69     -7       61
  MINIMUM         27    536 AM  26    1955  45    -18       45
                                      1937
  AVERAGE         45                        57    -12       53

PRECIPITATION (IN)
  YESTERDAY        0.00          3.08 1975   0.17  -0.17     0.23
  MONTH TO DATE    4.68                      4.87  -0.19     2.68
  SINCE MAR 1      4.68                      4.87  -0.19     2.68
  SINCE JAN 1     12.42                     14.60  -2.18    12.55

SNOWFALL (IN)
  YESTERDAY        0.0
  MONTH TO DATE    1.0
  SINCE MAR 1      1.0
  SINCE JUL 1      9.8
  SNOW DEPTH       0

DEGREE DAYS
 HEATING
  YESTERDAY       20                         9     11       12
  MONTH TO DATE  298                       352    -54      443
  SINCE MAR 1    298                       352    -54      443
  SINCE JUL 1   2939                      2804    135     3278

 COOLING
  YESTERDAY        0                         1     -1        0
  MONTH TO DATE    2                         7     -5        0
  SINCE MAR 1      2                         7     -5        0
  SINCE JAN 1      2                         8     -6        1
..................................................................


WIND (MPH)
  HIGHEST WIND SPEED    17   HIGHEST WIND DIRECTION     S (180)
  HIGHEST GUST SPEED    23   HIGHEST GUST DIRECTION     S (200)
  AVERAGE WIND SPEED     9.1


SKY COVER
  POSSIBLE SUNSHINE  MM
  AVERAGE SKY COVER 0.4


WEATHER CONDITIONS
 THE FOLLOWING WEATHER WAS RECORDED YESTERDAY.
  NO SIGNIFICANT WEATHER WAS OBSERVED.


RELATIVE HUMIDITY (PERCENT)
 HIGHEST    92           400 AM
 LOWEST     30          1000 AM
 AVERAGE    61

..........................................................


THE HUNTSVILLE CLIMATE NORMALS FOR TODAY
                         NORMAL    RECORD    YEAR
 MAXIMUM TEMPERATURE (F)   69        86      1963
 MINIMUM TEMPERATURE (F)   45        25      1964


SUNRISE AND SUNSET
MARCH 30 2015.........SUNRISE   637 AM CDT   SUNSET   706 PM CDT
MARCH 31 2015.........SUNRISE   636 AM CDT   SUNSET   707 PM CDT


-  INDICATES NEGATIVE NUMBERS.
R  INDICATES RECORD WAS SET OR TIED.
MM INDICATES DATA IS MISSING.
T  INDICATES TRACE AMOUNT.




$$
