000
CDUS44 KHUN 230703
CLIHSV


CLIMATE REPORT
NATIONAL WEATHER SERVICE HUNTSVILLE AL
203 AM CDT TUE MAY 23 2017


...................................

...THE HUNTSVILLE CLIMATE SUMMARY FOR MAY 22 2017...

CLIMATE NORMAL PERIOD 1981 TO 2010
CLIMATE RECORD PERIOD 1894 TO 2017


WEATHER ITEM   OBSERVED TIME   RECORD YEAR NORMAL DEPARTURE LAST
                VALUE   (LST)  VALUE       VALUE  FROM      YEAR
                                                  NORMAL
..................................................................
TEMPERATURE (F)
 YESTERDAY
  MAXIMUM         79    257 PM  95    1941  83     -4       83
  MINIMUM         66   1159 PM  43    1993  61      5       54
  AVERAGE         73                        72      1       69

PRECIPITATION (IN)
  YESTERDAY        0.10          1.35 1905   0.15  -0.05     0.00
  MONTH TO DATE    2.98                      3.74  -0.76     1.62
  SINCE MAR 1     10.86                     13.27  -2.41     8.35
  SINCE JAN 1     19.73                     23.00  -3.27    18.30

SNOWFALL (IN)
  YESTERDAY        0.0
  MONTH TO DATE    0.0
  SINCE MAR 1      T
  SINCE JUL 1      T
  SNOW DEPTH       0

DEGREE DAYS
 HEATING
  YESTERDAY        0                         0      0        0
  MONTH TO DATE   32                        25      7       20
  SINCE MAR 1    397                       547   -150      357
  SINCE JUL 1   1964                      2999  -1035     2253

 COOLING
  YESTERDAY        8                         7      1        4
  MONTH TO DATE  139                       114     25       93
  SINCE MAR 1    317                       185    132      183
  SINCE JAN 1    322                       186    136      184
..................................................................


WIND (MPH)
  HIGHEST WIND SPEED    16   HIGHEST WIND DIRECTION    NE (30)
  HIGHEST GUST SPEED    24   HIGHEST GUST DIRECTION     E (70)
  AVERAGE WIND SPEED     5.8


SKY COVER
  POSSIBLE SUNSHINE  MM
  AVERAGE SKY COVER 0.7


WEATHER CONDITIONS
 THE FOLLOWING WEATHER WAS RECORDED YESTERDAY.
  LIGHT RAIN
  FOG


RELATIVE HUMIDITY (PERCENT)
 HIGHEST   100          1200 AM
 LOWEST     54           100 PM
 AVERAGE    77

..........................................................


THE HUNTSVILLE CLIMATE NORMALS FOR TODAY
                         NORMAL    RECORD    YEAR
 MAXIMUM TEMPERATURE (F)   83        95      2010
 MINIMUM TEMPERATURE (F)   61        45      1954
                                             1931


SUNRISE AND SUNSET
MAY 23 2017...........SUNRISE   539 AM CDT   SUNSET   749 PM CDT
MAY 24 2017...........SUNRISE   538 AM CDT   SUNSET   750 PM CDT


-  INDICATES NEGATIVE NUMBERS.
R  INDICATES RECORD WAS SET OR TIED.
MM INDICATES DATA IS MISSING.
T  INDICATES TRACE AMOUNT.




$$
