388
CDUS44 KHUN 282134
CLIHSV


CLIMATE REPORT
NATIONAL WEATHER SERVICE HUNTSVILLE AL
433 PM CDT TUE JUN 28 2016


...................................

...THE HUNTSVILLE CLIMATE SUMMARY FOR JUNE 28 2016...
VALID TODAY AS OF 0400 PM LOCAL TIME.

CLIMATE NORMAL PERIOD 1981 TO 2010
CLIMATE RECORD PERIOD 1894 TO 2016


WEATHER ITEM   OBSERVED TIME   RECORD YEAR NORMAL DEPARTURE LAST
                VALUE   (LST)  VALUE       VALUE  FROM      YEAR
                                                  NORMAL
..................................................................
TEMPERATURE (F)
 TODAY
  MAXIMUM         94    326 PM 107    1931  90      4       87
  MINIMUM         72   1222 AM  54    1968  70      2       63
  AVERAGE         83                        80      3       75

PRECIPITATION (IN)
  TODAY            0.00          1.62 1999   0.16  -0.16     0.00
  MONTH TO DATE    4.40                      4.00   0.40     2.37
  SINCE JUN 1      4.40                      4.00   0.40     2.37
  SINCE JAN 1     22.70                     28.37  -5.67    27.75

SNOWFALL (IN)
  TODAY            0.0
  MONTH TO DATE    0.0
  SINCE JUN 1      0.0
  SINCE JUL 1      0.4
  SNOW DEPTH       0

DEGREE DAYS
 HEATING
  TODAY            0                         0      0        0
  MONTH TO DATE    0                         0      0        0
  SINCE JUN 1      0                         0      0        0
  SINCE JUL 1   2253                      3001   -748     3030

 COOLING
  TODAY           18                        15      3       10
  MONTH TO DATE  452                       351    101      468
  SINCE JUN 1    452                       351    101      468
  SINCE JAN 1    739                       614    125      793
..................................................................


WIND (MPH)
  HIGHEST WIND SPEED    16   HIGHEST WIND DIRECTION    NE (50)
  HIGHEST GUST SPEED    20   HIGHEST GUST DIRECTION    NE (50)
  AVERAGE WIND SPEED     5.0


SKY COVER
  POSSIBLE SUNSHINE  MM
  AVERAGE SKY COVER 0.7


WEATHER CONDITIONS
 THE FOLLOWING WEATHER WAS RECORDED TODAY.
  NO SIGNIFICANT WEATHER WAS OBSERVED.


RELATIVE HUMIDITY (PERCENT)
 HIGHEST    90          1200 AM
 LOWEST     33           200 PM
 AVERAGE    62

..........................................................


THE HUNTSVILLE CLIMATE NORMALS FOR TOMORROW
                         NORMAL    RECORD    YEAR
 MAXIMUM TEMPERATURE (F)   90       108      1931
 MINIMUM TEMPERATURE (F)   70        56      1958
                                             1938


SUNRISE AND SUNSET
JUNE 28 2016..........SUNRISE   537 AM CDT   SUNSET   804 PM CDT
JUNE 29 2016..........SUNRISE   537 AM CDT   SUNSET   804 PM CDT


-  INDICATES NEGATIVE NUMBERS.
R  INDICATES RECORD WAS SET OR TIED.
MM INDICATES DATA IS MISSING.
T  INDICATES TRACE AMOUNT.




$$
