000
CDUS44 KHUN 212127
CLIHSV


CLIMATE REPORT
NATIONAL WEATHER SERVICE HUNTSVILLE AL
427 PM CDT MON AUG 21 2017


...................................

...THE HUNTSVILLE CLIMATE SUMMARY FOR AUGUST 21 2017...
VALID TODAY AS OF 0400 PM LOCAL TIME.

CLIMATE NORMAL PERIOD 1981 TO 2010
CLIMATE RECORD PERIOD 1894 TO 2017


WEATHER ITEM   OBSERVED TIME   RECORD YEAR NORMAL DEPARTURE LAST
                VALUE   (LST)  VALUE       VALUE  FROM      YEAR
                                                  NORMAL
..................................................................
TEMPERATURE (F)
 TODAY
  MAXIMUM         95   1123 AM 102    1983  91      4       85
  MINIMUM         72    454 AM  52    1927  69      3       73
  AVERAGE         84                        80      4       79

PRECIPITATION (IN)
  TODAY            0.00          1.90 1960   0.12  -0.12     0.13
  MONTH TO DATE    2.43                      2.52  -0.09     3.27
  SINCE JUN 1     16.06                     10.86   5.20    12.60
  SINCE JAN 1     38.78                     35.23   3.55    30.90

SNOWFALL (IN)
  TODAY            0.0
  MONTH TO DATE    0.0
  SINCE JUN 1      0.0
  SINCE JUL 1      0.0
  SNOW DEPTH       0

DEGREE DAYS
 HEATING
  TODAY            0                         0      0        0
  MONTH TO DATE    0                         0      0        0
  SINCE JUN 1      0                         1     -1        0
  SINCE JUL 1      0                         0      0        0

 COOLING
  TODAY           19                        15      4       14
  MONTH TO DATE  319                       329    -10      380
  SINCE JUN 1   1221                      1191     30     1435
  SINCE JAN 1   1610                      1454    156     1722
..................................................................


WIND (MPH)
  HIGHEST WIND SPEED     8   HIGHEST WIND DIRECTION     E (110)
  HIGHEST GUST SPEED    16   HIGHEST GUST DIRECTION     E (90)
  AVERAGE WIND SPEED     3.9


SKY COVER
  POSSIBLE SUNSHINE  MM
  AVERAGE SKY COVER 0.2


WEATHER CONDITIONS
 THE FOLLOWING WEATHER WAS RECORDED TODAY.
  NO SIGNIFICANT WEATHER WAS OBSERVED.


RELATIVE HUMIDITY (PERCENT)
 HIGHEST   100          1200 AM
 LOWEST     49          1100 AM
 AVERAGE    75

..........................................................


THE HUNTSVILLE CLIMATE NORMALS FOR TOMORROW
                         NORMAL    RECORD    YEAR
 MAXIMUM TEMPERATURE (F)   91       102      2007
                                             1983
                                             1924
 MINIMUM TEMPERATURE (F)   69        54      1956


SUNRISE AND SUNSET
AUGUST 21 2017........SUNRISE   612 AM CDT   SUNSET   727 PM CDT
AUGUST 22 2017........SUNRISE   613 AM CDT   SUNSET   726 PM CDT


-  INDICATES NEGATIVE NUMBERS.
R  INDICATES RECORD WAS SET OR TIED.
MM INDICATES DATA IS MISSING.
T  INDICATES TRACE AMOUNT.




$$
