000
CDUS44 KHUN 230717
CLIHSV


CLIMATE REPORT
NATIONAL WEATHER SERVICE HUNTSVILLE AL
217 AM CDT TUE SEP 23 2014


...................................

...THE HUNTSVILLE CLIMATE SUMMARY FOR SEPTEMBER 22 2014...

CLIMATE NORMAL PERIOD 1981 TO 2010
CLIMATE RECORD PERIOD 1894 TO 2014


WEATHER ITEM   OBSERVED TIME   RECORD YEAR NORMAL DEPARTURE LAST
                VALUE   (LST)  VALUE       VALUE  FROM      YEAR
                                                  NORMAL
..................................................................
TEMPERATURE (F)
 YESTERDAY
  MAXIMUM         81    224 PM 101    1925  83     -2       79
  MINIMUM         58   1159 PM  39    1938  60     -2       51
                                      1918
                                      1913
  AVERAGE         70                        72     -2       65

PRECIPITATION (IN)
  YESTERDAY        0.00          2.52 1907   0.13  -0.13     0.00
  MONTH TO DATE    0.49                      2.68  -2.19     4.32
  SINCE SEP 1      0.49                      2.68  -2.19     4.32
  SINCE JAN 1     38.64                     39.00  -0.36    47.94

SNOWFALL (IN)
  YESTERDAY        0.0
  MONTH TO DATE    0.0
  SINCE SEP 1      0.0
  SINCE JUL 1      0.0
  SNOW DEPTH       0

DEGREE DAYS
 HEATING
  YESTERDAY        0                         1     -1        0
  MONTH TO DATE    0                         3     -3        0
  SINCE SEP 1      0                         3     -3        0
  SINCE JUL 1      0                         3     -3        0

 COOLING
  YESTERDAY        5                         7     -2        0
  MONTH TO DATE  303                       228     75      232
  SINCE SEP 1    303                       228     75      232
  SINCE JAN 1   1855                      1823     32     1698
..................................................................


WIND (MPH)
  HIGHEST WIND SPEED    17   HIGHEST WIND DIRECTION     N (20)
  HIGHEST GUST SPEED    24   HIGHEST GUST DIRECTION     N (20)
  AVERAGE WIND SPEED     8.6


SKY COVER
  POSSIBLE SUNSHINE  MM
  AVERAGE SKY COVER 0.1


WEATHER CONDITIONS
 THE FOLLOWING WEATHER WAS RECORDED YESTERDAY.
  NO SIGNIFICANT WEATHER WAS OBSERVED.


RELATIVE HUMIDITY (PERCENT)
 HIGHEST    77           500 AM
 LOWEST     28           300 PM
 AVERAGE    53

..........................................................


THE HUNTSVILLE CLIMATE NORMALS FOR TODAY
                         NORMAL    RECORD    YEAR
 MAXIMUM TEMPERATURE (F)   82       103      1931
 MINIMUM TEMPERATURE (F)   60        40      1913


SUNRISE AND SUNSET
SEPTEMBER 23 2014.....SUNRISE   636 AM CDT   SUNSET   642 PM CDT
SEPTEMBER 24 2014.....SUNRISE   636 AM CDT   SUNSET   641 PM CDT


-  INDICATES NEGATIVE NUMBERS.
R  INDICATES RECORD WAS SET OR TIED.
MM INDICATES DATA IS MISSING.
T  INDICATES TRACE AMOUNT.




$$
