000
CDUS44 KHUN 260705
CLIHSV


CLIMATE REPORT
NATIONAL WEATHER SERVICE HUNTSVILLE AL
205 AM CDT WED APR 26 2017


...................................

...THE HUNTSVILLE CLIMATE SUMMARY FOR APRIL 25 2017...

CLIMATE NORMAL PERIOD 1981 TO 2010
CLIMATE RECORD PERIOD 1894 TO 2017


WEATHER ITEM   OBSERVED TIME   RECORD YEAR NORMAL DEPARTURE LAST
                VALUE   (LST)  VALUE       VALUE  FROM      YEAR
                                                  NORMAL
..................................................................
TEMPERATURE (F)
 YESTERDAY
  MAXIMUM         80    439 PM  90    1960  76      4       84
  MINIMUM         49    222 AM  26    1910  53     -4       61
  AVERAGE         65                        64      1       73

PRECIPITATION (IN)
  YESTERDAY        0.00          2.06 1993   0.15  -0.15     0.00
  MONTH TO DATE    2.91                      3.57  -0.66     1.82
  SINCE MAR 1      6.82                      8.78  -1.96     6.31
  SINCE JAN 1     15.69                     18.51  -2.82    16.26

SNOWFALL (IN)
  YESTERDAY        0.0
  MONTH TO DATE    0.0
  SINCE MAR 1      T
  SINCE JUL 1      T
  SNOW DEPTH       0

DEGREE DAYS
 HEATING
  YESTERDAY        0                         3     -3        0
  MONTH TO DATE   53                       141    -88      104
  SINCE MAR 1    365                       509   -144      337
  SINCE JUL 1   1932                      2961  -1029     2233

 COOLING
  YESTERDAY        0                         3     -3        8
  MONTH TO DATE  112                        43     69       26
  SINCE MAR 1    137                        56     81       50
  SINCE JAN 1    142                        57     85       51
..................................................................


WIND (MPH)
  HIGHEST WIND SPEED     9   HIGHEST WIND DIRECTION     S (200)
  HIGHEST GUST SPEED    13   HIGHEST GUST DIRECTION     W (260)
  AVERAGE WIND SPEED     2.5


SKY COVER
  POSSIBLE SUNSHINE  MM
  AVERAGE SKY COVER 0.4


WEATHER CONDITIONS
 THE FOLLOWING WEATHER WAS RECORDED YESTERDAY.
  FOG
  FOG W/VISIBILITY <= 1/4 MILE


RELATIVE HUMIDITY (PERCENT)
 HIGHEST   100          1200 AM
 LOWEST     48           400 PM
 AVERAGE    74

..........................................................


THE HUNTSVILLE CLIMATE NORMALS FOR TODAY
                         NORMAL    RECORD    YEAR
 MAXIMUM TEMPERATURE (F)   76        90      1925
 MINIMUM TEMPERATURE (F)   53        31      1919
                                             1910


SUNRISE AND SUNSET
APRIL 26 2017.........SUNRISE   602 AM CDT   SUNSET   728 PM CDT
APRIL 27 2017.........SUNRISE   601 AM CDT   SUNSET   729 PM CDT


-  INDICATES NEGATIVE NUMBERS.
R  INDICATES RECORD WAS SET OR TIED.
MM INDICATES DATA IS MISSING.
T  INDICATES TRACE AMOUNT.




$$
