869
CDUS44 KHUN 192221
CLIHSV


CLIMATE REPORT
NATIONAL WEATHER SERVICE HUNTSVILLE AL
421 PM CST FRI JAN 19 2018


...................................

...THE HUNTSVILLE CLIMATE SUMMARY FOR JANUARY 19 2018...
VALID TODAY AS OF 0400 PM LOCAL TIME.

CLIMATE NORMAL PERIOD 1981 TO 2010
CLIMATE RECORD PERIOD 1894 TO 2018


WEATHER ITEM   OBSERVED TIME   RECORD YEAR NORMAL DEPARTURE LAST
                VALUE   (LST)  VALUE       VALUE  FROM      YEAR
                                                  NORMAL
..................................................................
TEMPERATURE (F)
 TODAY
  MAXIMUM         51    346 PM  72    1982  51      0       66
                                      1929
  MINIMUM         17    654 AM  -2    1940  32    -15       55
  AVERAGE         34                        41     -7       61

PRECIPITATION (IN)
  TODAY            0.00          3.35 1988   0.16  -0.16     1.46
  MONTH TO DATE    1.19                      3.02  -1.83     2.36
  SINCE DEC 1      5.67                      8.79  -3.12     8.27
  SINCE JAN 1      1.19                      3.02  -1.83     2.36

SNOWFALL (IN)
  TODAY            0.0
  MONTH TO DATE    0.4
  SINCE DEC 1      0.4
  SINCE JUL 1      0.4
  SNOW DEPTH       0

DEGREE DAYS
 HEATING
  TODAY           31                        24      7        4
  MONTH TO DATE  616                       456    160      264
  SINCE DEC 1   1274                      1110    164      812
  SINCE JUL 1   1752                      1637    115     1076

 COOLING
  TODAY            0                         0      0        0
  MONTH TO DATE    0                         0      0        1
  SINCE DEC 1      0                         2     -2        5
  SINCE JAN 1      0                         0      0        1
..................................................................


WIND (MPH)
  HIGHEST WIND SPEED    10   HIGHEST WIND DIRECTION     W (260)
  HIGHEST GUST SPEED    13   HIGHEST GUST DIRECTION     W (260)
  AVERAGE WIND SPEED     4.2


SKY COVER
  POSSIBLE SUNSHINE  MM
  AVERAGE SKY COVER 0.0


WEATHER CONDITIONS
 THE FOLLOWING WEATHER WAS RECORDED TODAY.
  NO SIGNIFICANT WEATHER WAS OBSERVED.


RELATIVE HUMIDITY (PERCENT)
 HIGHEST    92           600 AM
 LOWEST     27           300 PM
 AVERAGE    60

..........................................................


THE HUNTSVILLE CLIMATE NORMALS FOR TOMORROW
                         NORMAL    RECORD    YEAR
 MAXIMUM TEMPERATURE (F)   51        73      1933
 MINIMUM TEMPERATURE (F)   32        -9      1985


SUNRISE AND SUNSET
JANUARY 19 2018.......SUNRISE   652 AM CST   SUNSET   503 PM CST
JANUARY 20 2018.......SUNRISE   652 AM CST   SUNSET   504 PM CST


-  INDICATES NEGATIVE NUMBERS.
R  INDICATES RECORD WAS SET OR TIED.
MM INDICATES DATA IS MISSING.
T  INDICATES TRACE AMOUNT.




$$
