000
CDUS44 KHUN 242127
CLIHSV


CLIMATE REPORT
NATIONAL WEATHER SERVICE HUNTSVILLE AL
427 PM CDT FRI OCT 24 2014


...................................

...THE HUNTSVILLE CLIMATE SUMMARY FOR OCTOBER 24 2014...
VALID TODAY AS OF 0400 PM LOCAL TIME.

CLIMATE NORMAL PERIOD 1981 TO 2010
CLIMATE RECORD PERIOD 1894 TO 2014


WEATHER ITEM   OBSERVED TIME   RECORD YEAR NORMAL DEPARTURE LAST
                VALUE   (LST)  VALUE       VALUE  FROM      YEAR
                                                  NORMAL
..................................................................
TEMPERATURE (F)
 TODAY
  MAXIMUM         75    243 PM  88    1939  72      3       65
                                      1927
  MINIMUM         48    525 AM  25    1937  48      0       37
  AVERAGE         62                        60      2       51

PRECIPITATION (IN)
  TODAY            0.00          1.95 1986   0.12  -0.12     0.00
  MONTH TO DATE    5.98                      2.71   3.27     0.57
  SINCE SEP 1      6.47                      6.43   0.04     4.92
  SINCE JAN 1     44.62                     42.75   1.87    48.54

SNOWFALL (IN)
  TODAY            0.0
  MONTH TO DATE    0.0
  SINCE SEP 1      0.0
  SINCE JUL 1      0.0
  SNOW DEPTH       0

DEGREE DAYS
 HEATING
  TODAY            3                         6     -3       14
  MONTH TO DATE   61                        89    -28       86
  SINCE SEP 1     61                       102    -41       86
  SINCE JUL 1     61                       102    -41       86

 COOLING
  TODAY            0                         1     -1        0
  MONTH TO DATE   94                        63     31       85
  SINCE SEP 1    464                       338    126      356
  SINCE JAN 1   2016                      1933     83     1822
..................................................................


WIND (MPH)
  HIGHEST WIND SPEED    12   HIGHEST WIND DIRECTION     N (340)
  HIGHEST GUST SPEED    15   HIGHEST GUST DIRECTION     N (350)
  AVERAGE WIND SPEED     4.8


SKY COVER
  POSSIBLE SUNSHINE  MM
  AVERAGE SKY COVER 0.2


WEATHER CONDITIONS
 THE FOLLOWING WEATHER WAS RECORDED TODAY.
  NO SIGNIFICANT WEATHER WAS OBSERVED.


RELATIVE HUMIDITY (PERCENT)
 HIGHEST    86           500 AM
 LOWEST     25           200 PM
 AVERAGE    56

..........................................................


THE HUNTSVILLE CLIMATE NORMALS FOR TOMORROW
                         NORMAL    RECORD    YEAR
 MAXIMUM TEMPERATURE (F)   72        87      1927
 MINIMUM TEMPERATURE (F)   48        27      1909


SUNRISE AND SUNSET
OCTOBER 24 2014.......SUNRISE   700 AM CDT   SUNSET   602 PM CDT
OCTOBER 25 2014.......SUNRISE   701 AM CDT   SUNSET   601 PM CDT


-  INDICATES NEGATIVE NUMBERS.
R  INDICATES RECORD WAS SET OR TIED.
MM INDICATES DATA IS MISSING.
T  INDICATES TRACE AMOUNT.




$$
