000
CDUS44 KHUN 260704
CLIHSV


CLIMATE REPORT
NATIONAL WEATHER SERVICE HUNTSVILLE AL
204 AM CDT TUE SEP 26 2017


...................................

...THE HUNTSVILLE CLIMATE SUMMARY FOR SEPTEMBER 25 2017...

CLIMATE NORMAL PERIOD 1981 TO 2010
CLIMATE RECORD PERIOD 1894 TO 2017


WEATHER ITEM   OBSERVED TIME   RECORD YEAR NORMAL DEPARTURE LAST
                VALUE   (LST)  VALUE       VALUE  FROM      YEAR
                                                  NORMAL
..................................................................
TEMPERATURE (F)
 YESTERDAY
  MAXIMUM         88    212 PM 100    1931  82      6       99
  MINIMUM         67    209 AM  39    1943  59      8       65
  AVERAGE         78                        70      8       82

PRECIPITATION (IN)
  YESTERDAY        0.00          3.93 1980   0.14  -0.14     0.00
  MONTH TO DATE    2.71                      3.09  -0.38     0.47
  SINCE SEP 1      2.71                      3.09  -0.38     0.47
  SINCE JAN 1     42.92                     39.41   3.51    32.98

SNOWFALL (IN)
  YESTERDAY        0.0
  MONTH TO DATE    0.0
  SINCE SEP 1      0.0
  SINCE JUL 1      0.0
  SNOW DEPTH       0

DEGREE DAYS
 HEATING
  YESTERDAY        0                         1     -1        0
  MONTH TO DATE   11                         6      5        0
  SINCE SEP 1     11                         6      5        0
  SINCE JUL 1     11                         6      5        0

 COOLING
  YESTERDAY       13                         6      7       17
  MONTH TO DATE  189                       247    -58      417
  SINCE SEP 1    189                       247    -58      417
  SINCE JAN 1   1917                      1842     75     2322
..................................................................


WIND (MPH)
  HIGHEST WIND SPEED    12   HIGHEST WIND DIRECTION    SE (130)
  HIGHEST GUST SPEED    16   HIGHEST GUST DIRECTION     E (110)
  AVERAGE WIND SPEED     3.6


SKY COVER
  POSSIBLE SUNSHINE  MM
  AVERAGE SKY COVER 0.2


WEATHER CONDITIONS
 THE FOLLOWING WEATHER WAS RECORDED YESTERDAY.
  NO SIGNIFICANT WEATHER WAS OBSERVED.


RELATIVE HUMIDITY (PERCENT)
 HIGHEST   100          1200 AM
 LOWEST     48           400 PM
 AVERAGE    74

..........................................................


THE HUNTSVILLE CLIMATE NORMALS FOR TODAY
                         NORMAL    RECORD    YEAR
 MAXIMUM TEMPERATURE (F)   81        94      1998
                                             1954
                                             1933
 MINIMUM TEMPERATURE (F)   59        38      2001


SUNRISE AND SUNSET
SEPTEMBER 26 2017.....SUNRISE   638 AM CDT   SUNSET   638 PM CDT
SEPTEMBER 27 2017.....SUNRISE   639 AM CDT   SUNSET   636 PM CDT


-  INDICATES NEGATIVE NUMBERS.
R  INDICATES RECORD WAS SET OR TIED.
MM INDICATES DATA IS MISSING.
T  INDICATES TRACE AMOUNT.




$$
