000
CDUS44 KHUN 190806
CLIHSV


CLIMATE REPORT
NATIONAL WEATHER SERVICE HUNTSVILLE AL
206 AM CST FRI DEC 19 2014


...................................

...THE HUNTSVILLE CLIMATE SUMMARY FOR DECEMBER 18 2014...

CLIMATE NORMAL PERIOD 1981 TO 2010
CLIMATE RECORD PERIOD 1894 TO 2014


WEATHER ITEM   OBSERVED TIME   RECORD YEAR NORMAL DEPARTURE LAST
                VALUE   (LST)  VALUE       VALUE  FROM      YEAR
                                                  NORMAL
..................................................................
TEMPERATURE (F)
 YESTERDAY
  MAXIMUM         46    434 PM  74    1915  53     -7       54
  MINIMUM         38   1159 PM  12    1943  34      4       26
  AVERAGE         42                        43     -1       40

PRECIPITATION (IN)
  YESTERDAY        T             4.04 1967   0.17  -0.17     0.00
  MONTH TO DATE    2.53                      3.51  -0.98     4.29
  SINCE DEC 1      2.53                      3.51  -0.98     4.29
  SINCE JAN 1     50.27                     52.08  -1.81    56.01

SNOWFALL (IN)
  YESTERDAY        0.0
  MONTH TO DATE    0.0
  SINCE DEC 1      0.0
  SINCE JUL 1      T
  SNOW DEPTH       0

DEGREE DAYS
 HEATING
  YESTERDAY       23                        22      1       25
  MONTH TO DATE  297                       359    -62      376
  SINCE DEC 1    297                       359    -62      376
  SINCE JUL 1    913                       886     27     1011

 COOLING
  YESTERDAY        0                         0      0        0
  MONTH TO DATE    0                         0      0        1
  SINCE DEC 1      0                         0      0        1
  SINCE JAN 1   2032                      1949     83     1835
..................................................................


WIND (MPH)
  HIGHEST WIND SPEED    12   HIGHEST WIND DIRECTION    NE (40)
  HIGHEST GUST SPEED    15   HIGHEST GUST DIRECTION    NE (60)
  AVERAGE WIND SPEED     3.3


SKY COVER
  POSSIBLE SUNSHINE  MM
  AVERAGE SKY COVER 0.9


WEATHER CONDITIONS
 THE FOLLOWING WEATHER WAS RECORDED YESTERDAY.
  LIGHT RAIN


RELATIVE HUMIDITY (PERCENT)
 HIGHEST    85          1100 PM
 LOWEST     60           400 PM
 AVERAGE    73

..........................................................


THE HUNTSVILLE CLIMATE NORMALS FOR TODAY
                         NORMAL    RECORD    YEAR
 MAXIMUM TEMPERATURE (F)   53        69      1978
 MINIMUM TEMPERATURE (F)   34        10      1963


SUNRISE AND SUNSET
DECEMBER 19 2014......SUNRISE   649 AM CST   SUNSET   439 PM CST
DECEMBER 20 2014......SUNRISE   650 AM CST   SUNSET   440 PM CST


-  INDICATES NEGATIVE NUMBERS.
R  INDICATES RECORD WAS SET OR TIED.
MM INDICATES DATA IS MISSING.
T  INDICATES TRACE AMOUNT.




$$
