000
CDUS44 KHUN 272130
CLIHSV


CLIMATE REPORT
NATIONAL WEATHER SERVICE HUNTSVILLE AL
428 PM CDT SUN JUL 27 2014


...................................

...THE HUNTSVILLE CLIMATE SUMMARY FOR JULY 27 2014...
VALID TODAY AS OF 0400 PM LOCAL TIME.

CLIMATE NORMAL PERIOD 1981 TO 2010
CLIMATE RECORD PERIOD 1894 TO 2014


WEATHER ITEM   OBSERVED TIME   RECORD YEAR NORMAL DEPARTURE LAST
                VALUE   (LST)  VALUE       VALUE  FROM      YEAR
                                                  NORMAL
..................................................................
TEMPERATURE (F)
 TODAY
  MAXIMUM         93    251 PM 106    1930  91      2       87
  MINIMUM         73    505 AM  54    1911  70      3       70
  AVERAGE         83                        81      2       79

PRECIPITATION (IN)
  TODAY            0.00          1.78 1951   0.12  -0.12     0.00
  MONTH TO DATE    4.47                      3.58   0.89     9.22
  SINCE JUN 1     11.60                      7.87   3.73    11.43
  SINCE JAN 1     35.07                     32.24   2.83    40.55

SNOWFALL (IN)
  TODAY            0.0
  MONTH TO DATE    0.0
  SINCE JUN 1      0.0
  SINCE JUL 1      0.0
  SNOW DEPTH       0

DEGREE DAYS
 HEATING
  TODAY            0                         0      0        0
  MONTH TO DATE    0                         0      0        0
  SINCE JUN 1      0                         1     -1        0
  SINCE JUL 1      0                         0      0        0

 COOLING
  TODAY           18                        16      2       14
  MONTH TO DATE  356                       424    -68      371
  SINCE JUN 1    757                       804    -47      795
  SINCE JAN 1   1028                      1067    -39     1028
..................................................................


WIND (MPH)
  HIGHEST WIND SPEED    17   HIGHEST WIND DIRECTION     W (260)
  HIGHEST GUST SPEED    23   HIGHEST GUST DIRECTION     W (260)
  AVERAGE WIND SPEED     5.5


SKY COVER
  POSSIBLE SUNSHINE  MM
  AVERAGE SKY COVER 0.3


WEATHER CONDITIONS
 THE FOLLOWING WEATHER WAS RECORDED TODAY.
  FOG


RELATIVE HUMIDITY (PERCENT)
 HIGHEST    93           200 AM
 LOWEST     52           100 PM
 AVERAGE    73

..........................................................


THE HUNTSVILLE CLIMATE NORMALS FOR TOMORROW
                         NORMAL    RECORD    YEAR
 MAXIMUM TEMPERATURE (F)   91       110      1930
 MINIMUM TEMPERATURE (F)   70        56      1911


SUNRISE AND SUNSET
JULY 27 2014..........SUNRISE   554 AM CDT   SUNSET   753 PM CDT
JULY 28 2014..........SUNRISE   554 AM CDT   SUNSET   752 PM CDT


-  INDICATES NEGATIVE NUMBERS.
R  INDICATES RECORD WAS SET OR TIED.
MM INDICATES DATA IS MISSING.
T  INDICATES TRACE AMOUNT.




$$
