000
CDUS44 KHUN 282132
CLIHSV


CLIMATE REPORT
NATIONAL WEATHER SERVICE HUNTSVILLE AL
430 PM CDT WED JUN 28 2017


...................................

...THE HUNTSVILLE CLIMATE SUMMARY FOR JUNE 28 2017...
VALID TODAY AS OF 0400 PM LOCAL TIME.

CLIMATE NORMAL PERIOD 1981 TO 2010
CLIMATE RECORD PERIOD 1894 TO 2017


WEATHER ITEM   OBSERVED TIME   RECORD YEAR NORMAL DEPARTURE LAST
                VALUE   (LST)  VALUE       VALUE  FROM      YEAR
                                                  NORMAL
..................................................................
TEMPERATURE (F)
 TODAY
  MAXIMUM         88    118 PM 107    1931  90     -2       94
  MINIMUM         62    455 AM  54    1968  70     -8       72
  AVERAGE         75                        80     -5       83

PRECIPITATION (IN)
  TODAY            0.00          1.62 1999   0.16  -0.16     0.00
  MONTH TO DATE    5.97                      4.00   1.97     4.40
  SINCE JUN 1      5.97                      4.00   1.97     4.40
  SINCE JAN 1     28.69                     28.37   0.32    22.70

SNOWFALL (IN)
  TODAY            0.0
  MONTH TO DATE    0.0
  SINCE JUN 1      0.0
  SINCE JUL 1      T
  SNOW DEPTH       0

DEGREE DAYS
 HEATING
  TODAY            0                         0      0        0
  MONTH TO DATE    0                         0      0        0
  SINCE JUN 1      0                         0      0        0
  SINCE JUL 1   1967                      3001  -1034     2253

 COOLING
  TODAY           10                        15     -5       18
  MONTH TO DATE  337                       351    -14      452
  SINCE JUN 1    337                       351    -14      452
  SINCE JAN 1    726                       614    112      739
..................................................................


WIND (MPH)
  HIGHEST WIND SPEED    15   HIGHEST WIND DIRECTION    SE (120)
  HIGHEST GUST SPEED    18   HIGHEST GUST DIRECTION    SE (120)
  AVERAGE WIND SPEED     5.5


SKY COVER
  POSSIBLE SUNSHINE  MM
  AVERAGE SKY COVER 0.1


WEATHER CONDITIONS
 THE FOLLOWING WEATHER WAS RECORDED TODAY.
  NO SIGNIFICANT WEATHER WAS OBSERVED.


RELATIVE HUMIDITY (PERCENT)
 HIGHEST    93          1200 AM
 LOWEST     42          1200 PM
 AVERAGE    68

..........................................................


THE HUNTSVILLE CLIMATE NORMALS FOR TOMORROW
                         NORMAL    RECORD    YEAR
 MAXIMUM TEMPERATURE (F)   90       108      1931
 MINIMUM TEMPERATURE (F)   70        56      1958
                                             1938


SUNRISE AND SUNSET
JUNE 28 2017..........SUNRISE   537 AM CDT   SUNSET   804 PM CDT
JUNE 29 2017..........SUNRISE   537 AM CDT   SUNSET   804 PM CDT


-  INDICATES NEGATIVE NUMBERS.
R  INDICATES RECORD WAS SET OR TIED.
MM INDICATES DATA IS MISSING.
T  INDICATES TRACE AMOUNT.




$$
