000
CDUS44 KHUN 012131
CLIHSV


CLIMATE REPORT
NATIONAL WEATHER SERVICE HUNTSVILLE AL
430 PM CDT SAT OCT 1 2016


...................................

...THE HUNTSVILLE CLIMATE SUMMARY FOR OCTOBER 1 2016...
VALID TODAY AS OF 0400 PM LOCAL TIME.

CLIMATE NORMAL PERIOD 1981 TO 2010
CLIMATE RECORD PERIOD 1894 TO 2016


WEATHER ITEM   OBSERVED TIME   RECORD YEAR NORMAL DEPARTURE LAST
                VALUE   (LST)  VALUE       VALUE  FROM      YEAR
                                                  NORMAL
..................................................................
TEMPERATURE (F)
 TODAY
  MAXIMUM         81    209 PM  95    1954  80      1       69
                                      1926
  MINIMUM         52    551 AM  36    1920  56     -4       60
  AVERAGE         67                        68     -1       65

PRECIPITATION (IN)
  TODAY            0.00          2.25 1906   0.11  -0.11     0.01
  MONTH TO DATE    0.00                      0.11  -0.11     0.01
  SINCE SEP 1      0.47                      3.83  -3.36     0.93
  SINCE JAN 1     32.98                     40.15  -7.17    42.61

SNOWFALL (IN)
  TODAY            0.0
  MONTH TO DATE    0.0
  SINCE SEP 1      0.0
  SINCE JUL 1      0.0
  SNOW DEPTH       0

DEGREE DAYS
 HEATING
  TODAY            0                         2     -2        0
  MONTH TO DATE    0                         2     -2        0
  SINCE SEP 1      3                        15    -12        3
  SINCE JUL 1      3                        15    -12        3

 COOLING
  TODAY            2                         5     -3        0
  MONTH TO DATE    2                         5     -3        0
  SINCE SEP 1    447                       280    167      312
  SINCE JAN 1   2352                      1875    477     2157
..................................................................


WIND (MPH)
  HIGHEST WIND SPEED    14   HIGHEST WIND DIRECTION     W (260)
  HIGHEST GUST SPEED    17   HIGHEST GUST DIRECTION     W (260)
  AVERAGE WIND SPEED     4.5


SKY COVER
  POSSIBLE SUNSHINE  MM
  AVERAGE SKY COVER 0.3


WEATHER CONDITIONS
 THE FOLLOWING WEATHER WAS RECORDED TODAY.
  NO SIGNIFICANT WEATHER WAS OBSERVED.


RELATIVE HUMIDITY (PERCENT)
 HIGHEST    89           200 AM
 LOWEST     36           200 PM
 AVERAGE    63

..........................................................


THE HUNTSVILLE CLIMATE NORMALS FOR TOMORROW
                         NORMAL    RECORD    YEAR
 MAXIMUM TEMPERATURE (F)   79        94      1926
                                             1910
 MINIMUM TEMPERATURE (F)   56        34      1984


SUNRISE AND SUNSET
OCTOBER  1 2016.......SUNRISE   642 AM CDT   SUNSET   630 PM CDT
OCTOBER  2 2016.......SUNRISE   643 AM CDT   SUNSET   629 PM CDT


-  INDICATES NEGATIVE NUMBERS.
R  INDICATES RECORD WAS SET OR TIED.
MM INDICATES DATA IS MISSING.
T  INDICATES TRACE AMOUNT.




$$
