000
CDUS44 KHUN 192221
CLIHSV


CLIMATE REPORT
NATIONAL WEATHER SERVICE HUNTSVILLE AL
421 PM CST SUN FEB 19 2017


...................................

...THE HUNTSVILLE CLIMATE SUMMARY FOR FEBRUARY 19 2017...
VALID TODAY AS OF 0400 PM LOCAL TIME.

CLIMATE NORMAL PERIOD 1981 TO 2010
CLIMATE RECORD PERIOD 1894 TO 2017


WEATHER ITEM   OBSERVED TIME   RECORD YEAR NORMAL DEPARTURE LAST
                VALUE   (LST)  VALUE       VALUE  FROM      YEAR
                                                  NORMAL
..................................................................
TEMPERATURE (F)
 TODAY
  MAXIMUM         73    358 PM  75    1939  57     16       70
  MINIMUM         45    708 AM   2    1958  37      8       46
  AVERAGE         59                        47     12       58

PRECIPITATION (IN)
  TODAY            0.00          3.04 1991   0.18  -0.18     0.00
  MONTH TO DATE    0.96                      3.23  -2.27     4.59
  SINCE DEC 1     13.27                     13.89  -0.62    18.84
  SINCE JAN 1      7.36                      8.12  -0.76     8.16

SNOWFALL (IN)
  TODAY            0.0
  MONTH TO DATE    0.0
  SINCE DEC 1      T
  SINCE JUL 1      T
  SNOW DEPTH       0

DEGREE DAYS
 HEATING
  TODAY            6                        18    -12        7
  MONTH TO DATE  263                       389   -126      401
  SINCE DEC 1   1244                      1772   -528     1484
  SINCE JUL 1   1508                      2299   -791     1778

 COOLING
  TODAY            0                         0      0        0
  MONTH TO DATE    0                         0      0        1
  SINCE DEC 1      5                         2      3       24
  SINCE JAN 1      1                         0      1        1
..................................................................


WIND (MPH)
  HIGHEST WIND SPEED     9   HIGHEST WIND DIRECTION    NW (330)
  HIGHEST GUST SPEED    13   HIGHEST GUST DIRECTION     W (280)
  AVERAGE WIND SPEED     1.4


SKY COVER
  POSSIBLE SUNSHINE  MM
  AVERAGE SKY COVER 0.5


WEATHER CONDITIONS
 THE FOLLOWING WEATHER WAS RECORDED TODAY.
  FOG
  FOG W/VISIBILITY <= 1/4 MILE


RELATIVE HUMIDITY (PERCENT)
 HIGHEST   100           400 AM
 LOWEST     46           400 PM
 AVERAGE    73

..........................................................


THE HUNTSVILLE CLIMATE NORMALS FOR TOMORROW
                         NORMAL    RECORD    YEAR
 MAXIMUM TEMPERATURE (F)   57        79      1986
 MINIMUM TEMPERATURE (F)   37         9      1958


SUNRISE AND SUNSET
FEBRUARY 19 2017......SUNRISE   628 AM CST   SUNSET   534 PM CST
FEBRUARY 20 2017......SUNRISE   627 AM CST   SUNSET   535 PM CST


-  INDICATES NEGATIVE NUMBERS.
R  INDICATES RECORD WAS SET OR TIED.
MM INDICATES DATA IS MISSING.
T  INDICATES TRACE AMOUNT.




$$
