000
CDUS44 KHUN 200710
CLIHSV


CLIMATE REPORT
NATIONAL WEATHER SERVICE HUNTSVILLE AL
210 AM CDT SUN APR 20 2014


...................................

...THE HUNTSVILLE CLIMATE SUMMARY FOR APRIL 19 2014...

CLIMATE NORMAL PERIOD 1981 TO 2010
CLIMATE RECORD PERIOD 1894 TO 2014


WEATHER ITEM   OBSERVED TIME   RECORD YEAR NORMAL DEPARTURE LAST
                VALUE   (LST)  VALUE       VALUE  FROM      YEAR
                                                  NORMAL
..................................................................
TEMPERATURE (F)
 YESTERDAY
  MAXIMUM         78    316 PM  92    1925  75      3       70
  MINIMUM         51    422 AM  28    1983  51      0       40
  AVERAGE         65                        63      2       55

PRECIPITATION (IN)
  YESTERDAY        0.00          3.50 1911   0.14  -0.14     1.23
  MONTH TO DATE    3.95                      2.71   1.24     3.04
  SINCE MAR 1      6.63                      7.92  -1.29     8.59
  SINCE JAN 1     16.50                     17.65  -1.15    20.47

SNOWFALL (IN)
  YESTERDAY        0.0
  MONTH TO DATE    T
  SINCE MAR 1      T
  SINCE JUL 1      5.2
  SNOW DEPTH       0

DEGREE DAYS
 HEATING
  YESTERDAY        0                         4     -4       10
  MONTH TO DATE  120                       119      1      112
  SINCE MAR 1    582                       487     95      648
  SINCE JUL 1   3417                      2939    478     2920

 COOLING
  YESTERDAY        0                         2     -2        0
  MONTH TO DATE   18                        29    -11       50
  SINCE MAR 1     18                        42    -24       50
  SINCE JAN 1     19                        43    -24       56
..................................................................


WIND (MPH)
  HIGHEST WIND SPEED    20   HIGHEST WIND DIRECTION     N (10)
  HIGHEST GUST SPEED    26   HIGHEST GUST DIRECTION    NE (60)
  AVERAGE WIND SPEED     7.2


SKY COVER
  POSSIBLE SUNSHINE  MM
  AVERAGE SKY COVER 0.3


WEATHER CONDITIONS
 THE FOLLOWING WEATHER WAS RECORDED YESTERDAY.
  NO SIGNIFICANT WEATHER WAS OBSERVED.


RELATIVE HUMIDITY (PERCENT)
 HIGHEST    86          1200 AM
 LOWEST     25           300 PM
 AVERAGE    56

..........................................................


THE HUNTSVILLE CLIMATE NORMALS FOR TODAY
                         NORMAL    RECORD    YEAR
 MAXIMUM TEMPERATURE (F)   75        90      1971
 MINIMUM TEMPERATURE (F)   51        30      1983


SUNRISE AND SUNSET
APRIL 20 2014.........SUNRISE   609 AM CDT   SUNSET   723 PM CDT
APRIL 21 2014.........SUNRISE   608 AM CDT   SUNSET   724 PM CDT


-  INDICATES NEGATIVE NUMBERS.
R  INDICATES RECORD WAS SET OR TIED.
MM INDICATES DATA IS MISSING.
T  INDICATES TRACE AMOUNT.




$$
